{"id":11361,"date":"2014-03-19T23:38:53","date_gmt":"2014-03-19T22:38:53","guid":{"rendered":"http:\/\/gastronomicament.cat\/?p=11361"},"modified":"2023-10-05T10:36:31","modified_gmt":"2023-10-05T08:36:31","slug":"restaurant-fonda-xesc-gombren","status":"publish","type":"restaurant","link":"https:\/\/gastronomicament.cat\/ca\/restaurant\/restaurant-fonda-xesc-gombren","title":{"rendered":"Restaurant Fonda Xesc"},"content":{"rendered":"<p>La casa data de final del segle XVI i sempre ha estat la fonda del poble. Al restaurant Fonda Xesc hi trobareu una cuina elegant i elaborada amb ingredients de m\u00e0xima qualitat.<!--more--><\/p>\n","protected":false},"excerpt":{"rendered":"<p>La casa data de final del segle XVI i sempre ha estat la fonda del poble. Al restaurant Fonda Xesc hi trobareu una cuina elegant i elaborada amb ingredients de m\u00e0xima qualitat.<\/p>\n","protected":false},"author":81,"featured_media":0,"menu_order":0,"comment_status":"open","ping_status":"closed","template":"","format":"standard","meta":{"_acf_changed":false,"_swt_meta_header_display":false,"_swt_meta_footer_display":false,"_swt_meta_site_title_display":false,"_swt_meta_sticky_header":false,"_swt_meta_transparent_header":false,"direccio":"Pla\u00e7a Roser, 1, 17531 Gombr\u00e8n, Girona","telefon":"972 73 04 04","web":"www.fondaxesc.com","horari":"[:ca]De13 a 15.30 h, de 21 a 22.30 h. Descans setmanal: Dilluns. Vacances: 3 setmanes al gener i 10-15 dies al juliol. [:en]De13 a 15.30 h, de 21 a 22.30 h. Descans setmanal: Dilluns. Vacances: 3 setmanes al gener i 10-15 dies al juliol. [:es]De13 a 15.30 h, de 21 a 22.30 h. Descanso semanal: Lunes. Vacaciones: 3 semanas en enero y 10-15 d\u00edas en julio.","preumitja":"45 euros","observacions":"[:ca]Descans setmanal: Dilluns Vacances: 3 setmanes al gener i 10-15 dies al juliol[:en]Weekly rest: Dilluns Holidays: 3 setmanes al gener i 10-15 dies al juliol[:es]Descanso semanal: Lunes Vacaciones: 3 semanas en enero y 10-15 d\u00edas en julio","footnotes":""},"categories":[1],"destacatper":[],"especialitat":[668],"localitat":[804,893],"coauthors":[],"class_list":["post-11361","restaurant","type-restaurant","status-publish","format-standard","hentry","category-restaurants","especialitat-cuina-catalana","localitat-catalunya","localitat-gombren"],"acf":{"gallery":null,"home_date":{"home_begin_date":null,"home_end_date":null}},"yoast_head":"<!-- This site is optimized with the Yoast SEO plugin v27.4 - https:\/\/yoast.com\/product\/yoast-seo-wordpress\/ -->\n<title>Restaurant Fonda Xesc. Gombr\u00e8n<\/title>\n<meta name=\"description\" content=\"Restaurant Fonda Xesc. Gombr\u00e8n - Restaurante Fonda Xesc. Gombr\u00e8n\" \/>\n<meta name=\"robots\" content=\"index, follow, max-snippet:-1, max-image-preview:large, max-video-preview:-1\" \/>\n<link rel=\"canonical\" href=\"https:\/\/gastronomicament.cat\/ca\/restaurant\/restaurant-fonda-xesc-gombren\" \/>\n<meta property=\"og:locale\" content=\"ca_ES\" \/>\n<meta property=\"og:type\" content=\"article\" \/>\n<meta property=\"og:title\" content=\"Restaurant Fonda Xesc. Gombr\u00e8n\" \/>\n<meta property=\"og:description\" content=\"Restaurant Fonda Xesc. Gombr\u00e8n - Restaurante Fonda Xesc. Gombr\u00e8n\" \/>\n<meta property=\"og:url\" content=\"https:\/\/gastronomicament.cat\/ca\/restaurant\/restaurant-fonda-xesc-gombren\" \/>\n<meta property=\"og:site_name\" content=\"Gastron\u00f2micament\" \/>\n<meta property=\"article:modified_time\" content=\"2023-10-05T08:36:31+00:00\" \/>\n<meta name=\"twitter:card\" content=\"summary_large_image\" \/>\n<meta name=\"twitter:site\" content=\"@gastronomicamen\" \/>\n<meta name=\"twitter:label1\" content=\"Written by\" \/>\n\t<meta name=\"twitter:data1\" content=\"Fundaci\u00f3 Institut Catal\u00e0 de la Cuina i de la Cultura Gastron\u00f2mica\" \/>\n<script type=\"application\/ld+json\" class=\"yoast-schema-graph\">{\"@context\":\"https:\\\/\\\/schema.org\",\"@graph\":[{\"@type\":\"WebPage\",\"@id\":\"https:\\\/\\\/gastronomicament.cat\\\/ca\\\/restaurant\\\/restaurant-fonda-xesc-gombren\",\"url\":\"https:\\\/\\\/gastronomicament.cat\\\/ca\\\/restaurant\\\/restaurant-fonda-xesc-gombren\",\"name\":\"Restaurant Fonda Xesc. Gombr\u00e8n\",\"isPartOf\":{\"@id\":\"https:\\\/\\\/gastronomicament.cat\\\/ca\\\/#website\"},\"datePublished\":\"2014-03-19T22:38:53+00:00\",\"dateModified\":\"2023-10-05T08:36:31+00:00\",\"description\":\"Restaurant Fonda Xesc. Gombr\u00e8n - Restaurante Fonda Xesc. Gombr\u00e8n\",\"breadcrumb\":{\"@id\":\"https:\\\/\\\/gastronomicament.cat\\\/ca\\\/restaurant\\\/restaurant-fonda-xesc-gombren#breadcrumb\"},\"inLanguage\":\"ca-ES\",\"potentialAction\":[{\"@type\":\"ReadAction\",\"target\":[\"https:\\\/\\\/gastronomicament.cat\\\/ca\\\/restaurant\\\/restaurant-fonda-xesc-gombren\"]}]},{\"@type\":\"BreadcrumbList\",\"@id\":\"https:\\\/\\\/gastronomicament.cat\\\/ca\\\/restaurant\\\/restaurant-fonda-xesc-gombren#breadcrumb\",\"itemListElement\":[{\"@type\":\"ListItem\",\"position\":1,\"name\":\"Restaurants\",\"item\":\"https:\\\/\\\/gastronomicament.cat\\\/ca\\\/restaurants\"},{\"@type\":\"ListItem\",\"position\":2,\"name\":\"Restaurant Fonda Xesc\"}]},{\"@type\":\"WebSite\",\"@id\":\"https:\\\/\\\/gastronomicament.cat\\\/ca\\\/#website\",\"url\":\"https:\\\/\\\/gastronomicament.cat\\\/ca\\\/\",\"name\":\"Gastron\u00f2micament\",\"description\":\"Portal de restaurants, receptes i actualitat gastron\u00f2mica\",\"publisher\":{\"@id\":\"https:\\\/\\\/gastronomicament.cat\\\/ca\\\/#organization\"},\"potentialAction\":[{\"@type\":\"SearchAction\",\"target\":{\"@type\":\"EntryPoint\",\"urlTemplate\":\"https:\\\/\\\/gastronomicament.cat\\\/ca\\\/?s={search_term_string}\"},\"query-input\":{\"@type\":\"PropertyValueSpecification\",\"valueRequired\":true,\"valueName\":\"search_term_string\"}}],\"inLanguage\":\"ca-ES\"},{\"@type\":\"Organization\",\"@id\":\"https:\\\/\\\/gastronomicament.cat\\\/ca\\\/#organization\",\"name\":\"Gastron\u00f2micament\",\"url\":\"https:\\\/\\\/gastronomicament.cat\\\/ca\\\/\",\"logo\":{\"@type\":\"ImageObject\",\"inLanguage\":\"ca-ES\",\"@id\":\"https:\\\/\\\/gastronomicament.cat\\\/ca\\\/#\\\/schema\\\/logo\\\/image\\\/\",\"url\":\"https:\\\/\\\/gastronomicament.cat\\\/wp-content\\\/uploads\\\/2016\\\/09\\\/header-logo.jpg\",\"contentUrl\":\"https:\\\/\\\/gastronomicament.cat\\\/wp-content\\\/uploads\\\/2016\\\/09\\\/header-logo.jpg\",\"width\":277,\"height\":39,\"caption\":\"Gastron\u00f2micament\"},\"image\":{\"@id\":\"https:\\\/\\\/gastronomicament.cat\\\/ca\\\/#\\\/schema\\\/logo\\\/image\\\/\"},\"sameAs\":[\"https:\\\/\\\/x.com\\\/gastronomicamen\"]}]}<\/script>\n<!-- \/ Yoast SEO plugin. -->","yoast_head_json":{"title":"Restaurant Fonda Xesc. Gombr\u00e8n","description":"Restaurant Fonda Xesc. Gombr\u00e8n - Restaurante Fonda Xesc. Gombr\u00e8n","robots":{"index":"index","follow":"follow","max-snippet":"max-snippet:-1","max-image-preview":"max-image-preview:large","max-video-preview":"max-video-preview:-1"},"canonical":"https:\/\/gastronomicament.cat\/ca\/restaurant\/restaurant-fonda-xesc-gombren","og_locale":"ca_ES","og_type":"article","og_title":"Restaurant Fonda Xesc. Gombr\u00e8n","og_description":"Restaurant Fonda Xesc. Gombr\u00e8n - Restaurante Fonda Xesc. Gombr\u00e8n","og_url":"https:\/\/gastronomicament.cat\/ca\/restaurant\/restaurant-fonda-xesc-gombren","og_site_name":"Gastron\u00f2micament","article_modified_time":"2023-10-05T08:36:31+00:00","twitter_card":"summary_large_image","twitter_site":"@gastronomicamen","twitter_misc":{"Written by":"Fundaci\u00f3 Institut Catal\u00e0 de la Cuina i de la Cultura Gastron\u00f2mica"},"schema":{"@context":"https:\/\/schema.org","@graph":[{"@type":"WebPage","@id":"https:\/\/gastronomicament.cat\/ca\/restaurant\/restaurant-fonda-xesc-gombren","url":"https:\/\/gastronomicament.cat\/ca\/restaurant\/restaurant-fonda-xesc-gombren","name":"Restaurant Fonda Xesc. Gombr\u00e8n","isPartOf":{"@id":"https:\/\/gastronomicament.cat\/ca\/#website"},"datePublished":"2014-03-19T22:38:53+00:00","dateModified":"2023-10-05T08:36:31+00:00","description":"Restaurant Fonda Xesc. Gombr\u00e8n - Restaurante Fonda Xesc. Gombr\u00e8n","breadcrumb":{"@id":"https:\/\/gastronomicament.cat\/ca\/restaurant\/restaurant-fonda-xesc-gombren#breadcrumb"},"inLanguage":"ca-ES","potentialAction":[{"@type":"ReadAction","target":["https:\/\/gastronomicament.cat\/ca\/restaurant\/restaurant-fonda-xesc-gombren"]}]},{"@type":"BreadcrumbList","@id":"https:\/\/gastronomicament.cat\/ca\/restaurant\/restaurant-fonda-xesc-gombren#breadcrumb","itemListElement":[{"@type":"ListItem","position":1,"name":"Restaurants","item":"https:\/\/gastronomicament.cat\/ca\/restaurants"},{"@type":"ListItem","position":2,"name":"Restaurant Fonda Xesc"}]},{"@type":"WebSite","@id":"https:\/\/gastronomicament.cat\/ca\/#website","url":"https:\/\/gastronomicament.cat\/ca\/","name":"Gastron\u00f2micament","description":"Portal de restaurants, receptes i actualitat gastron\u00f2mica","publisher":{"@id":"https:\/\/gastronomicament.cat\/ca\/#organization"},"potentialAction":[{"@type":"SearchAction","target":{"@type":"EntryPoint","urlTemplate":"https:\/\/gastronomicament.cat\/ca\/?s={search_term_string}"},"query-input":{"@type":"PropertyValueSpecification","valueRequired":true,"valueName":"search_term_string"}}],"inLanguage":"ca-ES"},{"@type":"Organization","@id":"https:\/\/gastronomicament.cat\/ca\/#organization","name":"Gastron\u00f2micament","url":"https:\/\/gastronomicament.cat\/ca\/","logo":{"@type":"ImageObject","inLanguage":"ca-ES","@id":"https:\/\/gastronomicament.cat\/ca\/#\/schema\/logo\/image\/","url":"https:\/\/gastronomicament.cat\/wp-content\/uploads\/2016\/09\/header-logo.jpg","contentUrl":"https:\/\/gastronomicament.cat\/wp-content\/uploads\/2016\/09\/header-logo.jpg","width":277,"height":39,"caption":"Gastron\u00f2micament"},"image":{"@id":"https:\/\/gastronomicament.cat\/ca\/#\/schema\/logo\/image\/"},"sameAs":["https:\/\/x.com\/gastronomicamen"]}]}},"_links":{"self":[{"href":"https:\/\/gastronomicament.cat\/ca\/wp-json\/wp\/v2\/restaurant\/11361","targetHints":{"allow":["GET"]}}],"collection":[{"href":"https:\/\/gastronomicament.cat\/ca\/wp-json\/wp\/v2\/restaurant"}],"about":[{"href":"https:\/\/gastronomicament.cat\/ca\/wp-json\/wp\/v2\/types\/restaurant"}],"author":[{"embeddable":true,"href":"https:\/\/gastronomicament.cat\/ca\/wp-json\/wp\/v2\/users\/81"}],"replies":[{"embeddable":true,"href":"https:\/\/gastronomicament.cat\/ca\/wp-json\/wp\/v2\/comments?post=11361"}],"version-history":[{"count":0,"href":"https:\/\/gastronomicament.cat\/ca\/wp-json\/wp\/v2\/restaurant\/11361\/revisions"}],"wp:attachment":[{"href":"https:\/\/gastronomicament.cat\/ca\/wp-json\/wp\/v2\/media?parent=11361"}],"wp:term":[{"taxonomy":"category","embeddable":true,"href":"https:\/\/gastronomicament.cat\/ca\/wp-json\/wp\/v2\/categories?post=11361"},{"taxonomy":"destacatper","embeddable":true,"href":"https:\/\/gastronomicament.cat\/ca\/wp-json\/wp\/v2\/destacatper?post=11361"},{"taxonomy":"especialitat","embeddable":true,"href":"https:\/\/gastronomicament.cat\/ca\/wp-json\/wp\/v2\/especialitat?post=11361"},{"taxonomy":"localitat","embeddable":true,"href":"https:\/\/gastronomicament.cat\/ca\/wp-json\/wp\/v2\/localitat?post=11361"},{"taxonomy":"author","embeddable":true,"href":"https:\/\/gastronomicament.cat\/ca\/wp-json\/wp\/v2\/coauthors?post=11361"}],"curies":[{"name":"wp","href":"https:\/\/api.w.org\/{rel}","templated":true}]}}

<p>La casa data de final del segle XVI i sempre ha estat la fonda del poble. Al restaurant Fonda Xesc hi trobareu una cuina elegant i elaborada amb ingredients de màxima qualitat.<!--more--></p>

<p>La casa data de final del segle XVI i sempre ha estat la fonda del poble. Al restaurant Fonda Xesc hi trobareu una cuina elegant i elaborada amb ingredients de màxima qualitat.</p>

Plaça Roser, 1, 17531 Gombrèn, Girona

[:ca]De13 a 15.30 h, de 21 a 22.30 h. Descans setmanal: Dilluns. Vacances: 3 setmanes al gener i 10-15 dies al juliol. [:en]De13 a 15.30 h, de 21 a 22.30 h. Descans setmanal: Dilluns. Vacances: 3 setmanes al gener i 10-15 dies al juliol. [:es]De13 a 15.30 h, de 21 a 22.30 h. Descanso semanal: Lunes. Vacaciones: 3 semanas en enero y 10-15 días en julio.

[:ca]Descans setmanal: Dilluns Vacances: 3 setmanes al gener i 10-15 dies al juliol[:en]Weekly rest: Dilluns Holidays: 3 setmanes al gener i 10-15 dies al juliol[:es]Descanso semanal: Lunes Vacaciones: 3 semanas en enero y 10-15 días en julio

<!-- This site is optimized with the Yoast SEO plugin v27.4 - https://yoast.com/product/yoast-seo-wordpress/ -->
<title>Restaurant Fonda Xesc. Gombrèn</title>
<meta name="description" content="Restaurant Fonda Xesc. Gombrèn - Restaurante Fonda Xesc. Gombrèn" />
<meta name="robots" content="index, follow, max-snippet:-1, max-image-preview:large, max-video-preview:-1" />
<link rel="canonical" href="https://gastronomicament.cat/ca/restaurant/restaurant-fonda-xesc-gombren" />
<meta property="og:locale" content="ca_ES" />
<meta property="og:type" content="article" />
<meta property="og:title" content="Restaurant Fonda Xesc. Gombrèn" />
<meta property="og:description" content="Restaurant Fonda Xesc. Gombrèn - Restaurante Fonda Xesc. Gombrèn" />
<meta property="og:url" content="https://gastronomicament.cat/ca/restaurant/restaurant-fonda-xesc-gombren" />
<meta property="og:site_name" content="Gastronòmicament" />
<meta property="article:modified_time" content="2023-10-05T08:36:31+00:00" />
<meta name="twitter:card" content="summary_large_image" />
<meta name="twitter:site" content="@gastronomicamen" />
<meta name="twitter:label1" content="Written by" />
	<meta name="twitter:data1" content="Fundació Institut Català de la Cuina i de la Cultura Gastronòmica" />
<script type="application/ld+json" class="yoast-schema-graph">{"@context":"https:\/\/schema.org","@graph":[{"@type":"WebPage","@id":"https:\/\/gastronomicament.cat\/ca\/restaurant\/restaurant-fonda-xesc-gombren","url":"https:\/\/gastronomicament.cat\/ca\/restaurant\/restaurant-fonda-xesc-gombren","name":"Restaurant Fonda Xesc. Gombrèn","isPartOf":{"@id":"https:\/\/gastronomicament.cat\/ca\/#website"},"datePublished":"2014-03-19T22:38:53+00:00","dateModified":"2023-10-05T08:36:31+00:00","description":"Restaurant Fonda Xesc. Gombrèn - Restaurante Fonda Xesc. Gombrèn","breadcrumb":{"@id":"https:\/\/gastronomicament.cat\/ca\/restaurant\/restaurant-fonda-xesc-gombren#breadcrumb"},"inLanguage":"ca-ES","potentialAction":[{"@type":"ReadAction","target":["https:\/\/gastronomicament.cat\/ca\/restaurant\/restaurant-fonda-xesc-gombren"]}]},{"@type":"BreadcrumbList","@id":"https:\/\/gastronomicament.cat\/ca\/restaurant\/restaurant-fonda-xesc-gombren#breadcrumb","itemListElement":[{"@type":"ListItem","position":1,"name":"Restaurants","item":"https:\/\/gastronomicament.cat\/ca\/restaurants"},{"@type":"ListItem","position":2,"name":"Restaurant Fonda Xesc"}]},{"@type":"WebSite","@id":"https:\/\/gastronomicament.cat\/ca\/#website","url":"https:\/\/gastronomicament.cat\/ca\/","name":"Gastronòmicament","description":"Portal de restaurants, receptes i actualitat gastronòmica","publisher":{"@id":"https:\/\/gastronomicament.cat\/ca\/#organization"},"potentialAction":[{"@type":"SearchAction","target":{"@type":"EntryPoint","urlTemplate":"https:\/\/gastronomicament.cat\/ca\/?s={search_term_string}"},"query-input":{"@type":"PropertyValueSpecification","valueRequired":true,"valueName":"search_term_string"}}],"inLanguage":"ca-ES"},{"@type":"Organization","@id":"https:\/\/gastronomicament.cat\/ca\/#organization","name":"Gastronòmicament","url":"https:\/\/gastronomicament.cat\/ca\/","logo":{"@type":"ImageObject","inLanguage":"ca-ES","@id":"https:\/\/gastronomicament.cat\/ca\/#\/schema\/logo\/image\/","url":"https:\/\/gastronomicament.cat\/wp-content\/uploads\/2016\/09\/header-logo.jpg","contentUrl":"https:\/\/gastronomicament.cat\/wp-content\/uploads\/2016\/09\/header-logo.jpg","width":277,"height":39,"caption":"Gastronòmicament"},"image":{"@id":"https:\/\/gastronomicament.cat\/ca\/#\/schema\/logo\/image\/"},"sameAs":["https:\/\/x.com\/gastronomicamen"]}]}</script>
<!-- / Yoast SEO plugin. -->

Restaurant Fonda Xesc. Gombrèn

Restaurant Fonda Xesc. Gombrèn - Restaurante Fonda Xesc. Gombrèn

Gastronòmicament

Fundació Institut Català de la Cuina i de la Cultura Gastronòmica

Portal de restaurants, receptes i actualitat gastronòmica
