{"id":11539,"date":"2014-03-11T01:06:40","date_gmt":"2014-03-11T00:06:40","guid":{"rendered":"http:\/\/gastronomicament.cat\/?p=11539"},"modified":"2023-10-05T10:38:47","modified_gmt":"2023-10-05T08:38:47","slug":"restaurant-hotel-terradets-cellers","status":"publish","type":"restaurant","link":"https:\/\/gastronomicament.cat\/ca\/restaurant\/restaurant-hotel-terradets-cellers","title":{"rendered":"Restaurant Hotel Terradets"},"content":{"rendered":"<p>Restaurant amb espectaculars vistes al llac de Terradets i la Serra del Montsec. Cuina de temporada amb tocs d\u2019autor. \u00c9s un establiment amb una tradici\u00f3 gastron\u00f2mica passada d\u2019 avis a pares i de pares a fills.<\/p>\n<h4>Plats caracter\u00edstics del restaurant Hotel Terradets<\/h4>\n<p>Costelles de cabrit a la mel del Montsec.<\/p>\n<p>Escudella Palleresa amb cigrons.<\/p>\n<p>Peus de porc amb botifarra negra.<!--more--><\/p>\n","protected":false},"excerpt":{"rendered":"<p>Restaurant amb espectaculars vistes al llac de Terradets i la Serra del Montsec. Cuina de temporada amb tocs d\u2019autor. \u00c9s un establiment amb una tradici\u00f3 gastron\u00f2mica passada d\u2019 avis a pares i de pares a fills. Plats caracter\u00edstics del restaurant Hotel Terradets Costelles de cabrit a la mel del Montsec. Escudella Palleresa amb cigrons. Peus [&hellip;]<\/p>\n","protected":false},"author":81,"featured_media":11540,"menu_order":0,"comment_status":"open","ping_status":"closed","template":"","format":"gallery","meta":{"_acf_changed":false,"_swt_meta_header_display":false,"_swt_meta_footer_display":false,"_swt_meta_site_title_display":false,"_swt_meta_sticky_header":false,"_swt_meta_transparent_header":false,"direccio":"Ctra. Balaguer - Tremp, C13 - Km., 75, Serra del Montsec, 25631 Cellers, Lleida","telefon":"973 65 11 20","web":"www.hotelterradets.cat","horari":"[:ca]De 13 a 16 h i de 21 a 23 h. Descans setmanal: Dilluns. Vacances: No en fan. [:en]De 13 a 16 h i de 21 a 23 h. Descans setmanal: Dilluns. Vacances: No en fan. [:es]De 13 a 16 h y de 21 a 23 h. Descanso semanal: Lunes. Vacaciones: No hacen.","preumitja":"40 euros","observacions":"[:ca]Descans setmanal: Vacances: No en fan[:en]Weekly rest: Holidays: No en fan[:es]Descanso semanal: Vacaciones: No hacen","footnotes":""},"categories":[1],"destacatper":[],"especialitat":[668],"localitat":[804,902],"coauthors":[],"class_list":["post-11539","restaurant","type-restaurant","status-publish","format-gallery","has-post-thumbnail","hentry","category-restaurants","especialitat-cuina-catalana","localitat-catalunya","localitat-cellers"],"acf":{"gallery":null,"home_date":{"home_begin_date":null,"home_end_date":null}},"yoast_head":"<!-- This site is optimized with the Yoast SEO plugin v27.4 - https:\/\/yoast.com\/product\/yoast-seo-wordpress\/ -->\n<title>Restaurant Hotel Terradets. Cellers<\/title>\n<meta name=\"description\" content=\"Restaurant Hotel Terradets. Cellers - Restaurante Hotel Terradets. Cellers\" \/>\n<meta name=\"robots\" content=\"index, follow, max-snippet:-1, max-image-preview:large, max-video-preview:-1\" \/>\n<link rel=\"canonical\" href=\"https:\/\/gastronomicament.cat\/ca\/restaurant\/restaurant-hotel-terradets-cellers\" \/>\n<meta property=\"og:locale\" content=\"ca_ES\" \/>\n<meta property=\"og:type\" content=\"article\" \/>\n<meta property=\"og:title\" content=\"Restaurant Hotel Terradets. Cellers\" \/>\n<meta property=\"og:description\" content=\"Restaurant Hotel Terradets. Cellers - Restaurante Hotel Terradets. Cellers\" \/>\n<meta property=\"og:url\" content=\"https:\/\/gastronomicament.cat\/ca\/restaurant\/restaurant-hotel-terradets-cellers\" \/>\n<meta property=\"og:site_name\" content=\"Gastron\u00f2micament\" \/>\n<meta property=\"article:modified_time\" content=\"2023-10-05T08:38:47+00:00\" \/>\n<meta property=\"og:image\" content=\"https:\/\/gastronomicament.cat\/wp-content\/uploads\/2014\/02\/cache_terradets053v_mxj_540x390.jpg\" \/>\n\t<meta property=\"og:image:width\" content=\"540\" \/>\n\t<meta property=\"og:image:height\" content=\"390\" \/>\n\t<meta property=\"og:image:type\" content=\"image\/jpeg\" \/>\n<meta name=\"twitter:card\" content=\"summary_large_image\" \/>\n<meta name=\"twitter:site\" content=\"@gastronomicamen\" \/>\n<meta name=\"twitter:label1\" content=\"Written by\" \/>\n\t<meta name=\"twitter:data1\" content=\"Fundaci\u00f3 Institut Catal\u00e0 de la Cuina i de la Cultura Gastron\u00f2mica\" \/>\n<script type=\"application\/ld+json\" class=\"yoast-schema-graph\">{\"@context\":\"https:\\\/\\\/schema.org\",\"@graph\":[{\"@type\":\"WebPage\",\"@id\":\"https:\\\/\\\/gastronomicament.cat\\\/ca\\\/restaurant\\\/restaurant-hotel-terradets-cellers\",\"url\":\"https:\\\/\\\/gastronomicament.cat\\\/ca\\\/restaurant\\\/restaurant-hotel-terradets-cellers\",\"name\":\"Restaurant Hotel Terradets. Cellers\",\"isPartOf\":{\"@id\":\"https:\\\/\\\/gastronomicament.cat\\\/ca\\\/#website\"},\"primaryImageOfPage\":{\"@id\":\"https:\\\/\\\/gastronomicament.cat\\\/ca\\\/restaurant\\\/restaurant-hotel-terradets-cellers#primaryimage\"},\"image\":{\"@id\":\"https:\\\/\\\/gastronomicament.cat\\\/ca\\\/restaurant\\\/restaurant-hotel-terradets-cellers#primaryimage\"},\"thumbnailUrl\":\"https:\\\/\\\/gastronomicament.cat\\\/wp-content\\\/uploads\\\/2014\\\/02\\\/cache_terradets053v_mxj_540x390.jpg\",\"datePublished\":\"2014-03-11T00:06:40+00:00\",\"dateModified\":\"2023-10-05T08:38:47+00:00\",\"description\":\"Restaurant Hotel Terradets. Cellers - Restaurante Hotel Terradets. Cellers\",\"breadcrumb\":{\"@id\":\"https:\\\/\\\/gastronomicament.cat\\\/ca\\\/restaurant\\\/restaurant-hotel-terradets-cellers#breadcrumb\"},\"inLanguage\":\"ca-ES\",\"potentialAction\":[{\"@type\":\"ReadAction\",\"target\":[\"https:\\\/\\\/gastronomicament.cat\\\/ca\\\/restaurant\\\/restaurant-hotel-terradets-cellers\"]}]},{\"@type\":\"ImageObject\",\"inLanguage\":\"ca-ES\",\"@id\":\"https:\\\/\\\/gastronomicament.cat\\\/ca\\\/restaurant\\\/restaurant-hotel-terradets-cellers#primaryimage\",\"url\":\"https:\\\/\\\/gastronomicament.cat\\\/wp-content\\\/uploads\\\/2014\\\/02\\\/cache_terradets053v_mxj_540x390.jpg\",\"contentUrl\":\"https:\\\/\\\/gastronomicament.cat\\\/wp-content\\\/uploads\\\/2014\\\/02\\\/cache_terradets053v_mxj_540x390.jpg\",\"width\":540,\"height\":390},{\"@type\":\"BreadcrumbList\",\"@id\":\"https:\\\/\\\/gastronomicament.cat\\\/ca\\\/restaurant\\\/restaurant-hotel-terradets-cellers#breadcrumb\",\"itemListElement\":[{\"@type\":\"ListItem\",\"position\":1,\"name\":\"Restaurants\",\"item\":\"https:\\\/\\\/gastronomicament.cat\\\/ca\\\/restaurants\"},{\"@type\":\"ListItem\",\"position\":2,\"name\":\"Restaurant Hotel Terradets\"}]},{\"@type\":\"WebSite\",\"@id\":\"https:\\\/\\\/gastronomicament.cat\\\/ca\\\/#website\",\"url\":\"https:\\\/\\\/gastronomicament.cat\\\/ca\\\/\",\"name\":\"Gastron\u00f2micament\",\"description\":\"Portal de restaurants, receptes i actualitat gastron\u00f2mica\",\"publisher\":{\"@id\":\"https:\\\/\\\/gastronomicament.cat\\\/ca\\\/#organization\"},\"potentialAction\":[{\"@type\":\"SearchAction\",\"target\":{\"@type\":\"EntryPoint\",\"urlTemplate\":\"https:\\\/\\\/gastronomicament.cat\\\/ca\\\/?s={search_term_string}\"},\"query-input\":{\"@type\":\"PropertyValueSpecification\",\"valueRequired\":true,\"valueName\":\"search_term_string\"}}],\"inLanguage\":\"ca-ES\"},{\"@type\":\"Organization\",\"@id\":\"https:\\\/\\\/gastronomicament.cat\\\/ca\\\/#organization\",\"name\":\"Gastron\u00f2micament\",\"url\":\"https:\\\/\\\/gastronomicament.cat\\\/ca\\\/\",\"logo\":{\"@type\":\"ImageObject\",\"inLanguage\":\"ca-ES\",\"@id\":\"https:\\\/\\\/gastronomicament.cat\\\/ca\\\/#\\\/schema\\\/logo\\\/image\\\/\",\"url\":\"https:\\\/\\\/gastronomicament.cat\\\/wp-content\\\/uploads\\\/2016\\\/09\\\/header-logo.jpg\",\"contentUrl\":\"https:\\\/\\\/gastronomicament.cat\\\/wp-content\\\/uploads\\\/2016\\\/09\\\/header-logo.jpg\",\"width\":277,\"height\":39,\"caption\":\"Gastron\u00f2micament\"},\"image\":{\"@id\":\"https:\\\/\\\/gastronomicament.cat\\\/ca\\\/#\\\/schema\\\/logo\\\/image\\\/\"},\"sameAs\":[\"https:\\\/\\\/x.com\\\/gastronomicamen\"]}]}<\/script>\n<!-- \/ Yoast SEO plugin. -->","yoast_head_json":{"title":"Restaurant Hotel Terradets. Cellers","description":"Restaurant Hotel Terradets. Cellers - Restaurante Hotel Terradets. Cellers","robots":{"index":"index","follow":"follow","max-snippet":"max-snippet:-1","max-image-preview":"max-image-preview:large","max-video-preview":"max-video-preview:-1"},"canonical":"https:\/\/gastronomicament.cat\/ca\/restaurant\/restaurant-hotel-terradets-cellers","og_locale":"ca_ES","og_type":"article","og_title":"Restaurant Hotel Terradets. Cellers","og_description":"Restaurant Hotel Terradets. Cellers - Restaurante Hotel Terradets. Cellers","og_url":"https:\/\/gastronomicament.cat\/ca\/restaurant\/restaurant-hotel-terradets-cellers","og_site_name":"Gastron\u00f2micament","article_modified_time":"2023-10-05T08:38:47+00:00","og_image":[{"width":540,"height":390,"url":"https:\/\/gastronomicament.cat\/wp-content\/uploads\/2014\/02\/cache_terradets053v_mxj_540x390.jpg","type":"image\/jpeg"}],"twitter_card":"summary_large_image","twitter_site":"@gastronomicamen","twitter_misc":{"Written by":"Fundaci\u00f3 Institut Catal\u00e0 de la Cuina i de la Cultura Gastron\u00f2mica"},"schema":{"@context":"https:\/\/schema.org","@graph":[{"@type":"WebPage","@id":"https:\/\/gastronomicament.cat\/ca\/restaurant\/restaurant-hotel-terradets-cellers","url":"https:\/\/gastronomicament.cat\/ca\/restaurant\/restaurant-hotel-terradets-cellers","name":"Restaurant Hotel Terradets. Cellers","isPartOf":{"@id":"https:\/\/gastronomicament.cat\/ca\/#website"},"primaryImageOfPage":{"@id":"https:\/\/gastronomicament.cat\/ca\/restaurant\/restaurant-hotel-terradets-cellers#primaryimage"},"image":{"@id":"https:\/\/gastronomicament.cat\/ca\/restaurant\/restaurant-hotel-terradets-cellers#primaryimage"},"thumbnailUrl":"https:\/\/gastronomicament.cat\/wp-content\/uploads\/2014\/02\/cache_terradets053v_mxj_540x390.jpg","datePublished":"2014-03-11T00:06:40+00:00","dateModified":"2023-10-05T08:38:47+00:00","description":"Restaurant Hotel Terradets. Cellers - Restaurante Hotel Terradets. Cellers","breadcrumb":{"@id":"https:\/\/gastronomicament.cat\/ca\/restaurant\/restaurant-hotel-terradets-cellers#breadcrumb"},"inLanguage":"ca-ES","potentialAction":[{"@type":"ReadAction","target":["https:\/\/gastronomicament.cat\/ca\/restaurant\/restaurant-hotel-terradets-cellers"]}]},{"@type":"ImageObject","inLanguage":"ca-ES","@id":"https:\/\/gastronomicament.cat\/ca\/restaurant\/restaurant-hotel-terradets-cellers#primaryimage","url":"https:\/\/gastronomicament.cat\/wp-content\/uploads\/2014\/02\/cache_terradets053v_mxj_540x390.jpg","contentUrl":"https:\/\/gastronomicament.cat\/wp-content\/uploads\/2014\/02\/cache_terradets053v_mxj_540x390.jpg","width":540,"height":390},{"@type":"BreadcrumbList","@id":"https:\/\/gastronomicament.cat\/ca\/restaurant\/restaurant-hotel-terradets-cellers#breadcrumb","itemListElement":[{"@type":"ListItem","position":1,"name":"Restaurants","item":"https:\/\/gastronomicament.cat\/ca\/restaurants"},{"@type":"ListItem","position":2,"name":"Restaurant Hotel Terradets"}]},{"@type":"WebSite","@id":"https:\/\/gastronomicament.cat\/ca\/#website","url":"https:\/\/gastronomicament.cat\/ca\/","name":"Gastron\u00f2micament","description":"Portal de restaurants, receptes i actualitat gastron\u00f2mica","publisher":{"@id":"https:\/\/gastronomicament.cat\/ca\/#organization"},"potentialAction":[{"@type":"SearchAction","target":{"@type":"EntryPoint","urlTemplate":"https:\/\/gastronomicament.cat\/ca\/?s={search_term_string}"},"query-input":{"@type":"PropertyValueSpecification","valueRequired":true,"valueName":"search_term_string"}}],"inLanguage":"ca-ES"},{"@type":"Organization","@id":"https:\/\/gastronomicament.cat\/ca\/#organization","name":"Gastron\u00f2micament","url":"https:\/\/gastronomicament.cat\/ca\/","logo":{"@type":"ImageObject","inLanguage":"ca-ES","@id":"https:\/\/gastronomicament.cat\/ca\/#\/schema\/logo\/image\/","url":"https:\/\/gastronomicament.cat\/wp-content\/uploads\/2016\/09\/header-logo.jpg","contentUrl":"https:\/\/gastronomicament.cat\/wp-content\/uploads\/2016\/09\/header-logo.jpg","width":277,"height":39,"caption":"Gastron\u00f2micament"},"image":{"@id":"https:\/\/gastronomicament.cat\/ca\/#\/schema\/logo\/image\/"},"sameAs":["https:\/\/x.com\/gastronomicamen"]}]}},"_links":{"self":[{"href":"https:\/\/gastronomicament.cat\/ca\/wp-json\/wp\/v2\/restaurant\/11539","targetHints":{"allow":["GET"]}}],"collection":[{"href":"https:\/\/gastronomicament.cat\/ca\/wp-json\/wp\/v2\/restaurant"}],"about":[{"href":"https:\/\/gastronomicament.cat\/ca\/wp-json\/wp\/v2\/types\/restaurant"}],"author":[{"embeddable":true,"href":"https:\/\/gastronomicament.cat\/ca\/wp-json\/wp\/v2\/users\/81"}],"replies":[{"embeddable":true,"href":"https:\/\/gastronomicament.cat\/ca\/wp-json\/wp\/v2\/comments?post=11539"}],"version-history":[{"count":0,"href":"https:\/\/gastronomicament.cat\/ca\/wp-json\/wp\/v2\/restaurant\/11539\/revisions"}],"wp:featuredmedia":[{"embeddable":true,"href":"https:\/\/gastronomicament.cat\/ca\/wp-json\/wp\/v2\/media\/11540"}],"wp:attachment":[{"href":"https:\/\/gastronomicament.cat\/ca\/wp-json\/wp\/v2\/media?parent=11539"}],"wp:term":[{"taxonomy":"category","embeddable":true,"href":"https:\/\/gastronomicament.cat\/ca\/wp-json\/wp\/v2\/categories?post=11539"},{"taxonomy":"destacatper","embeddable":true,"href":"https:\/\/gastronomicament.cat\/ca\/wp-json\/wp\/v2\/destacatper?post=11539"},{"taxonomy":"especialitat","embeddable":true,"href":"https:\/\/gastronomicament.cat\/ca\/wp-json\/wp\/v2\/especialitat?post=11539"},{"taxonomy":"localitat","embeddable":true,"href":"https:\/\/gastronomicament.cat\/ca\/wp-json\/wp\/v2\/localitat?post=11539"},{"taxonomy":"author","embeddable":true,"href":"https:\/\/gastronomicament.cat\/ca\/wp-json\/wp\/v2\/coauthors?post=11539"}],"curies":[{"name":"wp","href":"https:\/\/api.w.org\/{rel}","templated":true}]}}

<p>Restaurant amb espectaculars vistes al llac de Terradets i la Serra del Montsec. Cuina de temporada amb tocs d’autor. És un establiment amb una tradició gastronòmica passada d’ avis a pares i de pares a fills.</p>
<h4>Plats característics del restaurant Hotel Terradets</h4>
<p>Costelles de cabrit a la mel del Montsec.</p>
<p>Escudella Palleresa amb cigrons.</p>
<p>Peus de porc amb botifarra negra.<!--more--></p>

<p>Restaurant amb espectaculars vistes al llac de Terradets i la Serra del Montsec. Cuina de temporada amb tocs d’autor. És un establiment amb una tradició gastronòmica passada d’ avis a pares i de pares a fills. Plats característics del restaurant Hotel Terradets Costelles de cabrit a la mel del Montsec. Escudella Palleresa amb cigrons. Peus [&hellip;]</p>

<!-- This site is optimized with the Yoast SEO plugin v27.4 - https://yoast.com/product/yoast-seo-wordpress/ -->
<title>Restaurant Hotel Terradets. Cellers</title>
<meta name="description" content="Restaurant Hotel Terradets. Cellers - Restaurante Hotel Terradets. Cellers" />
<meta name="robots" content="index, follow, max-snippet:-1, max-image-preview:large, max-video-preview:-1" />
<link rel="canonical" href="https://gastronomicament.cat/ca/restaurant/restaurant-hotel-terradets-cellers" />
<meta property="og:locale" content="ca_ES" />
<meta property="og:type" content="article" />
<meta property="og:title" content="Restaurant Hotel Terradets. Cellers" />
<meta property="og:description" content="Restaurant Hotel Terradets. Cellers - Restaurante Hotel Terradets. Cellers" />
<meta property="og:url" content="https://gastronomicament.cat/ca/restaurant/restaurant-hotel-terradets-cellers" />
<meta property="og:site_name" content="Gastronòmicament" />
<meta property="article:modified_time" content="2023-10-05T08:38:47+00:00" />
<meta property="og:image" content="https://gastronomicament.cat/wp-content/uploads/2014/02/cache_terradets053v_mxj_540x390.jpg" />
	<meta property="og:image:width" content="540" />
	<meta property="og:image:height" content="390" />
	<meta property="og:image:type" content="image/jpeg" />
<meta name="twitter:card" content="summary_large_image" />
<meta name="twitter:site" content="@gastronomicamen" />
<meta name="twitter:label1" content="Written by" />
	<meta name="twitter:data1" content="Fundació Institut Català de la Cuina i de la Cultura Gastronòmica" />
<script type="application/ld+json" class="yoast-schema-graph">{"@context":"https:\/\/schema.org","@graph":[{"@type":"WebPage","@id":"https:\/\/gastronomicament.cat\/ca\/restaurant\/restaurant-hotel-terradets-cellers","url":"https:\/\/gastronomicament.cat\/ca\/restaurant\/restaurant-hotel-terradets-cellers","name":"Restaurant Hotel Terradets. Cellers","isPartOf":{"@id":"https:\/\/gastronomicament.cat\/ca\/#website"},"primaryImageOfPage":{"@id":"https:\/\/gastronomicament.cat\/ca\/restaurant\/restaurant-hotel-terradets-cellers#primaryimage"},"image":{"@id":"https:\/\/gastronomicament.cat\/ca\/restaurant\/restaurant-hotel-terradets-cellers#primaryimage"},"thumbnailUrl":"https:\/\/gastronomicament.cat\/wp-content\/uploads\/2014\/02\/cache_terradets053v_mxj_540x390.jpg","datePublished":"2014-03-11T00:06:40+00:00","dateModified":"2023-10-05T08:38:47+00:00","description":"Restaurant Hotel Terradets. Cellers - Restaurante Hotel Terradets. Cellers","breadcrumb":{"@id":"https:\/\/gastronomicament.cat\/ca\/restaurant\/restaurant-hotel-terradets-cellers#breadcrumb"},"inLanguage":"ca-ES","potentialAction":[{"@type":"ReadAction","target":["https:\/\/gastronomicament.cat\/ca\/restaurant\/restaurant-hotel-terradets-cellers"]}]},{"@type":"ImageObject","inLanguage":"ca-ES","@id":"https:\/\/gastronomicament.cat\/ca\/restaurant\/restaurant-hotel-terradets-cellers#primaryimage","url":"https:\/\/gastronomicament.cat\/wp-content\/uploads\/2014\/02\/cache_terradets053v_mxj_540x390.jpg","contentUrl":"https:\/\/gastronomicament.cat\/wp-content\/uploads\/2014\/02\/cache_terradets053v_mxj_540x390.jpg","width":540,"height":390},{"@type":"BreadcrumbList","@id":"https:\/\/gastronomicament.cat\/ca\/restaurant\/restaurant-hotel-terradets-cellers#breadcrumb","itemListElement":[{"@type":"ListItem","position":1,"name":"Restaurants","item":"https:\/\/gastronomicament.cat\/ca\/restaurants"},{"@type":"ListItem","position":2,"name":"Restaurant Hotel Terradets"}]},{"@type":"WebSite","@id":"https:\/\/gastronomicament.cat\/ca\/#website","url":"https:\/\/gastronomicament.cat\/ca\/","name":"Gastronòmicament","description":"Portal de restaurants, receptes i actualitat gastronòmica","publisher":{"@id":"https:\/\/gastronomicament.cat\/ca\/#organization"},"potentialAction":[{"@type":"SearchAction","target":{"@type":"EntryPoint","urlTemplate":"https:\/\/gastronomicament.cat\/ca\/?s={search_term_string}"},"query-input":{"@type":"PropertyValueSpecification","valueRequired":true,"valueName":"search_term_string"}}],"inLanguage":"ca-ES"},{"@type":"Organization","@id":"https:\/\/gastronomicament.cat\/ca\/#organization","name":"Gastronòmicament","url":"https:\/\/gastronomicament.cat\/ca\/","logo":{"@type":"ImageObject","inLanguage":"ca-ES","@id":"https:\/\/gastronomicament.cat\/ca\/#\/schema\/logo\/image\/","url":"https:\/\/gastronomicament.cat\/wp-content\/uploads\/2016\/09\/header-logo.jpg","contentUrl":"https:\/\/gastronomicament.cat\/wp-content\/uploads\/2016\/09\/header-logo.jpg","width":277,"height":39,"caption":"Gastronòmicament"},"image":{"@id":"https:\/\/gastronomicament.cat\/ca\/#\/schema\/logo\/image\/"},"sameAs":["https:\/\/x.com\/gastronomicamen"]}]}</script>
<!-- / Yoast SEO plugin. -->

Gastronòmicament

Fundació Institut Català de la Cuina i de la Cultura Gastronòmica

Portal de restaurants, receptes i actualitat gastronòmica
