{"id":1212,"date":"2012-03-14T10:35:14","date_gmt":"2012-03-14T10:35:14","guid":{"rendered":"http:\/\/anardetapes.cat\/restaurantsmallorca\/?p=1212"},"modified":"2023-10-06T09:04:54","modified_gmt":"2023-10-06T07:04:54","slug":"cafe-sa-placa-de-galilea","status":"publish","type":"restaurant","link":"https:\/\/gastronomicament.cat\/ca\/restaurant\/cafe-sa-placa-de-galilea","title":{"rendered":"Caf\u00e8 Sa Pla\u00e7a de Galilea"},"content":{"rendered":"<p>Al Caf\u00e8 Sa Pla\u00e7a de Galilea hi podeu fer un berenar, dinar o sopar de pa amb oli, frit, \u00e0nnera confitada, etc. com tamb\u00e9 fer-hi una copa o un caf\u00e8. L&#8217;espai \u00e9s petit i molt acollidor, i compta amb una terrassa de paisatge meravell\u00f3s des d&#8217;on es pot veure la mar. Durant l&#8217;hivern, tanquen una mica m\u00e9s prest els dies feiners, devers les 21 hores. Obert des de l\u00b4agost de 2008.<!--more--><\/p>\n","protected":false},"excerpt":{"rendered":"<p>Al Caf\u00e8 Sa Pla\u00e7a de Galilea hi podeu fer un berenar, dinar o sopar de pa amb oli, frit, \u00e0nnera confitada, etc. com tamb\u00e9 fer-hi una copa o un caf\u00e8. L&#8217;espai \u00e9s petit i molt acollidor, i compta amb una terrassa de paisatge meravell\u00f3s des d&#8217;on es pot veure la mar. Durant l&#8217;hivern, tanquen una [&hellip;]<\/p>\n","protected":false},"author":1,"featured_media":2257,"menu_order":0,"comment_status":"open","ping_status":"closed","template":"","format":"gallery","meta":{"_acf_changed":false,"_swt_meta_header_display":false,"_swt_meta_footer_display":false,"_swt_meta_site_title_display":false,"_swt_meta_sticky_header":false,"_swt_meta_transparent_header":false,"direccio":"Pla\u00e7a de Pius XII, 4","telefon":"971 14 72 06","web":"","horari":"[:ca]Dilluns tancat[:en]Closed on Monday[:es]Lunes cerrado[:de]Montag geschlossen","preumitja":"10-15 euros","observacions":"","footnotes":""},"categories":[],"destacatper":[],"especialitat":[533,557],"localitat":[615,72],"coauthors":[2053],"class_list":["post-1212","restaurant","type-restaurant","status-publish","format-gallery","has-post-thumbnail","hentry","especialitat-cafeteria","especialitat-pamboli","localitat-galilea","localitat-tramuntana","preu-entre-10-i-20-euros"],"acf":{"gallery":null,"home_date":{"home_begin_date":null,"home_end_date":null}},"yoast_head":"<!-- This site is optimized with the Yoast SEO plugin v27.4 - https:\/\/yoast.com\/product\/yoast-seo-wordpress\/ -->\n<title>Bar Sa Pla\u00e7a de Galilea<\/title>\n<meta name=\"description\" content=\"Bar Sa Pla\u00e7a de Galilea - Restaurant sa Pla\u00e7a Galilea Mallorca Puigpunyent. Cafeteria a Galilea Mallorca Balearic Islands. Restaurante en Galilea\" \/>\n<meta name=\"robots\" content=\"index, follow, max-snippet:-1, max-image-preview:large, max-video-preview:-1\" \/>\n<link rel=\"canonical\" href=\"https:\/\/gastronomicament.cat\/ca\/restaurant\/cafe-sa-placa-de-galilea\" \/>\n<meta property=\"og:locale\" content=\"ca_ES\" \/>\n<meta property=\"og:type\" content=\"article\" \/>\n<meta property=\"og:title\" content=\"Bar Sa Pla\u00e7a de Galilea\" \/>\n<meta property=\"og:description\" content=\"Bar Sa Pla\u00e7a de Galilea - Restaurant sa Pla\u00e7a Galilea Mallorca Puigpunyent. Cafeteria a Galilea Mallorca Balearic Islands. Restaurante en Galilea\" \/>\n<meta property=\"og:url\" content=\"https:\/\/gastronomicament.cat\/ca\/restaurant\/cafe-sa-placa-de-galilea\" \/>\n<meta property=\"og:site_name\" content=\"Gastron\u00f2micament\" \/>\n<meta property=\"article:modified_time\" content=\"2023-10-06T07:04:54+00:00\" \/>\n<meta property=\"og:image\" content=\"https:\/\/gastronomicament.cat\/wp-content\/uploads\/2012\/03\/121\/1212_original2.JPG\" \/>\n\t<meta property=\"og:image:width\" content=\"1000\" \/>\n\t<meta property=\"og:image:height\" content=\"750\" \/>\n\t<meta property=\"og:image:type\" content=\"image\/jpeg\" \/>\n<meta name=\"twitter:card\" content=\"summary_large_image\" \/>\n<meta name=\"twitter:site\" content=\"@gastronomicamen\" \/>\n<meta name=\"twitter:label1\" content=\"Est. reading time\" \/>\n\t<meta name=\"twitter:data1\" content=\"1 minute\" \/>\n\t<meta name=\"twitter:label2\" content=\"Written by\" \/>\n\t<meta name=\"twitter:data2\" content=\"Redacci\u00f3\" \/>\n<script type=\"application\/ld+json\" class=\"yoast-schema-graph\">{\"@context\":\"https:\\\/\\\/schema.org\",\"@graph\":[{\"@type\":\"WebPage\",\"@id\":\"https:\\\/\\\/gastronomicament.cat\\\/ca\\\/restaurant\\\/cafe-sa-placa-de-galilea\",\"url\":\"https:\\\/\\\/gastronomicament.cat\\\/ca\\\/restaurant\\\/cafe-sa-placa-de-galilea\",\"name\":\"Bar Sa Pla\u00e7a de Galilea\",\"isPartOf\":{\"@id\":\"https:\\\/\\\/gastronomicament.cat\\\/ca\\\/#website\"},\"primaryImageOfPage\":{\"@id\":\"https:\\\/\\\/gastronomicament.cat\\\/ca\\\/restaurant\\\/cafe-sa-placa-de-galilea#primaryimage\"},\"image\":{\"@id\":\"https:\\\/\\\/gastronomicament.cat\\\/ca\\\/restaurant\\\/cafe-sa-placa-de-galilea#primaryimage\"},\"thumbnailUrl\":\"https:\\\/\\\/gastronomicament.cat\\\/wp-content\\\/uploads\\\/2012\\\/03\\\/121\\\/1212_original2.JPG\",\"datePublished\":\"2012-03-14T10:35:14+00:00\",\"dateModified\":\"2023-10-06T07:04:54+00:00\",\"description\":\"Bar Sa Pla\u00e7a de Galilea - Restaurant sa Pla\u00e7a Galilea Mallorca Puigpunyent. Cafeteria a Galilea Mallorca Balearic Islands. Restaurante en Galilea\",\"breadcrumb\":{\"@id\":\"https:\\\/\\\/gastronomicament.cat\\\/ca\\\/restaurant\\\/cafe-sa-placa-de-galilea#breadcrumb\"},\"inLanguage\":\"ca-ES\",\"potentialAction\":[{\"@type\":\"ReadAction\",\"target\":[\"https:\\\/\\\/gastronomicament.cat\\\/ca\\\/restaurant\\\/cafe-sa-placa-de-galilea\"]}]},{\"@type\":\"ImageObject\",\"inLanguage\":\"ca-ES\",\"@id\":\"https:\\\/\\\/gastronomicament.cat\\\/ca\\\/restaurant\\\/cafe-sa-placa-de-galilea#primaryimage\",\"url\":\"https:\\\/\\\/gastronomicament.cat\\\/wp-content\\\/uploads\\\/2012\\\/03\\\/121\\\/1212_original2.JPG\",\"contentUrl\":\"https:\\\/\\\/gastronomicament.cat\\\/wp-content\\\/uploads\\\/2012\\\/03\\\/121\\\/1212_original2.JPG\",\"width\":1000,\"height\":750},{\"@type\":\"BreadcrumbList\",\"@id\":\"https:\\\/\\\/gastronomicament.cat\\\/ca\\\/restaurant\\\/cafe-sa-placa-de-galilea#breadcrumb\",\"itemListElement\":[{\"@type\":\"ListItem\",\"position\":1,\"name\":\"Restaurants\",\"item\":\"https:\\\/\\\/gastronomicament.cat\\\/ca\\\/restaurants\"},{\"@type\":\"ListItem\",\"position\":2,\"name\":\"Caf\u00e8 Sa Pla\u00e7a de Galilea\"}]},{\"@type\":\"WebSite\",\"@id\":\"https:\\\/\\\/gastronomicament.cat\\\/ca\\\/#website\",\"url\":\"https:\\\/\\\/gastronomicament.cat\\\/ca\\\/\",\"name\":\"Gastron\u00f2micament\",\"description\":\"Portal de restaurants, receptes i actualitat gastron\u00f2mica\",\"publisher\":{\"@id\":\"https:\\\/\\\/gastronomicament.cat\\\/ca\\\/#organization\"},\"potentialAction\":[{\"@type\":\"SearchAction\",\"target\":{\"@type\":\"EntryPoint\",\"urlTemplate\":\"https:\\\/\\\/gastronomicament.cat\\\/ca\\\/?s={search_term_string}\"},\"query-input\":{\"@type\":\"PropertyValueSpecification\",\"valueRequired\":true,\"valueName\":\"search_term_string\"}}],\"inLanguage\":\"ca-ES\"},{\"@type\":\"Organization\",\"@id\":\"https:\\\/\\\/gastronomicament.cat\\\/ca\\\/#organization\",\"name\":\"Gastron\u00f2micament\",\"url\":\"https:\\\/\\\/gastronomicament.cat\\\/ca\\\/\",\"logo\":{\"@type\":\"ImageObject\",\"inLanguage\":\"ca-ES\",\"@id\":\"https:\\\/\\\/gastronomicament.cat\\\/ca\\\/#\\\/schema\\\/logo\\\/image\\\/\",\"url\":\"https:\\\/\\\/gastronomicament.cat\\\/wp-content\\\/uploads\\\/2016\\\/09\\\/header-logo.jpg\",\"contentUrl\":\"https:\\\/\\\/gastronomicament.cat\\\/wp-content\\\/uploads\\\/2016\\\/09\\\/header-logo.jpg\",\"width\":277,\"height\":39,\"caption\":\"Gastron\u00f2micament\"},\"image\":{\"@id\":\"https:\\\/\\\/gastronomicament.cat\\\/ca\\\/#\\\/schema\\\/logo\\\/image\\\/\"},\"sameAs\":[\"https:\\\/\\\/x.com\\\/gastronomicamen\"]}]}<\/script>\n<!-- \/ Yoast SEO plugin. -->","yoast_head_json":{"title":"Bar Sa Pla\u00e7a de Galilea","description":"Bar Sa Pla\u00e7a de Galilea - Restaurant sa Pla\u00e7a Galilea Mallorca Puigpunyent. Cafeteria a Galilea Mallorca Balearic Islands. Restaurante en Galilea","robots":{"index":"index","follow":"follow","max-snippet":"max-snippet:-1","max-image-preview":"max-image-preview:large","max-video-preview":"max-video-preview:-1"},"canonical":"https:\/\/gastronomicament.cat\/ca\/restaurant\/cafe-sa-placa-de-galilea","og_locale":"ca_ES","og_type":"article","og_title":"Bar Sa Pla\u00e7a de Galilea","og_description":"Bar Sa Pla\u00e7a de Galilea - Restaurant sa Pla\u00e7a Galilea Mallorca Puigpunyent. Cafeteria a Galilea Mallorca Balearic Islands. Restaurante en Galilea","og_url":"https:\/\/gastronomicament.cat\/ca\/restaurant\/cafe-sa-placa-de-galilea","og_site_name":"Gastron\u00f2micament","article_modified_time":"2023-10-06T07:04:54+00:00","og_image":[{"width":1000,"height":750,"url":"https:\/\/gastronomicament.cat\/wp-content\/uploads\/2012\/03\/121\/1212_original2.JPG","type":"image\/jpeg"}],"twitter_card":"summary_large_image","twitter_site":"@gastronomicamen","twitter_misc":{"Est. reading time":"1 minute","Written by":"Redacci\u00f3"},"schema":{"@context":"https:\/\/schema.org","@graph":[{"@type":"WebPage","@id":"https:\/\/gastronomicament.cat\/ca\/restaurant\/cafe-sa-placa-de-galilea","url":"https:\/\/gastronomicament.cat\/ca\/restaurant\/cafe-sa-placa-de-galilea","name":"Bar Sa Pla\u00e7a de Galilea","isPartOf":{"@id":"https:\/\/gastronomicament.cat\/ca\/#website"},"primaryImageOfPage":{"@id":"https:\/\/gastronomicament.cat\/ca\/restaurant\/cafe-sa-placa-de-galilea#primaryimage"},"image":{"@id":"https:\/\/gastronomicament.cat\/ca\/restaurant\/cafe-sa-placa-de-galilea#primaryimage"},"thumbnailUrl":"https:\/\/gastronomicament.cat\/wp-content\/uploads\/2012\/03\/121\/1212_original2.JPG","datePublished":"2012-03-14T10:35:14+00:00","dateModified":"2023-10-06T07:04:54+00:00","description":"Bar Sa Pla\u00e7a de Galilea - Restaurant sa Pla\u00e7a Galilea Mallorca Puigpunyent. Cafeteria a Galilea Mallorca Balearic Islands. Restaurante en Galilea","breadcrumb":{"@id":"https:\/\/gastronomicament.cat\/ca\/restaurant\/cafe-sa-placa-de-galilea#breadcrumb"},"inLanguage":"ca-ES","potentialAction":[{"@type":"ReadAction","target":["https:\/\/gastronomicament.cat\/ca\/restaurant\/cafe-sa-placa-de-galilea"]}]},{"@type":"ImageObject","inLanguage":"ca-ES","@id":"https:\/\/gastronomicament.cat\/ca\/restaurant\/cafe-sa-placa-de-galilea#primaryimage","url":"https:\/\/gastronomicament.cat\/wp-content\/uploads\/2012\/03\/121\/1212_original2.JPG","contentUrl":"https:\/\/gastronomicament.cat\/wp-content\/uploads\/2012\/03\/121\/1212_original2.JPG","width":1000,"height":750},{"@type":"BreadcrumbList","@id":"https:\/\/gastronomicament.cat\/ca\/restaurant\/cafe-sa-placa-de-galilea#breadcrumb","itemListElement":[{"@type":"ListItem","position":1,"name":"Restaurants","item":"https:\/\/gastronomicament.cat\/ca\/restaurants"},{"@type":"ListItem","position":2,"name":"Caf\u00e8 Sa Pla\u00e7a de Galilea"}]},{"@type":"WebSite","@id":"https:\/\/gastronomicament.cat\/ca\/#website","url":"https:\/\/gastronomicament.cat\/ca\/","name":"Gastron\u00f2micament","description":"Portal de restaurants, receptes i actualitat gastron\u00f2mica","publisher":{"@id":"https:\/\/gastronomicament.cat\/ca\/#organization"},"potentialAction":[{"@type":"SearchAction","target":{"@type":"EntryPoint","urlTemplate":"https:\/\/gastronomicament.cat\/ca\/?s={search_term_string}"},"query-input":{"@type":"PropertyValueSpecification","valueRequired":true,"valueName":"search_term_string"}}],"inLanguage":"ca-ES"},{"@type":"Organization","@id":"https:\/\/gastronomicament.cat\/ca\/#organization","name":"Gastron\u00f2micament","url":"https:\/\/gastronomicament.cat\/ca\/","logo":{"@type":"ImageObject","inLanguage":"ca-ES","@id":"https:\/\/gastronomicament.cat\/ca\/#\/schema\/logo\/image\/","url":"https:\/\/gastronomicament.cat\/wp-content\/uploads\/2016\/09\/header-logo.jpg","contentUrl":"https:\/\/gastronomicament.cat\/wp-content\/uploads\/2016\/09\/header-logo.jpg","width":277,"height":39,"caption":"Gastron\u00f2micament"},"image":{"@id":"https:\/\/gastronomicament.cat\/ca\/#\/schema\/logo\/image\/"},"sameAs":["https:\/\/x.com\/gastronomicamen"]}]}},"_links":{"self":[{"href":"https:\/\/gastronomicament.cat\/ca\/wp-json\/wp\/v2\/restaurant\/1212","targetHints":{"allow":["GET"]}}],"collection":[{"href":"https:\/\/gastronomicament.cat\/ca\/wp-json\/wp\/v2\/restaurant"}],"about":[{"href":"https:\/\/gastronomicament.cat\/ca\/wp-json\/wp\/v2\/types\/restaurant"}],"author":[{"embeddable":true,"href":"https:\/\/gastronomicament.cat\/ca\/wp-json\/wp\/v2\/users\/1"}],"replies":[{"embeddable":true,"href":"https:\/\/gastronomicament.cat\/ca\/wp-json\/wp\/v2\/comments?post=1212"}],"version-history":[{"count":0,"href":"https:\/\/gastronomicament.cat\/ca\/wp-json\/wp\/v2\/restaurant\/1212\/revisions"}],"wp:featuredmedia":[{"embeddable":true,"href":"https:\/\/gastronomicament.cat\/ca\/wp-json\/wp\/v2\/media\/2257"}],"wp:attachment":[{"href":"https:\/\/gastronomicament.cat\/ca\/wp-json\/wp\/v2\/media?parent=1212"}],"wp:term":[{"taxonomy":"category","embeddable":true,"href":"https:\/\/gastronomicament.cat\/ca\/wp-json\/wp\/v2\/categories?post=1212"},{"taxonomy":"destacatper","embeddable":true,"href":"https:\/\/gastronomicament.cat\/ca\/wp-json\/wp\/v2\/destacatper?post=1212"},{"taxonomy":"especialitat","embeddable":true,"href":"https:\/\/gastronomicament.cat\/ca\/wp-json\/wp\/v2\/especialitat?post=1212"},{"taxonomy":"localitat","embeddable":true,"href":"https:\/\/gastronomicament.cat\/ca\/wp-json\/wp\/v2\/localitat?post=1212"},{"taxonomy":"author","embeddable":true,"href":"https:\/\/gastronomicament.cat\/ca\/wp-json\/wp\/v2\/coauthors?post=1212"}],"curies":[{"name":"wp","href":"https:\/\/api.w.org\/{rel}","templated":true}]}}

Cafè Sa Plaça de Galilea

<p>Al Cafè Sa Plaça de Galilea hi podeu fer un berenar, dinar o sopar de pa amb oli, frit, ànnera confitada, etc. com també fer-hi una copa o un cafè. L&#8217;espai és petit i molt acollidor, i compta amb una terrassa de paisatge meravellós des d&#8217;on es pot veure la mar. Durant l&#8217;hivern, tanquen una mica més prest els dies feiners, devers les 21 hores. Obert des de l´agost de 2008.<!--more--></p>

<p>Al Cafè Sa Plaça de Galilea hi podeu fer un berenar, dinar o sopar de pa amb oli, frit, ànnera confitada, etc. com també fer-hi una copa o un cafè. L&#8217;espai és petit i molt acollidor, i compta amb una terrassa de paisatge meravellós des d&#8217;on es pot veure la mar. Durant l&#8217;hivern, tanquen una [&hellip;]</p>

Plaça de Pius XII, 4

<!-- This site is optimized with the Yoast SEO plugin v27.4 - https://yoast.com/product/yoast-seo-wordpress/ -->
<title>Bar Sa Plaça de Galilea</title>
<meta name="description" content="Bar Sa Plaça de Galilea - Restaurant sa Plaça Galilea Mallorca Puigpunyent. Cafeteria a Galilea Mallorca Balearic Islands. Restaurante en Galilea" />
<meta name="robots" content="index, follow, max-snippet:-1, max-image-preview:large, max-video-preview:-1" />
<link rel="canonical" href="https://gastronomicament.cat/ca/restaurant/cafe-sa-placa-de-galilea" />
<meta property="og:locale" content="ca_ES" />
<meta property="og:type" content="article" />
<meta property="og:title" content="Bar Sa Plaça de Galilea" />
<meta property="og:description" content="Bar Sa Plaça de Galilea - Restaurant sa Plaça Galilea Mallorca Puigpunyent. Cafeteria a Galilea Mallorca Balearic Islands. Restaurante en Galilea" />
<meta property="og:url" content="https://gastronomicament.cat/ca/restaurant/cafe-sa-placa-de-galilea" />
<meta property="og:site_name" content="Gastronòmicament" />
<meta property="article:modified_time" content="2023-10-06T07:04:54+00:00" />
<meta property="og:image" content="https://gastronomicament.cat/wp-content/uploads/2012/03/121/1212_original2.JPG" />
	<meta property="og:image:width" content="1000" />
	<meta property="og:image:height" content="750" />
	<meta property="og:image:type" content="image/jpeg" />
<meta name="twitter:card" content="summary_large_image" />
<meta name="twitter:site" content="@gastronomicamen" />
<meta name="twitter:label1" content="Est. reading time" />
	<meta name="twitter:data1" content="1 minute" />
	<meta name="twitter:label2" content="Written by" />
	<meta name="twitter:data2" content="Redacció" />
<script type="application/ld+json" class="yoast-schema-graph">{"@context":"https:\/\/schema.org","@graph":[{"@type":"WebPage","@id":"https:\/\/gastronomicament.cat\/ca\/restaurant\/cafe-sa-placa-de-galilea","url":"https:\/\/gastronomicament.cat\/ca\/restaurant\/cafe-sa-placa-de-galilea","name":"Bar Sa Plaça de Galilea","isPartOf":{"@id":"https:\/\/gastronomicament.cat\/ca\/#website"},"primaryImageOfPage":{"@id":"https:\/\/gastronomicament.cat\/ca\/restaurant\/cafe-sa-placa-de-galilea#primaryimage"},"image":{"@id":"https:\/\/gastronomicament.cat\/ca\/restaurant\/cafe-sa-placa-de-galilea#primaryimage"},"thumbnailUrl":"https:\/\/gastronomicament.cat\/wp-content\/uploads\/2012\/03\/121\/1212_original2.JPG","datePublished":"2012-03-14T10:35:14+00:00","dateModified":"2023-10-06T07:04:54+00:00","description":"Bar Sa Plaça de Galilea - Restaurant sa Plaça Galilea Mallorca Puigpunyent. Cafeteria a Galilea Mallorca Balearic Islands. Restaurante en Galilea","breadcrumb":{"@id":"https:\/\/gastronomicament.cat\/ca\/restaurant\/cafe-sa-placa-de-galilea#breadcrumb"},"inLanguage":"ca-ES","potentialAction":[{"@type":"ReadAction","target":["https:\/\/gastronomicament.cat\/ca\/restaurant\/cafe-sa-placa-de-galilea"]}]},{"@type":"ImageObject","inLanguage":"ca-ES","@id":"https:\/\/gastronomicament.cat\/ca\/restaurant\/cafe-sa-placa-de-galilea#primaryimage","url":"https:\/\/gastronomicament.cat\/wp-content\/uploads\/2012\/03\/121\/1212_original2.JPG","contentUrl":"https:\/\/gastronomicament.cat\/wp-content\/uploads\/2012\/03\/121\/1212_original2.JPG","width":1000,"height":750},{"@type":"BreadcrumbList","@id":"https:\/\/gastronomicament.cat\/ca\/restaurant\/cafe-sa-placa-de-galilea#breadcrumb","itemListElement":[{"@type":"ListItem","position":1,"name":"Restaurants","item":"https:\/\/gastronomicament.cat\/ca\/restaurants"},{"@type":"ListItem","position":2,"name":"Cafè Sa Plaça de Galilea"}]},{"@type":"WebSite","@id":"https:\/\/gastronomicament.cat\/ca\/#website","url":"https:\/\/gastronomicament.cat\/ca\/","name":"Gastronòmicament","description":"Portal de restaurants, receptes i actualitat gastronòmica","publisher":{"@id":"https:\/\/gastronomicament.cat\/ca\/#organization"},"potentialAction":[{"@type":"SearchAction","target":{"@type":"EntryPoint","urlTemplate":"https:\/\/gastronomicament.cat\/ca\/?s={search_term_string}"},"query-input":{"@type":"PropertyValueSpecification","valueRequired":true,"valueName":"search_term_string"}}],"inLanguage":"ca-ES"},{"@type":"Organization","@id":"https:\/\/gastronomicament.cat\/ca\/#organization","name":"Gastronòmicament","url":"https:\/\/gastronomicament.cat\/ca\/","logo":{"@type":"ImageObject","inLanguage":"ca-ES","@id":"https:\/\/gastronomicament.cat\/ca\/#\/schema\/logo\/image\/","url":"https:\/\/gastronomicament.cat\/wp-content\/uploads\/2016\/09\/header-logo.jpg","contentUrl":"https:\/\/gastronomicament.cat\/wp-content\/uploads\/2016\/09\/header-logo.jpg","width":277,"height":39,"caption":"Gastronòmicament"},"image":{"@id":"https:\/\/gastronomicament.cat\/ca\/#\/schema\/logo\/image\/"},"sameAs":["https:\/\/x.com\/gastronomicamen"]}]}</script>
<!-- / Yoast SEO plugin. -->

Bar Sa Plaça de Galilea

Bar Sa Plaça de Galilea - Restaurant sa Plaça Galilea Mallorca Puigpunyent. Cafeteria a Galilea Mallorca Balearic Islands. Restaurante en Galilea

Gastronòmicament

Redacció

Portal de restaurants, receptes i actualitat gastronòmica
