{"id":15318,"date":"2014-11-06T23:41:01","date_gmt":"2014-11-06T22:41:01","guid":{"rendered":"http:\/\/gastronomicament.cat\/?p=15318"},"modified":"2023-10-18T11:21:03","modified_gmt":"2023-10-18T09:21:03","slug":"restaurant-las-tres-palas-de-arenal","status":"publish","type":"restaurant","link":"https:\/\/gastronomicament.cat\/ca\/restaurant\/restaurant-las-tres-palas-de-arenal","title":{"rendered":"Restaurant Las Tres Palas de s&#8217;Arenal"},"content":{"rendered":"<p>La carn \u00e9s el plat estrella del restaurant Las Tres Palas de s&#8217;Arenal. Hi preparen costelles de xots mallorquins, tamb\u00e9 hi fan entrecots, canonges (conills joves) i, darrerament la mitjana de bou, que tot i no ser carn de Mallorca, \u00e9s de bona qualitat.<\/p>\n<p>El Restaurant Las Tres Palas de s&#8217;Arenal tamb\u00e9 prepara plats de la cuina mallorquina com el frit en el qual tot est\u00e0 tallat a daus ben petitets. Durant la tardor i l&#8217;hivern cuinen arr\u00f2s brut, amb colom\u00ed, conill, carxofa, colflori, costellam amb un toc de canyella.<\/p>\n<p>Tamb\u00e9 hi fan altres plats com el pop a la brasa, servit amb patata i allioli de pebres del piquillo.<\/p>\n<p>De postres casolanes, cal destacar la crema cremada i la pannacotta de Baileys.<\/p>\n<p>El local d&#8217;aquest restaurant familiar \u00e9s ampli i molt acollidor. Obr\u00ed les portes al comen\u00e7ament de la d\u00e8cada dels anys 80 i actualment hi treballa la segona i tercera generaci\u00f3. T\u00e9 aparcament propi.<!--more--><\/p>\n","protected":false},"excerpt":{"rendered":"<p>La carn \u00e9s el plat estrella del restaurant Las Tres Palas de s&#8217;Arenal. Hi preparen costelles&hellip;<\/p>\n","protected":false},"author":1,"featured_media":15324,"menu_order":0,"comment_status":"open","ping_status":"closed","template":"","format":"gallery","meta":{"_acf_changed":false,"_swt_meta_header_display":false,"_swt_meta_footer_display":false,"_swt_meta_site_title_display":false,"_swt_meta_sticky_header":false,"_swt_meta_transparent_header":false,"direccio":"Cam\u00ed Ca na Gabriela, s\/n","telefon":"971 49 17 05","web":"","horari":"[:ca]Dimarts tancat[:en]Closed on Tuesday [:es]Martes cerrado","preumitja":"20-30 euros","observacions":"","footnotes":""},"categories":[1],"destacatper":[703],"especialitat":[539,577],"localitat":[21,529],"coauthors":[2053],"class_list":["post-15318","restaurant","type-restaurant","status-publish","format-gallery","has-post-thumbnail","hentry","category-restaurants","destacatper-celebracions-i-grups","especialitat-cuina-mallorquina","especialitat-rostidoria","localitat-palma","localitat-s-arenal-palma","preu-entre-20-i-30-euros"],"acf":{"gallery":null,"home_date":{"home_begin_date":null,"home_end_date":null}},"yoast_head":"<!-- This site is optimized with the Yoast SEO plugin v27.4 - https:\/\/yoast.com\/product\/yoast-seo-wordpress\/ -->\n<title>Restaurant Las Tres Palas de s&#039;Arenal<\/title>\n<meta name=\"description\" content=\"Restaurant Las Tres Palas de s&#039;Arenal\" \/>\n<meta name=\"robots\" content=\"index, follow, max-snippet:-1, max-image-preview:large, max-video-preview:-1\" \/>\n<link rel=\"canonical\" href=\"https:\/\/gastronomicament.cat\/ca\/restaurant\/restaurant-las-tres-palas-de-arenal\" \/>\n<meta property=\"og:locale\" content=\"ca_ES\" \/>\n<meta property=\"og:type\" content=\"article\" \/>\n<meta property=\"og:title\" content=\"Restaurant Las Tres Palas de s&#039;Arenal\" \/>\n<meta property=\"og:description\" content=\"Restaurant Las Tres Palas de s&#039;Arenal\" \/>\n<meta property=\"og:url\" content=\"https:\/\/gastronomicament.cat\/ca\/restaurant\/restaurant-las-tres-palas-de-arenal\" \/>\n<meta property=\"og:site_name\" content=\"Gastron\u00f2micament\" \/>\n<meta property=\"article:modified_time\" content=\"2023-10-18T09:21:03+00:00\" \/>\n<meta property=\"og:image\" content=\"https:\/\/gastronomicament.cat\/wp-content\/uploads\/2014\/11\/frit-restaurant-las-tres-palas-arenal-palma.jpg\" \/>\n\t<meta property=\"og:image:width\" content=\"1800\" \/>\n\t<meta property=\"og:image:height\" content=\"1196\" \/>\n\t<meta property=\"og:image:type\" content=\"image\/jpeg\" \/>\n<meta name=\"twitter:card\" content=\"summary_large_image\" \/>\n<meta name=\"twitter:site\" content=\"@gastronomicamen\" \/>\n<meta name=\"twitter:label1\" content=\"Est. reading time\" \/>\n\t<meta name=\"twitter:data1\" content=\"1 minute\" \/>\n\t<meta name=\"twitter:label2\" content=\"Written by\" \/>\n\t<meta name=\"twitter:data2\" content=\"Redacci\u00f3\" \/>\n<script type=\"application\/ld+json\" class=\"yoast-schema-graph\">{\"@context\":\"https:\\\/\\\/schema.org\",\"@graph\":[{\"@type\":\"WebPage\",\"@id\":\"https:\\\/\\\/gastronomicament.cat\\\/ca\\\/restaurant\\\/restaurant-las-tres-palas-de-arenal\",\"url\":\"https:\\\/\\\/gastronomicament.cat\\\/ca\\\/restaurant\\\/restaurant-las-tres-palas-de-arenal\",\"name\":\"Restaurant Las Tres Palas de s'Arenal\",\"isPartOf\":{\"@id\":\"https:\\\/\\\/gastronomicament.cat\\\/ca\\\/#website\"},\"primaryImageOfPage\":{\"@id\":\"https:\\\/\\\/gastronomicament.cat\\\/ca\\\/restaurant\\\/restaurant-las-tres-palas-de-arenal#primaryimage\"},\"image\":{\"@id\":\"https:\\\/\\\/gastronomicament.cat\\\/ca\\\/restaurant\\\/restaurant-las-tres-palas-de-arenal#primaryimage\"},\"thumbnailUrl\":\"https:\\\/\\\/gastronomicament.cat\\\/wp-content\\\/uploads\\\/2014\\\/11\\\/frit-restaurant-las-tres-palas-arenal-palma.jpg\",\"datePublished\":\"2014-11-06T22:41:01+00:00\",\"dateModified\":\"2023-10-18T09:21:03+00:00\",\"description\":\"Restaurant Las Tres Palas de s'Arenal\",\"breadcrumb\":{\"@id\":\"https:\\\/\\\/gastronomicament.cat\\\/ca\\\/restaurant\\\/restaurant-las-tres-palas-de-arenal#breadcrumb\"},\"inLanguage\":\"ca-ES\",\"potentialAction\":[{\"@type\":\"ReadAction\",\"target\":[\"https:\\\/\\\/gastronomicament.cat\\\/ca\\\/restaurant\\\/restaurant-las-tres-palas-de-arenal\"]}]},{\"@type\":\"ImageObject\",\"inLanguage\":\"ca-ES\",\"@id\":\"https:\\\/\\\/gastronomicament.cat\\\/ca\\\/restaurant\\\/restaurant-las-tres-palas-de-arenal#primaryimage\",\"url\":\"https:\\\/\\\/gastronomicament.cat\\\/wp-content\\\/uploads\\\/2014\\\/11\\\/frit-restaurant-las-tres-palas-arenal-palma.jpg\",\"contentUrl\":\"https:\\\/\\\/gastronomicament.cat\\\/wp-content\\\/uploads\\\/2014\\\/11\\\/frit-restaurant-las-tres-palas-arenal-palma.jpg\",\"width\":1800,\"height\":1196},{\"@type\":\"BreadcrumbList\",\"@id\":\"https:\\\/\\\/gastronomicament.cat\\\/ca\\\/restaurant\\\/restaurant-las-tres-palas-de-arenal#breadcrumb\",\"itemListElement\":[{\"@type\":\"ListItem\",\"position\":1,\"name\":\"Restaurants\",\"item\":\"https:\\\/\\\/gastronomicament.cat\\\/ca\\\/restaurants\"},{\"@type\":\"ListItem\",\"position\":2,\"name\":\"Restaurant Las Tres Palas de s&#8217;Arenal\"}]},{\"@type\":\"WebSite\",\"@id\":\"https:\\\/\\\/gastronomicament.cat\\\/ca\\\/#website\",\"url\":\"https:\\\/\\\/gastronomicament.cat\\\/ca\\\/\",\"name\":\"Gastron\u00f2micament\",\"description\":\"Portal de restaurants, receptes i actualitat gastron\u00f2mica\",\"publisher\":{\"@id\":\"https:\\\/\\\/gastronomicament.cat\\\/ca\\\/#organization\"},\"potentialAction\":[{\"@type\":\"SearchAction\",\"target\":{\"@type\":\"EntryPoint\",\"urlTemplate\":\"https:\\\/\\\/gastronomicament.cat\\\/ca\\\/?s={search_term_string}\"},\"query-input\":{\"@type\":\"PropertyValueSpecification\",\"valueRequired\":true,\"valueName\":\"search_term_string\"}}],\"inLanguage\":\"ca-ES\"},{\"@type\":\"Organization\",\"@id\":\"https:\\\/\\\/gastronomicament.cat\\\/ca\\\/#organization\",\"name\":\"Gastron\u00f2micament\",\"url\":\"https:\\\/\\\/gastronomicament.cat\\\/ca\\\/\",\"logo\":{\"@type\":\"ImageObject\",\"inLanguage\":\"ca-ES\",\"@id\":\"https:\\\/\\\/gastronomicament.cat\\\/ca\\\/#\\\/schema\\\/logo\\\/image\\\/\",\"url\":\"https:\\\/\\\/gastronomicament.cat\\\/wp-content\\\/uploads\\\/2016\\\/09\\\/header-logo.jpg\",\"contentUrl\":\"https:\\\/\\\/gastronomicament.cat\\\/wp-content\\\/uploads\\\/2016\\\/09\\\/header-logo.jpg\",\"width\":277,\"height\":39,\"caption\":\"Gastron\u00f2micament\"},\"image\":{\"@id\":\"https:\\\/\\\/gastronomicament.cat\\\/ca\\\/#\\\/schema\\\/logo\\\/image\\\/\"},\"sameAs\":[\"https:\\\/\\\/x.com\\\/gastronomicamen\"]}]}<\/script>\n<!-- \/ Yoast SEO plugin. -->","yoast_head_json":{"title":"Restaurant Las Tres Palas de s'Arenal","description":"Restaurant Las Tres Palas de s'Arenal","robots":{"index":"index","follow":"follow","max-snippet":"max-snippet:-1","max-image-preview":"max-image-preview:large","max-video-preview":"max-video-preview:-1"},"canonical":"https:\/\/gastronomicament.cat\/ca\/restaurant\/restaurant-las-tres-palas-de-arenal","og_locale":"ca_ES","og_type":"article","og_title":"Restaurant Las Tres Palas de s'Arenal","og_description":"Restaurant Las Tres Palas de s'Arenal","og_url":"https:\/\/gastronomicament.cat\/ca\/restaurant\/restaurant-las-tres-palas-de-arenal","og_site_name":"Gastron\u00f2micament","article_modified_time":"2023-10-18T09:21:03+00:00","og_image":[{"width":1800,"height":1196,"url":"https:\/\/gastronomicament.cat\/wp-content\/uploads\/2014\/11\/frit-restaurant-las-tres-palas-arenal-palma.jpg","type":"image\/jpeg"}],"twitter_card":"summary_large_image","twitter_site":"@gastronomicamen","twitter_misc":{"Est. reading time":"1 minute","Written by":"Redacci\u00f3"},"schema":{"@context":"https:\/\/schema.org","@graph":[{"@type":"WebPage","@id":"https:\/\/gastronomicament.cat\/ca\/restaurant\/restaurant-las-tres-palas-de-arenal","url":"https:\/\/gastronomicament.cat\/ca\/restaurant\/restaurant-las-tres-palas-de-arenal","name":"Restaurant Las Tres Palas de s'Arenal","isPartOf":{"@id":"https:\/\/gastronomicament.cat\/ca\/#website"},"primaryImageOfPage":{"@id":"https:\/\/gastronomicament.cat\/ca\/restaurant\/restaurant-las-tres-palas-de-arenal#primaryimage"},"image":{"@id":"https:\/\/gastronomicament.cat\/ca\/restaurant\/restaurant-las-tres-palas-de-arenal#primaryimage"},"thumbnailUrl":"https:\/\/gastronomicament.cat\/wp-content\/uploads\/2014\/11\/frit-restaurant-las-tres-palas-arenal-palma.jpg","datePublished":"2014-11-06T22:41:01+00:00","dateModified":"2023-10-18T09:21:03+00:00","description":"Restaurant Las Tres Palas de s'Arenal","breadcrumb":{"@id":"https:\/\/gastronomicament.cat\/ca\/restaurant\/restaurant-las-tres-palas-de-arenal#breadcrumb"},"inLanguage":"ca-ES","potentialAction":[{"@type":"ReadAction","target":["https:\/\/gastronomicament.cat\/ca\/restaurant\/restaurant-las-tres-palas-de-arenal"]}]},{"@type":"ImageObject","inLanguage":"ca-ES","@id":"https:\/\/gastronomicament.cat\/ca\/restaurant\/restaurant-las-tres-palas-de-arenal#primaryimage","url":"https:\/\/gastronomicament.cat\/wp-content\/uploads\/2014\/11\/frit-restaurant-las-tres-palas-arenal-palma.jpg","contentUrl":"https:\/\/gastronomicament.cat\/wp-content\/uploads\/2014\/11\/frit-restaurant-las-tres-palas-arenal-palma.jpg","width":1800,"height":1196},{"@type":"BreadcrumbList","@id":"https:\/\/gastronomicament.cat\/ca\/restaurant\/restaurant-las-tres-palas-de-arenal#breadcrumb","itemListElement":[{"@type":"ListItem","position":1,"name":"Restaurants","item":"https:\/\/gastronomicament.cat\/ca\/restaurants"},{"@type":"ListItem","position":2,"name":"Restaurant Las Tres Palas de s&#8217;Arenal"}]},{"@type":"WebSite","@id":"https:\/\/gastronomicament.cat\/ca\/#website","url":"https:\/\/gastronomicament.cat\/ca\/","name":"Gastron\u00f2micament","description":"Portal de restaurants, receptes i actualitat gastron\u00f2mica","publisher":{"@id":"https:\/\/gastronomicament.cat\/ca\/#organization"},"potentialAction":[{"@type":"SearchAction","target":{"@type":"EntryPoint","urlTemplate":"https:\/\/gastronomicament.cat\/ca\/?s={search_term_string}"},"query-input":{"@type":"PropertyValueSpecification","valueRequired":true,"valueName":"search_term_string"}}],"inLanguage":"ca-ES"},{"@type":"Organization","@id":"https:\/\/gastronomicament.cat\/ca\/#organization","name":"Gastron\u00f2micament","url":"https:\/\/gastronomicament.cat\/ca\/","logo":{"@type":"ImageObject","inLanguage":"ca-ES","@id":"https:\/\/gastronomicament.cat\/ca\/#\/schema\/logo\/image\/","url":"https:\/\/gastronomicament.cat\/wp-content\/uploads\/2016\/09\/header-logo.jpg","contentUrl":"https:\/\/gastronomicament.cat\/wp-content\/uploads\/2016\/09\/header-logo.jpg","width":277,"height":39,"caption":"Gastron\u00f2micament"},"image":{"@id":"https:\/\/gastronomicament.cat\/ca\/#\/schema\/logo\/image\/"},"sameAs":["https:\/\/x.com\/gastronomicamen"]}]}},"_links":{"self":[{"href":"https:\/\/gastronomicament.cat\/ca\/wp-json\/wp\/v2\/restaurant\/15318","targetHints":{"allow":["GET"]}}],"collection":[{"href":"https:\/\/gastronomicament.cat\/ca\/wp-json\/wp\/v2\/restaurant"}],"about":[{"href":"https:\/\/gastronomicament.cat\/ca\/wp-json\/wp\/v2\/types\/restaurant"}],"author":[{"embeddable":true,"href":"https:\/\/gastronomicament.cat\/ca\/wp-json\/wp\/v2\/users\/1"}],"replies":[{"embeddable":true,"href":"https:\/\/gastronomicament.cat\/ca\/wp-json\/wp\/v2\/comments?post=15318"}],"version-history":[{"count":0,"href":"https:\/\/gastronomicament.cat\/ca\/wp-json\/wp\/v2\/restaurant\/15318\/revisions"}],"wp:featuredmedia":[{"embeddable":true,"href":"https:\/\/gastronomicament.cat\/ca\/wp-json\/wp\/v2\/media\/15324"}],"wp:attachment":[{"href":"https:\/\/gastronomicament.cat\/ca\/wp-json\/wp\/v2\/media?parent=15318"}],"wp:term":[{"taxonomy":"category","embeddable":true,"href":"https:\/\/gastronomicament.cat\/ca\/wp-json\/wp\/v2\/categories?post=15318"},{"taxonomy":"destacatper","embeddable":true,"href":"https:\/\/gastronomicament.cat\/ca\/wp-json\/wp\/v2\/destacatper?post=15318"},{"taxonomy":"especialitat","embeddable":true,"href":"https:\/\/gastronomicament.cat\/ca\/wp-json\/wp\/v2\/especialitat?post=15318"},{"taxonomy":"localitat","embeddable":true,"href":"https:\/\/gastronomicament.cat\/ca\/wp-json\/wp\/v2\/localitat?post=15318"},{"taxonomy":"author","embeddable":true,"href":"https:\/\/gastronomicament.cat\/ca\/wp-json\/wp\/v2\/coauthors?post=15318"}],"curies":[{"name":"wp","href":"https:\/\/api.w.org\/{rel}","templated":true}]}}

<p>La carn és el plat estrella del restaurant Las Tres Palas de s&#8217;Arenal. Hi preparen costelles de xots mallorquins, també hi fan entrecots, canonges (conills joves) i, darrerament la mitjana de bou, que tot i no ser carn de Mallorca, és de bona qualitat.</p>
<p>El Restaurant Las Tres Palas de s&#8217;Arenal també prepara plats de la cuina mallorquina com el frit en el qual tot està tallat a daus ben petitets. Durant la tardor i l&#8217;hivern cuinen arròs brut, amb colomí, conill, carxofa, colflori, costellam amb un toc de canyella.</p>
<p>També hi fan altres plats com el pop a la brasa, servit amb patata i allioli de pebres del piquillo.</p>
<p>De postres casolanes, cal destacar la crema cremada i la pannacotta de Baileys.</p>
<p>El local d&#8217;aquest restaurant familiar és ampli i molt acollidor. Obrí les portes al començament de la dècada dels anys 80 i actualment hi treballa la segona i tercera generació. Té aparcament propi.<!--more--></p>

<p>La carn és el plat estrella del restaurant Las Tres Palas de s&#8217;Arenal. Hi preparen costelles&hellip;</p>

Camí Ca na Gabriela, s/n

<!-- This site is optimized with the Yoast SEO plugin v27.4 - https://yoast.com/product/yoast-seo-wordpress/ -->
<title>Restaurant Las Tres Palas de s&#039;Arenal</title>
<meta name="description" content="Restaurant Las Tres Palas de s&#039;Arenal" />
<meta name="robots" content="index, follow, max-snippet:-1, max-image-preview:large, max-video-preview:-1" />
<link rel="canonical" href="https://gastronomicament.cat/ca/restaurant/restaurant-las-tres-palas-de-arenal" />
<meta property="og:locale" content="ca_ES" />
<meta property="og:type" content="article" />
<meta property="og:title" content="Restaurant Las Tres Palas de s&#039;Arenal" />
<meta property="og:description" content="Restaurant Las Tres Palas de s&#039;Arenal" />
<meta property="og:url" content="https://gastronomicament.cat/ca/restaurant/restaurant-las-tres-palas-de-arenal" />
<meta property="og:site_name" content="Gastronòmicament" />
<meta property="article:modified_time" content="2023-10-18T09:21:03+00:00" />
<meta property="og:image" content="https://gastronomicament.cat/wp-content/uploads/2014/11/frit-restaurant-las-tres-palas-arenal-palma.jpg" />
	<meta property="og:image:width" content="1800" />
	<meta property="og:image:height" content="1196" />
	<meta property="og:image:type" content="image/jpeg" />
<meta name="twitter:card" content="summary_large_image" />
<meta name="twitter:site" content="@gastronomicamen" />
<meta name="twitter:label1" content="Est. reading time" />
	<meta name="twitter:data1" content="1 minute" />
	<meta name="twitter:label2" content="Written by" />
	<meta name="twitter:data2" content="Redacció" />
<script type="application/ld+json" class="yoast-schema-graph">{"@context":"https:\/\/schema.org","@graph":[{"@type":"WebPage","@id":"https:\/\/gastronomicament.cat\/ca\/restaurant\/restaurant-las-tres-palas-de-arenal","url":"https:\/\/gastronomicament.cat\/ca\/restaurant\/restaurant-las-tres-palas-de-arenal","name":"Restaurant Las Tres Palas de s'Arenal","isPartOf":{"@id":"https:\/\/gastronomicament.cat\/ca\/#website"},"primaryImageOfPage":{"@id":"https:\/\/gastronomicament.cat\/ca\/restaurant\/restaurant-las-tres-palas-de-arenal#primaryimage"},"image":{"@id":"https:\/\/gastronomicament.cat\/ca\/restaurant\/restaurant-las-tres-palas-de-arenal#primaryimage"},"thumbnailUrl":"https:\/\/gastronomicament.cat\/wp-content\/uploads\/2014\/11\/frit-restaurant-las-tres-palas-arenal-palma.jpg","datePublished":"2014-11-06T22:41:01+00:00","dateModified":"2023-10-18T09:21:03+00:00","description":"Restaurant Las Tres Palas de s'Arenal","breadcrumb":{"@id":"https:\/\/gastronomicament.cat\/ca\/restaurant\/restaurant-las-tres-palas-de-arenal#breadcrumb"},"inLanguage":"ca-ES","potentialAction":[{"@type":"ReadAction","target":["https:\/\/gastronomicament.cat\/ca\/restaurant\/restaurant-las-tres-palas-de-arenal"]}]},{"@type":"ImageObject","inLanguage":"ca-ES","@id":"https:\/\/gastronomicament.cat\/ca\/restaurant\/restaurant-las-tres-palas-de-arenal#primaryimage","url":"https:\/\/gastronomicament.cat\/wp-content\/uploads\/2014\/11\/frit-restaurant-las-tres-palas-arenal-palma.jpg","contentUrl":"https:\/\/gastronomicament.cat\/wp-content\/uploads\/2014\/11\/frit-restaurant-las-tres-palas-arenal-palma.jpg","width":1800,"height":1196},{"@type":"BreadcrumbList","@id":"https:\/\/gastronomicament.cat\/ca\/restaurant\/restaurant-las-tres-palas-de-arenal#breadcrumb","itemListElement":[{"@type":"ListItem","position":1,"name":"Restaurants","item":"https:\/\/gastronomicament.cat\/ca\/restaurants"},{"@type":"ListItem","position":2,"name":"Restaurant Las Tres Palas de s&#8217;Arenal"}]},{"@type":"WebSite","@id":"https:\/\/gastronomicament.cat\/ca\/#website","url":"https:\/\/gastronomicament.cat\/ca\/","name":"Gastronòmicament","description":"Portal de restaurants, receptes i actualitat gastronòmica","publisher":{"@id":"https:\/\/gastronomicament.cat\/ca\/#organization"},"potentialAction":[{"@type":"SearchAction","target":{"@type":"EntryPoint","urlTemplate":"https:\/\/gastronomicament.cat\/ca\/?s={search_term_string}"},"query-input":{"@type":"PropertyValueSpecification","valueRequired":true,"valueName":"search_term_string"}}],"inLanguage":"ca-ES"},{"@type":"Organization","@id":"https:\/\/gastronomicament.cat\/ca\/#organization","name":"Gastronòmicament","url":"https:\/\/gastronomicament.cat\/ca\/","logo":{"@type":"ImageObject","inLanguage":"ca-ES","@id":"https:\/\/gastronomicament.cat\/ca\/#\/schema\/logo\/image\/","url":"https:\/\/gastronomicament.cat\/wp-content\/uploads\/2016\/09\/header-logo.jpg","contentUrl":"https:\/\/gastronomicament.cat\/wp-content\/uploads\/2016\/09\/header-logo.jpg","width":277,"height":39,"caption":"Gastronòmicament"},"image":{"@id":"https:\/\/gastronomicament.cat\/ca\/#\/schema\/logo\/image\/"},"sameAs":["https:\/\/x.com\/gastronomicamen"]}]}</script>
<!-- / Yoast SEO plugin. -->

Gastronòmicament

Redacció

Portal de restaurants, receptes i actualitat gastronòmica
