{"id":15977,"date":"2015-04-10T00:05:15","date_gmt":"2015-04-09T22:05:15","guid":{"rendered":"http:\/\/gastronomicament.cat\/?p=15977"},"modified":"2023-10-05T10:22:41","modified_gmt":"2023-10-05T08:22:41","slug":"espigolant-vi-teca","status":"publish","type":"restaurant","link":"https:\/\/gastronomicament.cat\/ca\/restaurant\/espigolant-vi-teca","title":{"rendered":"Espigolant. Vi i teca"},"content":{"rendered":"<p>A Espigolant hi trobareu un lloc per gaudir del bon vi. Hi podeu trobar m\u00e9s de 300 refer\u00e8ncies en vi de qualitat. El creador d&#8217;aquest espai \u00e9s Pere Palou, amant de la bona cuina i del bon beure.<\/p>\n<p>Tamb\u00e9 hi podeu fer tapes per acompanyar tranquil\u00b7lament amb un bon vi i bona companyia com el salm\u00f3 fumat amb tremp\u00f3, l&#8217;ensalada de tom\u00e0tiga amb bacall\u00e0. Preparan de forma casolana el pesto vermell que acompanya la tonyina fumada. En Pere Palou tamb\u00e9 prepara els seitons i torra els pebres que els acompanyen. No hi falta la taula de formatges amb codonyat o el bon pernil i el foie.<\/p>\n<p>Tamb\u00e9 hi trobareu vermut, servit amb diferents fruites que aromatitzen cada glop.<\/p>\n<p>Espigolant est\u00e0 situal al carrer Passeig Mallorca de Palma. Hi trobareu un reservat ideal per a 6-8 persones.<!--more--><\/p>\n","protected":false},"excerpt":{"rendered":"<p>A Espigolant hi trobareu un lloc per gaudir del bon vi. Hi podeu trobar m\u00e9s de&hellip;<\/p>\n","protected":false},"author":1,"featured_media":15980,"menu_order":0,"comment_status":"open","ping_status":"closed","template":"","format":"gallery","meta":{"_acf_changed":false,"_swt_meta_header_display":false,"_swt_meta_footer_display":false,"_swt_meta_site_title_display":false,"_swt_meta_sticky_header":false,"_swt_meta_transparent_header":false,"direccio":"Passeig Mallorca, 22","telefon":"971 78 10 37","web":"","horari":"[:ca]Obert de dimarts a dissabte[:en]Open from Tuesday to Saturday[:es]Abierto de martes a s\u00e1bado[:de]Ge\u00f6ffnet: Dienstags-Samstags","preumitja":"15-25 euros","observacions":"","footnotes":""},"categories":[1],"destacatper":[],"especialitat":[505,590],"localitat":[506,788,21],"coauthors":[],"class_list":["post-15977","restaurant","type-restaurant","status-publish","format-gallery","has-post-thumbnail","hentry","category-restaurants","especialitat-tapes","especialitat-vinoteca","localitat-centre-palma","localitat-mallorca","localitat-palma","preu-entre-10-i-20-euros","preu-entre-20-i-30-euros"],"acf":{"gallery":null,"home_date":{"home_begin_date":null,"home_end_date":null}},"yoast_head":"<!-- This site is optimized with the Yoast SEO plugin v27.4 - https:\/\/yoast.com\/product\/yoast-seo-wordpress\/ -->\n<title>Espigolant. Vi i teca<\/title>\n<meta name=\"description\" content=\"Espigolant. Vi i teca Gastrobar Palma\" \/>\n<meta name=\"robots\" content=\"index, follow, max-snippet:-1, max-image-preview:large, max-video-preview:-1\" \/>\n<link rel=\"canonical\" href=\"https:\/\/gastronomicament.cat\/ca\/restaurant\/espigolant-vi-teca\" \/>\n<meta property=\"og:locale\" content=\"ca_ES\" \/>\n<meta property=\"og:type\" content=\"article\" \/>\n<meta property=\"og:title\" content=\"Espigolant. Vi i teca\" \/>\n<meta property=\"og:description\" content=\"Espigolant. Vi i teca Gastrobar Palma\" \/>\n<meta property=\"og:url\" content=\"https:\/\/gastronomicament.cat\/ca\/restaurant\/espigolant-vi-teca\" \/>\n<meta property=\"og:site_name\" content=\"Gastron\u00f2micament\" \/>\n<meta property=\"article:modified_time\" content=\"2023-10-05T08:22:41+00:00\" \/>\n<meta property=\"og:image\" content=\"https:\/\/gastronomicament.cat\/wp-content\/uploads\/2015\/04\/espigolant-vinoteca-tapas-palma-mallorca.jpg\" \/>\n\t<meta property=\"og:image:width\" content=\"1800\" \/>\n\t<meta property=\"og:image:height\" content=\"1196\" \/>\n\t<meta property=\"og:image:type\" content=\"image\/jpeg\" \/>\n<meta name=\"twitter:card\" content=\"summary_large_image\" \/>\n<meta name=\"twitter:site\" content=\"@gastronomicamen\" \/>\n<meta name=\"twitter:label1\" content=\"Est. reading time\" \/>\n\t<meta name=\"twitter:data1\" content=\"1 minute\" \/>\n\t<meta name=\"twitter:label2\" content=\"Written by\" \/>\n\t<meta name=\"twitter:data2\" content=\"Redacci\u00f3\" \/>\n<script type=\"application\/ld+json\" class=\"yoast-schema-graph\">{\"@context\":\"https:\\\/\\\/schema.org\",\"@graph\":[{\"@type\":\"WebPage\",\"@id\":\"https:\\\/\\\/gastronomicament.cat\\\/ca\\\/restaurant\\\/espigolant-vi-teca\",\"url\":\"https:\\\/\\\/gastronomicament.cat\\\/ca\\\/restaurant\\\/espigolant-vi-teca\",\"name\":\"Espigolant. Vi i teca\",\"isPartOf\":{\"@id\":\"https:\\\/\\\/gastronomicament.cat\\\/ca\\\/#website\"},\"primaryImageOfPage\":{\"@id\":\"https:\\\/\\\/gastronomicament.cat\\\/ca\\\/restaurant\\\/espigolant-vi-teca#primaryimage\"},\"image\":{\"@id\":\"https:\\\/\\\/gastronomicament.cat\\\/ca\\\/restaurant\\\/espigolant-vi-teca#primaryimage\"},\"thumbnailUrl\":\"https:\\\/\\\/gastronomicament.cat\\\/wp-content\\\/uploads\\\/2015\\\/04\\\/espigolant-vinoteca-tapas-palma-mallorca.jpg\",\"datePublished\":\"2015-04-09T22:05:15+00:00\",\"dateModified\":\"2023-10-05T08:22:41+00:00\",\"description\":\"Espigolant. Vi i teca Gastrobar Palma\",\"breadcrumb\":{\"@id\":\"https:\\\/\\\/gastronomicament.cat\\\/ca\\\/restaurant\\\/espigolant-vi-teca#breadcrumb\"},\"inLanguage\":\"ca-ES\",\"potentialAction\":[{\"@type\":\"ReadAction\",\"target\":[\"https:\\\/\\\/gastronomicament.cat\\\/ca\\\/restaurant\\\/espigolant-vi-teca\"]}]},{\"@type\":\"ImageObject\",\"inLanguage\":\"ca-ES\",\"@id\":\"https:\\\/\\\/gastronomicament.cat\\\/ca\\\/restaurant\\\/espigolant-vi-teca#primaryimage\",\"url\":\"https:\\\/\\\/gastronomicament.cat\\\/wp-content\\\/uploads\\\/2015\\\/04\\\/espigolant-vinoteca-tapas-palma-mallorca.jpg\",\"contentUrl\":\"https:\\\/\\\/gastronomicament.cat\\\/wp-content\\\/uploads\\\/2015\\\/04\\\/espigolant-vinoteca-tapas-palma-mallorca.jpg\",\"width\":1800,\"height\":1196},{\"@type\":\"BreadcrumbList\",\"@id\":\"https:\\\/\\\/gastronomicament.cat\\\/ca\\\/restaurant\\\/espigolant-vi-teca#breadcrumb\",\"itemListElement\":[{\"@type\":\"ListItem\",\"position\":1,\"name\":\"Restaurants\",\"item\":\"https:\\\/\\\/gastronomicament.cat\\\/ca\\\/restaurants\"},{\"@type\":\"ListItem\",\"position\":2,\"name\":\"Espigolant. Vi i teca\"}]},{\"@type\":\"WebSite\",\"@id\":\"https:\\\/\\\/gastronomicament.cat\\\/ca\\\/#website\",\"url\":\"https:\\\/\\\/gastronomicament.cat\\\/ca\\\/\",\"name\":\"Gastron\u00f2micament\",\"description\":\"Portal de restaurants, receptes i actualitat gastron\u00f2mica\",\"publisher\":{\"@id\":\"https:\\\/\\\/gastronomicament.cat\\\/ca\\\/#organization\"},\"potentialAction\":[{\"@type\":\"SearchAction\",\"target\":{\"@type\":\"EntryPoint\",\"urlTemplate\":\"https:\\\/\\\/gastronomicament.cat\\\/ca\\\/?s={search_term_string}\"},\"query-input\":{\"@type\":\"PropertyValueSpecification\",\"valueRequired\":true,\"valueName\":\"search_term_string\"}}],\"inLanguage\":\"ca-ES\"},{\"@type\":\"Organization\",\"@id\":\"https:\\\/\\\/gastronomicament.cat\\\/ca\\\/#organization\",\"name\":\"Gastron\u00f2micament\",\"url\":\"https:\\\/\\\/gastronomicament.cat\\\/ca\\\/\",\"logo\":{\"@type\":\"ImageObject\",\"inLanguage\":\"ca-ES\",\"@id\":\"https:\\\/\\\/gastronomicament.cat\\\/ca\\\/#\\\/schema\\\/logo\\\/image\\\/\",\"url\":\"https:\\\/\\\/gastronomicament.cat\\\/wp-content\\\/uploads\\\/2016\\\/09\\\/header-logo.jpg\",\"contentUrl\":\"https:\\\/\\\/gastronomicament.cat\\\/wp-content\\\/uploads\\\/2016\\\/09\\\/header-logo.jpg\",\"width\":277,\"height\":39,\"caption\":\"Gastron\u00f2micament\"},\"image\":{\"@id\":\"https:\\\/\\\/gastronomicament.cat\\\/ca\\\/#\\\/schema\\\/logo\\\/image\\\/\"},\"sameAs\":[\"https:\\\/\\\/x.com\\\/gastronomicamen\"]}]}<\/script>\n<!-- \/ Yoast SEO plugin. -->","yoast_head_json":{"title":"Espigolant. Vi i teca","description":"Espigolant. Vi i teca Gastrobar Palma","robots":{"index":"index","follow":"follow","max-snippet":"max-snippet:-1","max-image-preview":"max-image-preview:large","max-video-preview":"max-video-preview:-1"},"canonical":"https:\/\/gastronomicament.cat\/ca\/restaurant\/espigolant-vi-teca","og_locale":"ca_ES","og_type":"article","og_title":"Espigolant. Vi i teca","og_description":"Espigolant. Vi i teca Gastrobar Palma","og_url":"https:\/\/gastronomicament.cat\/ca\/restaurant\/espigolant-vi-teca","og_site_name":"Gastron\u00f2micament","article_modified_time":"2023-10-05T08:22:41+00:00","og_image":[{"width":1800,"height":1196,"url":"https:\/\/gastronomicament.cat\/wp-content\/uploads\/2015\/04\/espigolant-vinoteca-tapas-palma-mallorca.jpg","type":"image\/jpeg"}],"twitter_card":"summary_large_image","twitter_site":"@gastronomicamen","twitter_misc":{"Est. reading time":"1 minute","Written by":"Redacci\u00f3"},"schema":{"@context":"https:\/\/schema.org","@graph":[{"@type":"WebPage","@id":"https:\/\/gastronomicament.cat\/ca\/restaurant\/espigolant-vi-teca","url":"https:\/\/gastronomicament.cat\/ca\/restaurant\/espigolant-vi-teca","name":"Espigolant. Vi i teca","isPartOf":{"@id":"https:\/\/gastronomicament.cat\/ca\/#website"},"primaryImageOfPage":{"@id":"https:\/\/gastronomicament.cat\/ca\/restaurant\/espigolant-vi-teca#primaryimage"},"image":{"@id":"https:\/\/gastronomicament.cat\/ca\/restaurant\/espigolant-vi-teca#primaryimage"},"thumbnailUrl":"https:\/\/gastronomicament.cat\/wp-content\/uploads\/2015\/04\/espigolant-vinoteca-tapas-palma-mallorca.jpg","datePublished":"2015-04-09T22:05:15+00:00","dateModified":"2023-10-05T08:22:41+00:00","description":"Espigolant. Vi i teca Gastrobar Palma","breadcrumb":{"@id":"https:\/\/gastronomicament.cat\/ca\/restaurant\/espigolant-vi-teca#breadcrumb"},"inLanguage":"ca-ES","potentialAction":[{"@type":"ReadAction","target":["https:\/\/gastronomicament.cat\/ca\/restaurant\/espigolant-vi-teca"]}]},{"@type":"ImageObject","inLanguage":"ca-ES","@id":"https:\/\/gastronomicament.cat\/ca\/restaurant\/espigolant-vi-teca#primaryimage","url":"https:\/\/gastronomicament.cat\/wp-content\/uploads\/2015\/04\/espigolant-vinoteca-tapas-palma-mallorca.jpg","contentUrl":"https:\/\/gastronomicament.cat\/wp-content\/uploads\/2015\/04\/espigolant-vinoteca-tapas-palma-mallorca.jpg","width":1800,"height":1196},{"@type":"BreadcrumbList","@id":"https:\/\/gastronomicament.cat\/ca\/restaurant\/espigolant-vi-teca#breadcrumb","itemListElement":[{"@type":"ListItem","position":1,"name":"Restaurants","item":"https:\/\/gastronomicament.cat\/ca\/restaurants"},{"@type":"ListItem","position":2,"name":"Espigolant. Vi i teca"}]},{"@type":"WebSite","@id":"https:\/\/gastronomicament.cat\/ca\/#website","url":"https:\/\/gastronomicament.cat\/ca\/","name":"Gastron\u00f2micament","description":"Portal de restaurants, receptes i actualitat gastron\u00f2mica","publisher":{"@id":"https:\/\/gastronomicament.cat\/ca\/#organization"},"potentialAction":[{"@type":"SearchAction","target":{"@type":"EntryPoint","urlTemplate":"https:\/\/gastronomicament.cat\/ca\/?s={search_term_string}"},"query-input":{"@type":"PropertyValueSpecification","valueRequired":true,"valueName":"search_term_string"}}],"inLanguage":"ca-ES"},{"@type":"Organization","@id":"https:\/\/gastronomicament.cat\/ca\/#organization","name":"Gastron\u00f2micament","url":"https:\/\/gastronomicament.cat\/ca\/","logo":{"@type":"ImageObject","inLanguage":"ca-ES","@id":"https:\/\/gastronomicament.cat\/ca\/#\/schema\/logo\/image\/","url":"https:\/\/gastronomicament.cat\/wp-content\/uploads\/2016\/09\/header-logo.jpg","contentUrl":"https:\/\/gastronomicament.cat\/wp-content\/uploads\/2016\/09\/header-logo.jpg","width":277,"height":39,"caption":"Gastron\u00f2micament"},"image":{"@id":"https:\/\/gastronomicament.cat\/ca\/#\/schema\/logo\/image\/"},"sameAs":["https:\/\/x.com\/gastronomicamen"]}]}},"_links":{"self":[{"href":"https:\/\/gastronomicament.cat\/ca\/wp-json\/wp\/v2\/restaurant\/15977","targetHints":{"allow":["GET"]}}],"collection":[{"href":"https:\/\/gastronomicament.cat\/ca\/wp-json\/wp\/v2\/restaurant"}],"about":[{"href":"https:\/\/gastronomicament.cat\/ca\/wp-json\/wp\/v2\/types\/restaurant"}],"author":[{"embeddable":true,"href":"https:\/\/gastronomicament.cat\/ca\/wp-json\/wp\/v2\/users\/1"}],"replies":[{"embeddable":true,"href":"https:\/\/gastronomicament.cat\/ca\/wp-json\/wp\/v2\/comments?post=15977"}],"version-history":[{"count":0,"href":"https:\/\/gastronomicament.cat\/ca\/wp-json\/wp\/v2\/restaurant\/15977\/revisions"}],"wp:featuredmedia":[{"embeddable":true,"href":"https:\/\/gastronomicament.cat\/ca\/wp-json\/wp\/v2\/media\/15980"}],"wp:attachment":[{"href":"https:\/\/gastronomicament.cat\/ca\/wp-json\/wp\/v2\/media?parent=15977"}],"wp:term":[{"taxonomy":"category","embeddable":true,"href":"https:\/\/gastronomicament.cat\/ca\/wp-json\/wp\/v2\/categories?post=15977"},{"taxonomy":"destacatper","embeddable":true,"href":"https:\/\/gastronomicament.cat\/ca\/wp-json\/wp\/v2\/destacatper?post=15977"},{"taxonomy":"especialitat","embeddable":true,"href":"https:\/\/gastronomicament.cat\/ca\/wp-json\/wp\/v2\/especialitat?post=15977"},{"taxonomy":"localitat","embeddable":true,"href":"https:\/\/gastronomicament.cat\/ca\/wp-json\/wp\/v2\/localitat?post=15977"},{"taxonomy":"author","embeddable":true,"href":"https:\/\/gastronomicament.cat\/ca\/wp-json\/wp\/v2\/coauthors?post=15977"}],"curies":[{"name":"wp","href":"https:\/\/api.w.org\/{rel}","templated":true}]}}

<p>A Espigolant hi trobareu un lloc per gaudir del bon vi. Hi podeu trobar més de 300 referències en vi de qualitat. El creador d&#8217;aquest espai és Pere Palou, amant de la bona cuina i del bon beure.</p>
<p>També hi podeu fer tapes per acompanyar tranquil·lament amb un bon vi i bona companyia com el salmó fumat amb trempó, l&#8217;ensalada de tomàtiga amb bacallà. Preparan de forma casolana el pesto vermell que acompanya la tonyina fumada. En Pere Palou també prepara els seitons i torra els pebres que els acompanyen. No hi falta la taula de formatges amb codonyat o el bon pernil i el foie.</p>
<p>També hi trobareu vermut, servit amb diferents fruites que aromatitzen cada glop.</p>
<p>Espigolant està situal al carrer Passeig Mallorca de Palma. Hi trobareu un reservat ideal per a 6-8 persones.<!--more--></p>

<p>A Espigolant hi trobareu un lloc per gaudir del bon vi. Hi podeu trobar més de&hellip;</p>

[:ca]Obert de dimarts a dissabte[:en]Open from Tuesday to Saturday[:es]Abierto de martes a sábado[:de]Geöffnet: Dienstags-Samstags

<!-- This site is optimized with the Yoast SEO plugin v27.4 - https://yoast.com/product/yoast-seo-wordpress/ -->
<title>Espigolant. Vi i teca</title>
<meta name="description" content="Espigolant. Vi i teca Gastrobar Palma" />
<meta name="robots" content="index, follow, max-snippet:-1, max-image-preview:large, max-video-preview:-1" />
<link rel="canonical" href="https://gastronomicament.cat/ca/restaurant/espigolant-vi-teca" />
<meta property="og:locale" content="ca_ES" />
<meta property="og:type" content="article" />
<meta property="og:title" content="Espigolant. Vi i teca" />
<meta property="og:description" content="Espigolant. Vi i teca Gastrobar Palma" />
<meta property="og:url" content="https://gastronomicament.cat/ca/restaurant/espigolant-vi-teca" />
<meta property="og:site_name" content="Gastronòmicament" />
<meta property="article:modified_time" content="2023-10-05T08:22:41+00:00" />
<meta property="og:image" content="https://gastronomicament.cat/wp-content/uploads/2015/04/espigolant-vinoteca-tapas-palma-mallorca.jpg" />
	<meta property="og:image:width" content="1800" />
	<meta property="og:image:height" content="1196" />
	<meta property="og:image:type" content="image/jpeg" />
<meta name="twitter:card" content="summary_large_image" />
<meta name="twitter:site" content="@gastronomicamen" />
<meta name="twitter:label1" content="Est. reading time" />
	<meta name="twitter:data1" content="1 minute" />
	<meta name="twitter:label2" content="Written by" />
	<meta name="twitter:data2" content="Redacció" />
<script type="application/ld+json" class="yoast-schema-graph">{"@context":"https:\/\/schema.org","@graph":[{"@type":"WebPage","@id":"https:\/\/gastronomicament.cat\/ca\/restaurant\/espigolant-vi-teca","url":"https:\/\/gastronomicament.cat\/ca\/restaurant\/espigolant-vi-teca","name":"Espigolant. Vi i teca","isPartOf":{"@id":"https:\/\/gastronomicament.cat\/ca\/#website"},"primaryImageOfPage":{"@id":"https:\/\/gastronomicament.cat\/ca\/restaurant\/espigolant-vi-teca#primaryimage"},"image":{"@id":"https:\/\/gastronomicament.cat\/ca\/restaurant\/espigolant-vi-teca#primaryimage"},"thumbnailUrl":"https:\/\/gastronomicament.cat\/wp-content\/uploads\/2015\/04\/espigolant-vinoteca-tapas-palma-mallorca.jpg","datePublished":"2015-04-09T22:05:15+00:00","dateModified":"2023-10-05T08:22:41+00:00","description":"Espigolant. Vi i teca Gastrobar Palma","breadcrumb":{"@id":"https:\/\/gastronomicament.cat\/ca\/restaurant\/espigolant-vi-teca#breadcrumb"},"inLanguage":"ca-ES","potentialAction":[{"@type":"ReadAction","target":["https:\/\/gastronomicament.cat\/ca\/restaurant\/espigolant-vi-teca"]}]},{"@type":"ImageObject","inLanguage":"ca-ES","@id":"https:\/\/gastronomicament.cat\/ca\/restaurant\/espigolant-vi-teca#primaryimage","url":"https:\/\/gastronomicament.cat\/wp-content\/uploads\/2015\/04\/espigolant-vinoteca-tapas-palma-mallorca.jpg","contentUrl":"https:\/\/gastronomicament.cat\/wp-content\/uploads\/2015\/04\/espigolant-vinoteca-tapas-palma-mallorca.jpg","width":1800,"height":1196},{"@type":"BreadcrumbList","@id":"https:\/\/gastronomicament.cat\/ca\/restaurant\/espigolant-vi-teca#breadcrumb","itemListElement":[{"@type":"ListItem","position":1,"name":"Restaurants","item":"https:\/\/gastronomicament.cat\/ca\/restaurants"},{"@type":"ListItem","position":2,"name":"Espigolant. Vi i teca"}]},{"@type":"WebSite","@id":"https:\/\/gastronomicament.cat\/ca\/#website","url":"https:\/\/gastronomicament.cat\/ca\/","name":"Gastronòmicament","description":"Portal de restaurants, receptes i actualitat gastronòmica","publisher":{"@id":"https:\/\/gastronomicament.cat\/ca\/#organization"},"potentialAction":[{"@type":"SearchAction","target":{"@type":"EntryPoint","urlTemplate":"https:\/\/gastronomicament.cat\/ca\/?s={search_term_string}"},"query-input":{"@type":"PropertyValueSpecification","valueRequired":true,"valueName":"search_term_string"}}],"inLanguage":"ca-ES"},{"@type":"Organization","@id":"https:\/\/gastronomicament.cat\/ca\/#organization","name":"Gastronòmicament","url":"https:\/\/gastronomicament.cat\/ca\/","logo":{"@type":"ImageObject","inLanguage":"ca-ES","@id":"https:\/\/gastronomicament.cat\/ca\/#\/schema\/logo\/image\/","url":"https:\/\/gastronomicament.cat\/wp-content\/uploads\/2016\/09\/header-logo.jpg","contentUrl":"https:\/\/gastronomicament.cat\/wp-content\/uploads\/2016\/09\/header-logo.jpg","width":277,"height":39,"caption":"Gastronòmicament"},"image":{"@id":"https:\/\/gastronomicament.cat\/ca\/#\/schema\/logo\/image\/"},"sameAs":["https:\/\/x.com\/gastronomicamen"]}]}</script>
<!-- / Yoast SEO plugin. -->

Gastronòmicament

Redacció

Portal de restaurants, receptes i actualitat gastronòmica
