{"id":19049,"date":"2017-03-16T08:45:00","date_gmt":"2017-03-16T07:45:00","guid":{"rendered":"http:\/\/gastronomicament.cat\/?post_type=restaurant&#038;p=19049"},"modified":"2024-07-01T10:18:34","modified_gmt":"2024-07-01T08:18:34","slug":"cafe-la-tertulia","status":"publish","type":"restaurant","link":"https:\/\/gastronomicament.cat\/ca\/restaurant\/cafe-la-tertulia","title":{"rendered":"Caf\u00e8 La Tert\u00falia [Tancat]"},"content":{"rendered":"<p style=\"text-align: center;\"><strong>[Tancat]<\/strong><\/p>\n<p>Com indica el nom d&#8217;aquest caf\u00e8, La Tert\u00falia convida a compartir moments, a parlar mentre es gaudeix d&#8217;un refresc, una cervesa o un suc. A la carta, hi destaquen propostes mallorquines, com la pinya, el Laccao, els Gelats de S\u00f3ller, la cervesa artesana Boc (feta a Cas Cerveser), els llonguets del Forn de la Gl\u00f2ria amb companatge del camp (formatge, pernil, fuet&#8230;) i de la mar (anxoves, seitons, salm\u00f3&#8230;) i, com \u00e9s natural, pambolis de pa moreno (y tamb\u00e9 pa sense gluten).<\/p>\n<p>I si voleu allargar el vespre, podeu optar per un\u00a0mojito d\u2019herbes dolces o una fosca (palo con cerveza), que s&#8217;afegeixen a l&#8217;habitual carta de propostes de quasi tots els bars.<\/p>\n<p>Tamb\u00e9 \u00e9s un local ideal per quedar i jugar a jocs de taula (els podeu dur de ca vostra). Hi trobareu llibres per llegir i compartir i, a m\u00e9s, tenen una part amb escenari hi fan actuacions musicals, teatrals i tot tipus d&#8217;esdeveniments. Si us interessa, telefonau-hi i demanau per la programaci\u00f3.<\/p>\n","protected":false},"excerpt":{"rendered":"<p>Com indica el nom d&#8217;aquest caf\u00e8, La Tert\u00falia convida a compartir moments, a parlar mentre es&hellip;<\/p>\n","protected":false},"author":1,"featured_media":19050,"menu_order":0,"comment_status":"open","ping_status":"closed","template":"","format":"gallery","meta":{"_acf_changed":false,"_swt_meta_header_display":false,"_swt_meta_footer_display":false,"_swt_meta_site_title_display":false,"_swt_meta_sticky_header":false,"_swt_meta_transparent_header":false,"direccio":"Carrer d\u2019Ausi\u00e0s March, 15 Palma","telefon":"971 09 30 74.","web":"www.latertuliacafeteatre.com","horari":"[:ca]Obert a partir de les 19 hores. Diumenge i dilluns tancat [:en]Open from 7 PM. Sunday and Monday closed. [:es]Abierto a partir de las 19 h. Domingo y lunes cerrado. [:de]Ge\u00f6ffnet ab 7 PM Uhr. Sonntag und Montag geschlossen.","preumitja":"","observacions":"","footnotes":""},"categories":[1,943],"destacatper":[],"especialitat":[],"localitat":[],"coauthors":[2053],"class_list":["post-19049","restaurant","type-restaurant","status-publish","format-gallery","has-post-thumbnail","hentry","category-restaurants","category-tancat"],"acf":{"gallery":null,"home_date":{"home_begin_date":null,"home_end_date":null}},"yoast_head":"<!-- This site is optimized with the Yoast SEO plugin v27.4 - https:\/\/yoast.com\/product\/yoast-seo-wordpress\/ -->\n<title>Caf\u00e8 La Tert\u00falia [Tancat] - Gastron\u00f2micament<\/title>\n<meta name=\"robots\" content=\"index, follow, max-snippet:-1, max-image-preview:large, max-video-preview:-1\" \/>\n<link rel=\"canonical\" href=\"https:\/\/gastronomicament.cat\/ca\/restaurant\/cafe-la-tertulia\" \/>\n<meta property=\"og:locale\" content=\"ca_ES\" \/>\n<meta property=\"og:type\" content=\"article\" \/>\n<meta property=\"og:title\" content=\"Caf\u00e8 La Tert\u00falia [Tancat] - Gastron\u00f2micament\" \/>\n<meta property=\"og:description\" content=\"Com indica el nom d&#039;aquest caf\u00e8, La Tert\u00falia convida a compartir moments, a parlar mentre es&hellip;\" \/>\n<meta property=\"og:url\" content=\"https:\/\/gastronomicament.cat\/ca\/restaurant\/cafe-la-tertulia\" \/>\n<meta property=\"og:site_name\" content=\"Gastron\u00f2micament\" \/>\n<meta property=\"article:modified_time\" content=\"2024-07-01T08:18:34+00:00\" \/>\n<meta property=\"og:image\" content=\"https:\/\/gastronomicament.cat\/wp-content\/uploads\/2017\/03\/Cafe-La-Tertulia-Palma.jpg\" \/>\n\t<meta property=\"og:image:width\" content=\"1800\" \/>\n\t<meta property=\"og:image:height\" content=\"1202\" \/>\n\t<meta property=\"og:image:type\" content=\"image\/jpeg\" \/>\n<meta name=\"twitter:card\" content=\"summary_large_image\" \/>\n<meta name=\"twitter:site\" content=\"@gastronomicamen\" \/>\n<meta name=\"twitter:label1\" content=\"Est. reading time\" \/>\n\t<meta name=\"twitter:data1\" content=\"2 minutes\" \/>\n\t<meta name=\"twitter:label2\" content=\"Written by\" \/>\n\t<meta name=\"twitter:data2\" content=\"Redacci\u00f3\" \/>\n<script type=\"application\/ld+json\" class=\"yoast-schema-graph\">{\"@context\":\"https:\\\/\\\/schema.org\",\"@graph\":[{\"@type\":\"WebPage\",\"@id\":\"https:\\\/\\\/gastronomicament.cat\\\/ca\\\/restaurant\\\/cafe-la-tertulia\",\"url\":\"https:\\\/\\\/gastronomicament.cat\\\/ca\\\/restaurant\\\/cafe-la-tertulia\",\"name\":\"Caf\u00e8 La Tert\u00falia [Tancat] - Gastron\u00f2micament\",\"isPartOf\":{\"@id\":\"https:\\\/\\\/gastronomicament.cat\\\/ca\\\/#website\"},\"primaryImageOfPage\":{\"@id\":\"https:\\\/\\\/gastronomicament.cat\\\/ca\\\/restaurant\\\/cafe-la-tertulia#primaryimage\"},\"image\":{\"@id\":\"https:\\\/\\\/gastronomicament.cat\\\/ca\\\/restaurant\\\/cafe-la-tertulia#primaryimage\"},\"thumbnailUrl\":\"https:\\\/\\\/gastronomicament.cat\\\/wp-content\\\/uploads\\\/2017\\\/03\\\/Cafe-La-Tertulia-Palma.jpg\",\"datePublished\":\"2017-03-16T07:45:00+00:00\",\"dateModified\":\"2024-07-01T08:18:34+00:00\",\"breadcrumb\":{\"@id\":\"https:\\\/\\\/gastronomicament.cat\\\/ca\\\/restaurant\\\/cafe-la-tertulia#breadcrumb\"},\"inLanguage\":\"ca-ES\",\"potentialAction\":[{\"@type\":\"ReadAction\",\"target\":[\"https:\\\/\\\/gastronomicament.cat\\\/ca\\\/restaurant\\\/cafe-la-tertulia\"]}]},{\"@type\":\"ImageObject\",\"inLanguage\":\"ca-ES\",\"@id\":\"https:\\\/\\\/gastronomicament.cat\\\/ca\\\/restaurant\\\/cafe-la-tertulia#primaryimage\",\"url\":\"https:\\\/\\\/gastronomicament.cat\\\/wp-content\\\/uploads\\\/2017\\\/03\\\/Cafe-La-Tertulia-Palma.jpg\",\"contentUrl\":\"https:\\\/\\\/gastronomicament.cat\\\/wp-content\\\/uploads\\\/2017\\\/03\\\/Cafe-La-Tertulia-Palma.jpg\",\"width\":1800,\"height\":1202},{\"@type\":\"BreadcrumbList\",\"@id\":\"https:\\\/\\\/gastronomicament.cat\\\/ca\\\/restaurant\\\/cafe-la-tertulia#breadcrumb\",\"itemListElement\":[{\"@type\":\"ListItem\",\"position\":1,\"name\":\"Restaurants\",\"item\":\"https:\\\/\\\/gastronomicament.cat\\\/ca\\\/restaurants\"},{\"@type\":\"ListItem\",\"position\":2,\"name\":\"Caf\u00e8 La Tert\u00falia [Tancat]\"}]},{\"@type\":\"WebSite\",\"@id\":\"https:\\\/\\\/gastronomicament.cat\\\/ca\\\/#website\",\"url\":\"https:\\\/\\\/gastronomicament.cat\\\/ca\\\/\",\"name\":\"Gastron\u00f2micament\",\"description\":\"Portal de restaurants, receptes i actualitat gastron\u00f2mica\",\"publisher\":{\"@id\":\"https:\\\/\\\/gastronomicament.cat\\\/ca\\\/#organization\"},\"potentialAction\":[{\"@type\":\"SearchAction\",\"target\":{\"@type\":\"EntryPoint\",\"urlTemplate\":\"https:\\\/\\\/gastronomicament.cat\\\/ca\\\/?s={search_term_string}\"},\"query-input\":{\"@type\":\"PropertyValueSpecification\",\"valueRequired\":true,\"valueName\":\"search_term_string\"}}],\"inLanguage\":\"ca-ES\"},{\"@type\":\"Organization\",\"@id\":\"https:\\\/\\\/gastronomicament.cat\\\/ca\\\/#organization\",\"name\":\"Gastron\u00f2micament\",\"url\":\"https:\\\/\\\/gastronomicament.cat\\\/ca\\\/\",\"logo\":{\"@type\":\"ImageObject\",\"inLanguage\":\"ca-ES\",\"@id\":\"https:\\\/\\\/gastronomicament.cat\\\/ca\\\/#\\\/schema\\\/logo\\\/image\\\/\",\"url\":\"https:\\\/\\\/gastronomicament.cat\\\/wp-content\\\/uploads\\\/2016\\\/09\\\/header-logo.jpg\",\"contentUrl\":\"https:\\\/\\\/gastronomicament.cat\\\/wp-content\\\/uploads\\\/2016\\\/09\\\/header-logo.jpg\",\"width\":277,\"height\":39,\"caption\":\"Gastron\u00f2micament\"},\"image\":{\"@id\":\"https:\\\/\\\/gastronomicament.cat\\\/ca\\\/#\\\/schema\\\/logo\\\/image\\\/\"},\"sameAs\":[\"https:\\\/\\\/x.com\\\/gastronomicamen\"]}]}<\/script>\n<!-- \/ Yoast SEO plugin. -->","yoast_head_json":{"title":"Caf\u00e8 La Tert\u00falia [Tancat] - Gastron\u00f2micament","robots":{"index":"index","follow":"follow","max-snippet":"max-snippet:-1","max-image-preview":"max-image-preview:large","max-video-preview":"max-video-preview:-1"},"canonical":"https:\/\/gastronomicament.cat\/ca\/restaurant\/cafe-la-tertulia","og_locale":"ca_ES","og_type":"article","og_title":"Caf\u00e8 La Tert\u00falia [Tancat] - Gastron\u00f2micament","og_description":"Com indica el nom d'aquest caf\u00e8, La Tert\u00falia convida a compartir moments, a parlar mentre es&hellip;","og_url":"https:\/\/gastronomicament.cat\/ca\/restaurant\/cafe-la-tertulia","og_site_name":"Gastron\u00f2micament","article_modified_time":"2024-07-01T08:18:34+00:00","og_image":[{"width":1800,"height":1202,"url":"https:\/\/gastronomicament.cat\/wp-content\/uploads\/2017\/03\/Cafe-La-Tertulia-Palma.jpg","type":"image\/jpeg"}],"twitter_card":"summary_large_image","twitter_site":"@gastronomicamen","twitter_misc":{"Est. reading time":"2 minutes","Written by":"Redacci\u00f3"},"schema":{"@context":"https:\/\/schema.org","@graph":[{"@type":"WebPage","@id":"https:\/\/gastronomicament.cat\/ca\/restaurant\/cafe-la-tertulia","url":"https:\/\/gastronomicament.cat\/ca\/restaurant\/cafe-la-tertulia","name":"Caf\u00e8 La Tert\u00falia [Tancat] - Gastron\u00f2micament","isPartOf":{"@id":"https:\/\/gastronomicament.cat\/ca\/#website"},"primaryImageOfPage":{"@id":"https:\/\/gastronomicament.cat\/ca\/restaurant\/cafe-la-tertulia#primaryimage"},"image":{"@id":"https:\/\/gastronomicament.cat\/ca\/restaurant\/cafe-la-tertulia#primaryimage"},"thumbnailUrl":"https:\/\/gastronomicament.cat\/wp-content\/uploads\/2017\/03\/Cafe-La-Tertulia-Palma.jpg","datePublished":"2017-03-16T07:45:00+00:00","dateModified":"2024-07-01T08:18:34+00:00","breadcrumb":{"@id":"https:\/\/gastronomicament.cat\/ca\/restaurant\/cafe-la-tertulia#breadcrumb"},"inLanguage":"ca-ES","potentialAction":[{"@type":"ReadAction","target":["https:\/\/gastronomicament.cat\/ca\/restaurant\/cafe-la-tertulia"]}]},{"@type":"ImageObject","inLanguage":"ca-ES","@id":"https:\/\/gastronomicament.cat\/ca\/restaurant\/cafe-la-tertulia#primaryimage","url":"https:\/\/gastronomicament.cat\/wp-content\/uploads\/2017\/03\/Cafe-La-Tertulia-Palma.jpg","contentUrl":"https:\/\/gastronomicament.cat\/wp-content\/uploads\/2017\/03\/Cafe-La-Tertulia-Palma.jpg","width":1800,"height":1202},{"@type":"BreadcrumbList","@id":"https:\/\/gastronomicament.cat\/ca\/restaurant\/cafe-la-tertulia#breadcrumb","itemListElement":[{"@type":"ListItem","position":1,"name":"Restaurants","item":"https:\/\/gastronomicament.cat\/ca\/restaurants"},{"@type":"ListItem","position":2,"name":"Caf\u00e8 La Tert\u00falia [Tancat]"}]},{"@type":"WebSite","@id":"https:\/\/gastronomicament.cat\/ca\/#website","url":"https:\/\/gastronomicament.cat\/ca\/","name":"Gastron\u00f2micament","description":"Portal de restaurants, receptes i actualitat gastron\u00f2mica","publisher":{"@id":"https:\/\/gastronomicament.cat\/ca\/#organization"},"potentialAction":[{"@type":"SearchAction","target":{"@type":"EntryPoint","urlTemplate":"https:\/\/gastronomicament.cat\/ca\/?s={search_term_string}"},"query-input":{"@type":"PropertyValueSpecification","valueRequired":true,"valueName":"search_term_string"}}],"inLanguage":"ca-ES"},{"@type":"Organization","@id":"https:\/\/gastronomicament.cat\/ca\/#organization","name":"Gastron\u00f2micament","url":"https:\/\/gastronomicament.cat\/ca\/","logo":{"@type":"ImageObject","inLanguage":"ca-ES","@id":"https:\/\/gastronomicament.cat\/ca\/#\/schema\/logo\/image\/","url":"https:\/\/gastronomicament.cat\/wp-content\/uploads\/2016\/09\/header-logo.jpg","contentUrl":"https:\/\/gastronomicament.cat\/wp-content\/uploads\/2016\/09\/header-logo.jpg","width":277,"height":39,"caption":"Gastron\u00f2micament"},"image":{"@id":"https:\/\/gastronomicament.cat\/ca\/#\/schema\/logo\/image\/"},"sameAs":["https:\/\/x.com\/gastronomicamen"]}]}},"_links":{"self":[{"href":"https:\/\/gastronomicament.cat\/ca\/wp-json\/wp\/v2\/restaurant\/19049","targetHints":{"allow":["GET"]}}],"collection":[{"href":"https:\/\/gastronomicament.cat\/ca\/wp-json\/wp\/v2\/restaurant"}],"about":[{"href":"https:\/\/gastronomicament.cat\/ca\/wp-json\/wp\/v2\/types\/restaurant"}],"author":[{"embeddable":true,"href":"https:\/\/gastronomicament.cat\/ca\/wp-json\/wp\/v2\/users\/1"}],"replies":[{"embeddable":true,"href":"https:\/\/gastronomicament.cat\/ca\/wp-json\/wp\/v2\/comments?post=19049"}],"version-history":[{"count":0,"href":"https:\/\/gastronomicament.cat\/ca\/wp-json\/wp\/v2\/restaurant\/19049\/revisions"}],"wp:featuredmedia":[{"embeddable":true,"href":"https:\/\/gastronomicament.cat\/ca\/wp-json\/wp\/v2\/media\/19050"}],"wp:attachment":[{"href":"https:\/\/gastronomicament.cat\/ca\/wp-json\/wp\/v2\/media?parent=19049"}],"wp:term":[{"taxonomy":"category","embeddable":true,"href":"https:\/\/gastronomicament.cat\/ca\/wp-json\/wp\/v2\/categories?post=19049"},{"taxonomy":"destacatper","embeddable":true,"href":"https:\/\/gastronomicament.cat\/ca\/wp-json\/wp\/v2\/destacatper?post=19049"},{"taxonomy":"especialitat","embeddable":true,"href":"https:\/\/gastronomicament.cat\/ca\/wp-json\/wp\/v2\/especialitat?post=19049"},{"taxonomy":"localitat","embeddable":true,"href":"https:\/\/gastronomicament.cat\/ca\/wp-json\/wp\/v2\/localitat?post=19049"},{"taxonomy":"author","embeddable":true,"href":"https:\/\/gastronomicament.cat\/ca\/wp-json\/wp\/v2\/coauthors?post=19049"}],"curies":[{"name":"wp","href":"https:\/\/api.w.org\/{rel}","templated":true}]}}

Cafè La Tertúlia [Tancat]

<p style="text-align: center;"><strong>[Tancat]</strong></p>
<p>Com indica el nom d&#8217;aquest cafè, La Tertúlia convida a compartir moments, a parlar mentre es gaudeix d&#8217;un refresc, una cervesa o un suc. A la carta, hi destaquen propostes mallorquines, com la pinya, el Laccao, els Gelats de Sóller, la cervesa artesana Boc (feta a Cas Cerveser), els llonguets del Forn de la Glòria amb companatge del camp (formatge, pernil, fuet&#8230;) i de la mar (anxoves, seitons, salmó&#8230;) i, com és natural, pambolis de pa moreno (y també pa sense gluten).</p>
<p>I si voleu allargar el vespre, podeu optar per un mojito d’herbes dolces o una fosca (palo con cerveza), que s&#8217;afegeixen a l&#8217;habitual carta de propostes de quasi tots els bars.</p>
<p>També és un local ideal per quedar i jugar a jocs de taula (els podeu dur de ca vostra). Hi trobareu llibres per llegir i compartir i, a més, tenen una part amb escenari hi fan actuacions musicals, teatrals i tot tipus d&#8217;esdeveniments. Si us interessa, telefonau-hi i demanau per la programació.</p>

<p>Com indica el nom d&#8217;aquest cafè, La Tertúlia convida a compartir moments, a parlar mentre es&hellip;</p>

Carrer d’Ausiàs March, 15 Palma

[:ca]Obert a partir de les 19 hores. Diumenge i dilluns tancat [:en]Open from 7 PM. Sunday and Monday closed. [:es]Abierto a partir de las 19 h. Domingo y lunes cerrado. [:de]Geöffnet ab 7 PM Uhr. Sonntag und Montag geschlossen.

<!-- This site is optimized with the Yoast SEO plugin v27.4 - https://yoast.com/product/yoast-seo-wordpress/ -->
<title>Cafè La Tertúlia [Tancat] - Gastronòmicament</title>
<meta name="robots" content="index, follow, max-snippet:-1, max-image-preview:large, max-video-preview:-1" />
<link rel="canonical" href="https://gastronomicament.cat/ca/restaurant/cafe-la-tertulia" />
<meta property="og:locale" content="ca_ES" />
<meta property="og:type" content="article" />
<meta property="og:title" content="Cafè La Tertúlia [Tancat] - Gastronòmicament" />
<meta property="og:description" content="Com indica el nom d&#039;aquest cafè, La Tertúlia convida a compartir moments, a parlar mentre es&hellip;" />
<meta property="og:url" content="https://gastronomicament.cat/ca/restaurant/cafe-la-tertulia" />
<meta property="og:site_name" content="Gastronòmicament" />
<meta property="article:modified_time" content="2024-07-01T08:18:34+00:00" />
<meta property="og:image" content="https://gastronomicament.cat/wp-content/uploads/2017/03/Cafe-La-Tertulia-Palma.jpg" />
	<meta property="og:image:width" content="1800" />
	<meta property="og:image:height" content="1202" />
	<meta property="og:image:type" content="image/jpeg" />
<meta name="twitter:card" content="summary_large_image" />
<meta name="twitter:site" content="@gastronomicamen" />
<meta name="twitter:label1" content="Est. reading time" />
	<meta name="twitter:data1" content="2 minutes" />
	<meta name="twitter:label2" content="Written by" />
	<meta name="twitter:data2" content="Redacció" />
<script type="application/ld+json" class="yoast-schema-graph">{"@context":"https:\/\/schema.org","@graph":[{"@type":"WebPage","@id":"https:\/\/gastronomicament.cat\/ca\/restaurant\/cafe-la-tertulia","url":"https:\/\/gastronomicament.cat\/ca\/restaurant\/cafe-la-tertulia","name":"Cafè La Tertúlia [Tancat] - Gastronòmicament","isPartOf":{"@id":"https:\/\/gastronomicament.cat\/ca\/#website"},"primaryImageOfPage":{"@id":"https:\/\/gastronomicament.cat\/ca\/restaurant\/cafe-la-tertulia#primaryimage"},"image":{"@id":"https:\/\/gastronomicament.cat\/ca\/restaurant\/cafe-la-tertulia#primaryimage"},"thumbnailUrl":"https:\/\/gastronomicament.cat\/wp-content\/uploads\/2017\/03\/Cafe-La-Tertulia-Palma.jpg","datePublished":"2017-03-16T07:45:00+00:00","dateModified":"2024-07-01T08:18:34+00:00","breadcrumb":{"@id":"https:\/\/gastronomicament.cat\/ca\/restaurant\/cafe-la-tertulia#breadcrumb"},"inLanguage":"ca-ES","potentialAction":[{"@type":"ReadAction","target":["https:\/\/gastronomicament.cat\/ca\/restaurant\/cafe-la-tertulia"]}]},{"@type":"ImageObject","inLanguage":"ca-ES","@id":"https:\/\/gastronomicament.cat\/ca\/restaurant\/cafe-la-tertulia#primaryimage","url":"https:\/\/gastronomicament.cat\/wp-content\/uploads\/2017\/03\/Cafe-La-Tertulia-Palma.jpg","contentUrl":"https:\/\/gastronomicament.cat\/wp-content\/uploads\/2017\/03\/Cafe-La-Tertulia-Palma.jpg","width":1800,"height":1202},{"@type":"BreadcrumbList","@id":"https:\/\/gastronomicament.cat\/ca\/restaurant\/cafe-la-tertulia#breadcrumb","itemListElement":[{"@type":"ListItem","position":1,"name":"Restaurants","item":"https:\/\/gastronomicament.cat\/ca\/restaurants"},{"@type":"ListItem","position":2,"name":"Cafè La Tertúlia [Tancat]"}]},{"@type":"WebSite","@id":"https:\/\/gastronomicament.cat\/ca\/#website","url":"https:\/\/gastronomicament.cat\/ca\/","name":"Gastronòmicament","description":"Portal de restaurants, receptes i actualitat gastronòmica","publisher":{"@id":"https:\/\/gastronomicament.cat\/ca\/#organization"},"potentialAction":[{"@type":"SearchAction","target":{"@type":"EntryPoint","urlTemplate":"https:\/\/gastronomicament.cat\/ca\/?s={search_term_string}"},"query-input":{"@type":"PropertyValueSpecification","valueRequired":true,"valueName":"search_term_string"}}],"inLanguage":"ca-ES"},{"@type":"Organization","@id":"https:\/\/gastronomicament.cat\/ca\/#organization","name":"Gastronòmicament","url":"https:\/\/gastronomicament.cat\/ca\/","logo":{"@type":"ImageObject","inLanguage":"ca-ES","@id":"https:\/\/gastronomicament.cat\/ca\/#\/schema\/logo\/image\/","url":"https:\/\/gastronomicament.cat\/wp-content\/uploads\/2016\/09\/header-logo.jpg","contentUrl":"https:\/\/gastronomicament.cat\/wp-content\/uploads\/2016\/09\/header-logo.jpg","width":277,"height":39,"caption":"Gastronòmicament"},"image":{"@id":"https:\/\/gastronomicament.cat\/ca\/#\/schema\/logo\/image\/"},"sameAs":["https:\/\/x.com\/gastronomicamen"]}]}</script>
<!-- / Yoast SEO plugin. -->

Cafè La Tertúlia [Tancat] - Gastronòmicament

Com indica el nom d'aquest cafè, La Tertúlia convida a compartir moments, a parlar mentre es&hellip;

Gastronòmicament

Redacció

Portal de restaurants, receptes i actualitat gastronòmica
