{"id":19676,"date":"2017-07-14T09:26:00","date_gmt":"2017-07-14T07:26:00","guid":{"rendered":"http:\/\/gastronomicament.cat\/?post_type=restaurant&#038;p=19676"},"modified":"2023-10-04T14:40:33","modified_gmt":"2023-10-04T12:40:33","slug":"restaurant-vandal","status":"publish","type":"restaurant","link":"https:\/\/gastronomicament.cat\/ca\/restaurant\/restaurant-vandal","title":{"rendered":"Restaurant Vandal"},"content":{"rendered":"<p>El cuiner argent\u00ed Bernab\u00e9 Caravotta presenta el seu projecte personal. Despr\u00e9s d&#8217;exercir durant 8 anys com a xef creatiu dels restaurants del grup Forn Project (Forn de Sant Joan, Omb\u00fa i Koa), ha creat aquest restaurant amb el cap de sala i sommelier Sebasti\u00e1n P\u00e9rez, qui tamb\u00e9 ha treballat cinc anys amb el grup Forn Project.<\/p>\n<p>El restaurant Vandal de Palma ofereix una cuina creativa i del m\u00f3n, amb tocs principalment orientals, on tamb\u00e9 hi \u00e9s present el producte local. A la carta hi trobareu opcions que es poden demanar individualment i, tamb\u00e9, per compartir. Totes duen un maridatge suggerent que \u00e9s opcional. Tamb\u00e9 indiquen la manera com s&#8217;han de menjar els plats (amb cullera, amb les mans o amb la forqueta).<\/p>\n<p>Hi hem tastat plats que ens han agradat molt com el corneto de ceviche amb escuma de coco, les lleteroles (mollejas, en espanyol) de vedella sobre patata i porro, amb pernil salat i confitura de clementina de S\u00f3ller, el t\u00e0rtar de tonyina, el past\u00eds crem\u00f3s de formatge o les postres anomenades Records d&#8217;infantesa, amb sucre, crispetes i peta-zetas.<\/p>\n<p>Cal destacar que Bernab\u00e9 Caravotta ha passat per les cuines de restaurants tan destacats com el Mirazur (Fran\u00e7a) amb 2 Estrelles Michelin con Mauro Colagreco; el Noma (Dinamarca) con Ren\u00e9 Redzepi; i El Blue Elephant Thai cooking school (Thailandia) amb Khun Nooror Somany Steppe.<\/p>\n","protected":false},"excerpt":{"rendered":"<p>El restaurant Vandal de Palma ofereix una cuina creativa i del m\u00f3n, amb tocs principalment orientals,&hellip;<\/p>\n","protected":false},"author":1,"featured_media":19677,"menu_order":0,"comment_status":"open","ping_status":"closed","template":"","format":"gallery","meta":{"_acf_changed":false,"_swt_meta_header_display":false,"_swt_meta_footer_display":false,"_swt_meta_site_title_display":false,"_swt_meta_sticky_header":false,"_swt_meta_transparent_header":false,"direccio":"Pla\u00e7a Progr\u00e9s, 15","telefon":"871045174 ","web":"www.vandalpalma.com","horari":"","preumitja":"","observacions":"[:ca]Dimarts tancat. Nom\u00e9s obert al vespre [:en]Tuesday closed. Only open at night[:es]Martes cerrado. Solo abierto por la noche[:de]Dienstag geschlossen. Nur nachts ge\u00f6ffnet","footnotes":""},"categories":[1],"destacatper":[],"especialitat":[565],"localitat":[788,21,549],"coauthors":[],"class_list":["post-19676","restaurant","type-restaurant","status-publish","format-gallery","has-post-thumbnail","hentry","category-restaurants","especialitat-cuina-creativa","localitat-mallorca","localitat-palma","localitat-santa-catalina-palma","preu-entre-20-i-30-euros"],"acf":{"gallery":null,"home_date":{"home_begin_date":null,"home_end_date":null}},"yoast_head":"<!-- This site is optimized with the Yoast SEO plugin v27.4 - https:\/\/yoast.com\/product\/yoast-seo-wordpress\/ -->\n<title>Restaurant Vandal - Gastron\u00f2micament<\/title>\n<meta name=\"robots\" content=\"index, follow, max-snippet:-1, max-image-preview:large, max-video-preview:-1\" \/>\n<link rel=\"canonical\" href=\"https:\/\/gastronomicament.cat\/ca\/restaurant\/restaurant-vandal\" \/>\n<meta property=\"og:locale\" content=\"ca_ES\" \/>\n<meta property=\"og:type\" content=\"article\" \/>\n<meta property=\"og:title\" content=\"Restaurant Vandal - Gastron\u00f2micament\" \/>\n<meta property=\"og:description\" content=\"El restaurant Vandal de Palma ofereix una cuina creativa i del m\u00f3n, amb tocs principalment orientals,&hellip;\" \/>\n<meta property=\"og:url\" content=\"https:\/\/gastronomicament.cat\/ca\/restaurant\/restaurant-vandal\" \/>\n<meta property=\"og:site_name\" content=\"Gastron\u00f2micament\" \/>\n<meta property=\"article:modified_time\" content=\"2023-10-04T12:40:33+00:00\" \/>\n<meta property=\"og:image\" content=\"https:\/\/gastronomicament.cat\/wp-content\/uploads\/2017\/07\/Bernabe-Caravotta-Restaurant-Vandal-Palma.jpg\" \/>\n\t<meta property=\"og:image:width\" content=\"1800\" \/>\n\t<meta property=\"og:image:height\" content=\"1202\" \/>\n\t<meta property=\"og:image:type\" content=\"image\/jpeg\" \/>\n<meta name=\"twitter:card\" content=\"summary_large_image\" \/>\n<meta name=\"twitter:site\" content=\"@gastronomicamen\" \/>\n<meta name=\"twitter:label1\" content=\"Est. reading time\" \/>\n\t<meta name=\"twitter:data1\" content=\"1 minute\" \/>\n\t<meta name=\"twitter:label2\" content=\"Written by\" \/>\n\t<meta name=\"twitter:data2\" content=\"Redacci\u00f3\" \/>\n<script type=\"application\/ld+json\" class=\"yoast-schema-graph\">{\"@context\":\"https:\\\/\\\/schema.org\",\"@graph\":[{\"@type\":\"WebPage\",\"@id\":\"https:\\\/\\\/gastronomicament.cat\\\/ca\\\/restaurant\\\/restaurant-vandal\",\"url\":\"https:\\\/\\\/gastronomicament.cat\\\/ca\\\/restaurant\\\/restaurant-vandal\",\"name\":\"Restaurant Vandal - Gastron\u00f2micament\",\"isPartOf\":{\"@id\":\"https:\\\/\\\/gastronomicament.cat\\\/ca\\\/#website\"},\"primaryImageOfPage\":{\"@id\":\"https:\\\/\\\/gastronomicament.cat\\\/ca\\\/restaurant\\\/restaurant-vandal#primaryimage\"},\"image\":{\"@id\":\"https:\\\/\\\/gastronomicament.cat\\\/ca\\\/restaurant\\\/restaurant-vandal#primaryimage\"},\"thumbnailUrl\":\"https:\\\/\\\/gastronomicament.cat\\\/wp-content\\\/uploads\\\/2017\\\/07\\\/Bernabe-Caravotta-Restaurant-Vandal-Palma.jpg\",\"datePublished\":\"2017-07-14T07:26:00+00:00\",\"dateModified\":\"2023-10-04T12:40:33+00:00\",\"breadcrumb\":{\"@id\":\"https:\\\/\\\/gastronomicament.cat\\\/ca\\\/restaurant\\\/restaurant-vandal#breadcrumb\"},\"inLanguage\":\"ca-ES\",\"potentialAction\":[{\"@type\":\"ReadAction\",\"target\":[\"https:\\\/\\\/gastronomicament.cat\\\/ca\\\/restaurant\\\/restaurant-vandal\"]}]},{\"@type\":\"ImageObject\",\"inLanguage\":\"ca-ES\",\"@id\":\"https:\\\/\\\/gastronomicament.cat\\\/ca\\\/restaurant\\\/restaurant-vandal#primaryimage\",\"url\":\"https:\\\/\\\/gastronomicament.cat\\\/wp-content\\\/uploads\\\/2017\\\/07\\\/Bernabe-Caravotta-Restaurant-Vandal-Palma.jpg\",\"contentUrl\":\"https:\\\/\\\/gastronomicament.cat\\\/wp-content\\\/uploads\\\/2017\\\/07\\\/Bernabe-Caravotta-Restaurant-Vandal-Palma.jpg\",\"width\":1800,\"height\":1202},{\"@type\":\"BreadcrumbList\",\"@id\":\"https:\\\/\\\/gastronomicament.cat\\\/ca\\\/restaurant\\\/restaurant-vandal#breadcrumb\",\"itemListElement\":[{\"@type\":\"ListItem\",\"position\":1,\"name\":\"Restaurants\",\"item\":\"https:\\\/\\\/gastronomicament.cat\\\/ca\\\/restaurants\"},{\"@type\":\"ListItem\",\"position\":2,\"name\":\"Restaurant Vandal\"}]},{\"@type\":\"WebSite\",\"@id\":\"https:\\\/\\\/gastronomicament.cat\\\/ca\\\/#website\",\"url\":\"https:\\\/\\\/gastronomicament.cat\\\/ca\\\/\",\"name\":\"Gastron\u00f2micament\",\"description\":\"Portal de restaurants, receptes i actualitat gastron\u00f2mica\",\"publisher\":{\"@id\":\"https:\\\/\\\/gastronomicament.cat\\\/ca\\\/#organization\"},\"potentialAction\":[{\"@type\":\"SearchAction\",\"target\":{\"@type\":\"EntryPoint\",\"urlTemplate\":\"https:\\\/\\\/gastronomicament.cat\\\/ca\\\/?s={search_term_string}\"},\"query-input\":{\"@type\":\"PropertyValueSpecification\",\"valueRequired\":true,\"valueName\":\"search_term_string\"}}],\"inLanguage\":\"ca-ES\"},{\"@type\":\"Organization\",\"@id\":\"https:\\\/\\\/gastronomicament.cat\\\/ca\\\/#organization\",\"name\":\"Gastron\u00f2micament\",\"url\":\"https:\\\/\\\/gastronomicament.cat\\\/ca\\\/\",\"logo\":{\"@type\":\"ImageObject\",\"inLanguage\":\"ca-ES\",\"@id\":\"https:\\\/\\\/gastronomicament.cat\\\/ca\\\/#\\\/schema\\\/logo\\\/image\\\/\",\"url\":\"https:\\\/\\\/gastronomicament.cat\\\/wp-content\\\/uploads\\\/2016\\\/09\\\/header-logo.jpg\",\"contentUrl\":\"https:\\\/\\\/gastronomicament.cat\\\/wp-content\\\/uploads\\\/2016\\\/09\\\/header-logo.jpg\",\"width\":277,\"height\":39,\"caption\":\"Gastron\u00f2micament\"},\"image\":{\"@id\":\"https:\\\/\\\/gastronomicament.cat\\\/ca\\\/#\\\/schema\\\/logo\\\/image\\\/\"},\"sameAs\":[\"https:\\\/\\\/x.com\\\/gastronomicamen\"]}]}<\/script>\n<!-- \/ Yoast SEO plugin. -->","yoast_head_json":{"title":"Restaurant Vandal - Gastron\u00f2micament","robots":{"index":"index","follow":"follow","max-snippet":"max-snippet:-1","max-image-preview":"max-image-preview:large","max-video-preview":"max-video-preview:-1"},"canonical":"https:\/\/gastronomicament.cat\/ca\/restaurant\/restaurant-vandal","og_locale":"ca_ES","og_type":"article","og_title":"Restaurant Vandal - Gastron\u00f2micament","og_description":"El restaurant Vandal de Palma ofereix una cuina creativa i del m\u00f3n, amb tocs principalment orientals,&hellip;","og_url":"https:\/\/gastronomicament.cat\/ca\/restaurant\/restaurant-vandal","og_site_name":"Gastron\u00f2micament","article_modified_time":"2023-10-04T12:40:33+00:00","og_image":[{"width":1800,"height":1202,"url":"https:\/\/gastronomicament.cat\/wp-content\/uploads\/2017\/07\/Bernabe-Caravotta-Restaurant-Vandal-Palma.jpg","type":"image\/jpeg"}],"twitter_card":"summary_large_image","twitter_site":"@gastronomicamen","twitter_misc":{"Est. reading time":"1 minute","Written by":"Redacci\u00f3"},"schema":{"@context":"https:\/\/schema.org","@graph":[{"@type":"WebPage","@id":"https:\/\/gastronomicament.cat\/ca\/restaurant\/restaurant-vandal","url":"https:\/\/gastronomicament.cat\/ca\/restaurant\/restaurant-vandal","name":"Restaurant Vandal - Gastron\u00f2micament","isPartOf":{"@id":"https:\/\/gastronomicament.cat\/ca\/#website"},"primaryImageOfPage":{"@id":"https:\/\/gastronomicament.cat\/ca\/restaurant\/restaurant-vandal#primaryimage"},"image":{"@id":"https:\/\/gastronomicament.cat\/ca\/restaurant\/restaurant-vandal#primaryimage"},"thumbnailUrl":"https:\/\/gastronomicament.cat\/wp-content\/uploads\/2017\/07\/Bernabe-Caravotta-Restaurant-Vandal-Palma.jpg","datePublished":"2017-07-14T07:26:00+00:00","dateModified":"2023-10-04T12:40:33+00:00","breadcrumb":{"@id":"https:\/\/gastronomicament.cat\/ca\/restaurant\/restaurant-vandal#breadcrumb"},"inLanguage":"ca-ES","potentialAction":[{"@type":"ReadAction","target":["https:\/\/gastronomicament.cat\/ca\/restaurant\/restaurant-vandal"]}]},{"@type":"ImageObject","inLanguage":"ca-ES","@id":"https:\/\/gastronomicament.cat\/ca\/restaurant\/restaurant-vandal#primaryimage","url":"https:\/\/gastronomicament.cat\/wp-content\/uploads\/2017\/07\/Bernabe-Caravotta-Restaurant-Vandal-Palma.jpg","contentUrl":"https:\/\/gastronomicament.cat\/wp-content\/uploads\/2017\/07\/Bernabe-Caravotta-Restaurant-Vandal-Palma.jpg","width":1800,"height":1202},{"@type":"BreadcrumbList","@id":"https:\/\/gastronomicament.cat\/ca\/restaurant\/restaurant-vandal#breadcrumb","itemListElement":[{"@type":"ListItem","position":1,"name":"Restaurants","item":"https:\/\/gastronomicament.cat\/ca\/restaurants"},{"@type":"ListItem","position":2,"name":"Restaurant Vandal"}]},{"@type":"WebSite","@id":"https:\/\/gastronomicament.cat\/ca\/#website","url":"https:\/\/gastronomicament.cat\/ca\/","name":"Gastron\u00f2micament","description":"Portal de restaurants, receptes i actualitat gastron\u00f2mica","publisher":{"@id":"https:\/\/gastronomicament.cat\/ca\/#organization"},"potentialAction":[{"@type":"SearchAction","target":{"@type":"EntryPoint","urlTemplate":"https:\/\/gastronomicament.cat\/ca\/?s={search_term_string}"},"query-input":{"@type":"PropertyValueSpecification","valueRequired":true,"valueName":"search_term_string"}}],"inLanguage":"ca-ES"},{"@type":"Organization","@id":"https:\/\/gastronomicament.cat\/ca\/#organization","name":"Gastron\u00f2micament","url":"https:\/\/gastronomicament.cat\/ca\/","logo":{"@type":"ImageObject","inLanguage":"ca-ES","@id":"https:\/\/gastronomicament.cat\/ca\/#\/schema\/logo\/image\/","url":"https:\/\/gastronomicament.cat\/wp-content\/uploads\/2016\/09\/header-logo.jpg","contentUrl":"https:\/\/gastronomicament.cat\/wp-content\/uploads\/2016\/09\/header-logo.jpg","width":277,"height":39,"caption":"Gastron\u00f2micament"},"image":{"@id":"https:\/\/gastronomicament.cat\/ca\/#\/schema\/logo\/image\/"},"sameAs":["https:\/\/x.com\/gastronomicamen"]}]}},"_links":{"self":[{"href":"https:\/\/gastronomicament.cat\/ca\/wp-json\/wp\/v2\/restaurant\/19676","targetHints":{"allow":["GET"]}}],"collection":[{"href":"https:\/\/gastronomicament.cat\/ca\/wp-json\/wp\/v2\/restaurant"}],"about":[{"href":"https:\/\/gastronomicament.cat\/ca\/wp-json\/wp\/v2\/types\/restaurant"}],"author":[{"embeddable":true,"href":"https:\/\/gastronomicament.cat\/ca\/wp-json\/wp\/v2\/users\/1"}],"replies":[{"embeddable":true,"href":"https:\/\/gastronomicament.cat\/ca\/wp-json\/wp\/v2\/comments?post=19676"}],"version-history":[{"count":0,"href":"https:\/\/gastronomicament.cat\/ca\/wp-json\/wp\/v2\/restaurant\/19676\/revisions"}],"wp:featuredmedia":[{"embeddable":true,"href":"https:\/\/gastronomicament.cat\/ca\/wp-json\/wp\/v2\/media\/19677"}],"wp:attachment":[{"href":"https:\/\/gastronomicament.cat\/ca\/wp-json\/wp\/v2\/media?parent=19676"}],"wp:term":[{"taxonomy":"category","embeddable":true,"href":"https:\/\/gastronomicament.cat\/ca\/wp-json\/wp\/v2\/categories?post=19676"},{"taxonomy":"destacatper","embeddable":true,"href":"https:\/\/gastronomicament.cat\/ca\/wp-json\/wp\/v2\/destacatper?post=19676"},{"taxonomy":"especialitat","embeddable":true,"href":"https:\/\/gastronomicament.cat\/ca\/wp-json\/wp\/v2\/especialitat?post=19676"},{"taxonomy":"localitat","embeddable":true,"href":"https:\/\/gastronomicament.cat\/ca\/wp-json\/wp\/v2\/localitat?post=19676"},{"taxonomy":"author","embeddable":true,"href":"https:\/\/gastronomicament.cat\/ca\/wp-json\/wp\/v2\/coauthors?post=19676"}],"curies":[{"name":"wp","href":"https:\/\/api.w.org\/{rel}","templated":true}]}}

<p>El cuiner argentí Bernabé Caravotta presenta el seu projecte personal. Després d&#8217;exercir durant 8 anys com a xef creatiu dels restaurants del grup Forn Project (Forn de Sant Joan, Ombú i Koa), ha creat aquest restaurant amb el cap de sala i sommelier Sebastián Pérez, qui també ha treballat cinc anys amb el grup Forn Project.</p>
<p>El restaurant Vandal de Palma ofereix una cuina creativa i del món, amb tocs principalment orientals, on també hi és present el producte local. A la carta hi trobareu opcions que es poden demanar individualment i, també, per compartir. Totes duen un maridatge suggerent que és opcional. També indiquen la manera com s&#8217;han de menjar els plats (amb cullera, amb les mans o amb la forqueta).</p>
<p>Hi hem tastat plats que ens han agradat molt com el corneto de ceviche amb escuma de coco, les lleteroles (mollejas, en espanyol) de vedella sobre patata i porro, amb pernil salat i confitura de clementina de Sóller, el tàrtar de tonyina, el pastís cremós de formatge o les postres anomenades Records d&#8217;infantesa, amb sucre, crispetes i peta-zetas.</p>
<p>Cal destacar que Bernabé Caravotta ha passat per les cuines de restaurants tan destacats com el Mirazur (França) amb 2 Estrelles Michelin con Mauro Colagreco; el Noma (Dinamarca) con René Redzepi; i El Blue Elephant Thai cooking school (Thailandia) amb Khun Nooror Somany Steppe.</p>

<p>El restaurant Vandal de Palma ofereix una cuina creativa i del món, amb tocs principalment orientals,&hellip;</p>

Plaça Progrés, 15

[:ca]Dimarts tancat. Només obert al vespre [:en]Tuesday closed. Only open at night[:es]Martes cerrado. Solo abierto por la noche[:de]Dienstag geschlossen. Nur nachts geöffnet

<!-- This site is optimized with the Yoast SEO plugin v27.4 - https://yoast.com/product/yoast-seo-wordpress/ -->
<title>Restaurant Vandal - Gastronòmicament</title>
<meta name="robots" content="index, follow, max-snippet:-1, max-image-preview:large, max-video-preview:-1" />
<link rel="canonical" href="https://gastronomicament.cat/ca/restaurant/restaurant-vandal" />
<meta property="og:locale" content="ca_ES" />
<meta property="og:type" content="article" />
<meta property="og:title" content="Restaurant Vandal - Gastronòmicament" />
<meta property="og:description" content="El restaurant Vandal de Palma ofereix una cuina creativa i del món, amb tocs principalment orientals,&hellip;" />
<meta property="og:url" content="https://gastronomicament.cat/ca/restaurant/restaurant-vandal" />
<meta property="og:site_name" content="Gastronòmicament" />
<meta property="article:modified_time" content="2023-10-04T12:40:33+00:00" />
<meta property="og:image" content="https://gastronomicament.cat/wp-content/uploads/2017/07/Bernabe-Caravotta-Restaurant-Vandal-Palma.jpg" />
	<meta property="og:image:width" content="1800" />
	<meta property="og:image:height" content="1202" />
	<meta property="og:image:type" content="image/jpeg" />
<meta name="twitter:card" content="summary_large_image" />
<meta name="twitter:site" content="@gastronomicamen" />
<meta name="twitter:label1" content="Est. reading time" />
	<meta name="twitter:data1" content="1 minute" />
	<meta name="twitter:label2" content="Written by" />
	<meta name="twitter:data2" content="Redacció" />
<script type="application/ld+json" class="yoast-schema-graph">{"@context":"https:\/\/schema.org","@graph":[{"@type":"WebPage","@id":"https:\/\/gastronomicament.cat\/ca\/restaurant\/restaurant-vandal","url":"https:\/\/gastronomicament.cat\/ca\/restaurant\/restaurant-vandal","name":"Restaurant Vandal - Gastronòmicament","isPartOf":{"@id":"https:\/\/gastronomicament.cat\/ca\/#website"},"primaryImageOfPage":{"@id":"https:\/\/gastronomicament.cat\/ca\/restaurant\/restaurant-vandal#primaryimage"},"image":{"@id":"https:\/\/gastronomicament.cat\/ca\/restaurant\/restaurant-vandal#primaryimage"},"thumbnailUrl":"https:\/\/gastronomicament.cat\/wp-content\/uploads\/2017\/07\/Bernabe-Caravotta-Restaurant-Vandal-Palma.jpg","datePublished":"2017-07-14T07:26:00+00:00","dateModified":"2023-10-04T12:40:33+00:00","breadcrumb":{"@id":"https:\/\/gastronomicament.cat\/ca\/restaurant\/restaurant-vandal#breadcrumb"},"inLanguage":"ca-ES","potentialAction":[{"@type":"ReadAction","target":["https:\/\/gastronomicament.cat\/ca\/restaurant\/restaurant-vandal"]}]},{"@type":"ImageObject","inLanguage":"ca-ES","@id":"https:\/\/gastronomicament.cat\/ca\/restaurant\/restaurant-vandal#primaryimage","url":"https:\/\/gastronomicament.cat\/wp-content\/uploads\/2017\/07\/Bernabe-Caravotta-Restaurant-Vandal-Palma.jpg","contentUrl":"https:\/\/gastronomicament.cat\/wp-content\/uploads\/2017\/07\/Bernabe-Caravotta-Restaurant-Vandal-Palma.jpg","width":1800,"height":1202},{"@type":"BreadcrumbList","@id":"https:\/\/gastronomicament.cat\/ca\/restaurant\/restaurant-vandal#breadcrumb","itemListElement":[{"@type":"ListItem","position":1,"name":"Restaurants","item":"https:\/\/gastronomicament.cat\/ca\/restaurants"},{"@type":"ListItem","position":2,"name":"Restaurant Vandal"}]},{"@type":"WebSite","@id":"https:\/\/gastronomicament.cat\/ca\/#website","url":"https:\/\/gastronomicament.cat\/ca\/","name":"Gastronòmicament","description":"Portal de restaurants, receptes i actualitat gastronòmica","publisher":{"@id":"https:\/\/gastronomicament.cat\/ca\/#organization"},"potentialAction":[{"@type":"SearchAction","target":{"@type":"EntryPoint","urlTemplate":"https:\/\/gastronomicament.cat\/ca\/?s={search_term_string}"},"query-input":{"@type":"PropertyValueSpecification","valueRequired":true,"valueName":"search_term_string"}}],"inLanguage":"ca-ES"},{"@type":"Organization","@id":"https:\/\/gastronomicament.cat\/ca\/#organization","name":"Gastronòmicament","url":"https:\/\/gastronomicament.cat\/ca\/","logo":{"@type":"ImageObject","inLanguage":"ca-ES","@id":"https:\/\/gastronomicament.cat\/ca\/#\/schema\/logo\/image\/","url":"https:\/\/gastronomicament.cat\/wp-content\/uploads\/2016\/09\/header-logo.jpg","contentUrl":"https:\/\/gastronomicament.cat\/wp-content\/uploads\/2016\/09\/header-logo.jpg","width":277,"height":39,"caption":"Gastronòmicament"},"image":{"@id":"https:\/\/gastronomicament.cat\/ca\/#\/schema\/logo\/image\/"},"sameAs":["https:\/\/x.com\/gastronomicamen"]}]}</script>
<!-- / Yoast SEO plugin. -->

Restaurant Vandal - Gastronòmicament

El restaurant Vandal de Palma ofereix una cuina creativa i del món, amb tocs principalment orientals,&hellip;

Gastronòmicament

Redacció

Portal de restaurants, receptes i actualitat gastronòmica
