{"id":83138,"date":"2023-07-13T10:07:15","date_gmt":"2023-07-13T08:07:15","guid":{"rendered":"https:\/\/gastronomicament.cat\/?post_type=restaurant&#038;p=83138"},"modified":"2023-10-04T14:12:10","modified_gmt":"2023-10-04T12:12:10","slug":"es-bullidor","status":"publish","type":"restaurant","link":"https:\/\/gastronomicament.cat\/ca\/restaurant\/es-bullidor","title":{"rendered":"Es Bullidor"},"content":{"rendered":"<p>Els berenars del mat\u00ed i el men\u00fa de migdia s\u00f3n els reclams del\u00a0<strong>restaurant Es Bullidor\u00a0<\/strong>de\u00a0<strong>Palma<\/strong>.<\/p>\n<p>Va obrir les portes el 24 de gener de 2022 i des de llavors, taxistes i altres persones que saben cercar on es menja b\u00e9, han trobat en aquest restaurant una fonda de refer\u00e8ncia. Cada setmana tenen un llonguet destacat, com per exemple el de llom amb pebres i alberg\u00ednies torrades.<\/p>\n<p>Els responsables s\u00f3n Justo, a la cuina, i Paulova, a la sala, que us faran sentir com si f\u00f3ssiu a ca vostra.<\/p>\n<p>Per dinar, hi trobareu diferents opcions: tapes i plats. Nosaltres hi hem tastat les croquetes casolanes, la rajada mallorquina a la bilbaina, l&#8217;escalivada amb anxoves de l&#8217;Escala, els calamars arrebossats i el past\u00eds de formatge.<\/p>\n<p>Tamb\u00e9 hi ha altres opciones, com ara els musclos, l&#8217;ensalada russa, els tacons, la truita de patates i ceba i les patates braves, com tamb\u00e9 els plats que canvien cada setmana.<\/p>\n","protected":false},"excerpt":{"rendered":"<p>Els berenars del mat\u00ed i el men\u00fa de migdia s\u00f3n els reclams del restaurant Es Bullidor&hellip;<\/p>\n","protected":false},"author":1,"featured_media":83165,"menu_order":0,"comment_status":"open","ping_status":"closed","template":"","format":"gallery","meta":{"_acf_changed":false,"_swt_meta_header_display":false,"_swt_meta_footer_display":false,"_swt_meta_site_title_display":false,"_swt_meta_sticky_header":false,"_swt_meta_transparent_header":false,"direccio":"Carrer de Jaume Ferran, 2","telefon":"871 57 16 01","web":"","horari":"[:ca]Obert de dilluns a divendres, de 7 a 17 hores [:en]Open from Monday to Friday, from 7 AM to 5 PM [:es]Abierto de lunes a viernes, de 7 a 17 horas [:de]Ge\u00f6ffnet von Montag bis Freitag von 7.00 bis 17.00 Uhr\r\n","preumitja":"","observacions":"","footnotes":""},"categories":[1],"destacatper":[979,544],"especialitat":[505,2093],"localitat":[788,21,572],"coauthors":[2053],"class_list":["post-83138","restaurant","type-restaurant","status-publish","format-gallery","has-post-thumbnail","hentry","category-restaurants","destacatper-local-amb-carta-en-catala","destacatper-menu-del-dia","especialitat-tapes","especialitat-variat","localitat-mallorca","localitat-palma","localitat-parc-de-les-estacions-palma","preu-entre-10-i-20-euros"],"acf":{"gallery":null,"home_date":{"home_begin_date":null,"home_end_date":null}},"yoast_head":"<!-- This site is optimized with the Yoast SEO plugin v27.4 - https:\/\/yoast.com\/product\/yoast-seo-wordpress\/ -->\n<title>Es Bullidor - Gastron\u00f2micament<\/title>\n<meta name=\"robots\" content=\"index, follow, max-snippet:-1, max-image-preview:large, max-video-preview:-1\" \/>\n<link rel=\"canonical\" href=\"https:\/\/gastronomicament.cat\/ca\/restaurant\/es-bullidor\" \/>\n<meta property=\"og:locale\" content=\"ca_ES\" \/>\n<meta property=\"og:type\" content=\"article\" \/>\n<meta property=\"og:title\" content=\"Es Bullidor - Gastron\u00f2micament\" \/>\n<meta property=\"og:description\" content=\"Els berenars del mat\u00ed i el men\u00fa de migdia s\u00f3n els reclams del restaurant Es Bullidor&hellip;\" \/>\n<meta property=\"og:url\" content=\"https:\/\/gastronomicament.cat\/ca\/restaurant\/es-bullidor\" \/>\n<meta property=\"og:site_name\" content=\"Gastron\u00f2micament\" \/>\n<meta property=\"article:modified_time\" content=\"2023-10-04T12:12:10+00:00\" \/>\n<meta property=\"og:image\" content=\"https:\/\/gastronomicament.cat\/wp-content\/uploads\/2023\/07\/Restaurant-Es-Bullidor-Palma.jpg\" \/>\n\t<meta property=\"og:image:width\" content=\"1800\" \/>\n\t<meta property=\"og:image:height\" content=\"1350\" \/>\n\t<meta property=\"og:image:type\" content=\"image\/jpeg\" \/>\n<meta name=\"twitter:card\" content=\"summary_large_image\" \/>\n<meta name=\"twitter:site\" content=\"@gastronomicamen\" \/>\n<meta name=\"twitter:label1\" content=\"Est. reading time\" \/>\n\t<meta name=\"twitter:data1\" content=\"1 minute\" \/>\n\t<meta name=\"twitter:label2\" content=\"Written by\" \/>\n\t<meta name=\"twitter:data2\" content=\"Redacci\u00f3\" \/>\n<script type=\"application\/ld+json\" class=\"yoast-schema-graph\">{\"@context\":\"https:\\\/\\\/schema.org\",\"@graph\":[{\"@type\":\"WebPage\",\"@id\":\"https:\\\/\\\/gastronomicament.cat\\\/ca\\\/restaurant\\\/es-bullidor\",\"url\":\"https:\\\/\\\/gastronomicament.cat\\\/ca\\\/restaurant\\\/es-bullidor\",\"name\":\"Es Bullidor - Gastron\u00f2micament\",\"isPartOf\":{\"@id\":\"https:\\\/\\\/gastronomicament.cat\\\/ca\\\/#website\"},\"primaryImageOfPage\":{\"@id\":\"https:\\\/\\\/gastronomicament.cat\\\/ca\\\/restaurant\\\/es-bullidor#primaryimage\"},\"image\":{\"@id\":\"https:\\\/\\\/gastronomicament.cat\\\/ca\\\/restaurant\\\/es-bullidor#primaryimage\"},\"thumbnailUrl\":\"https:\\\/\\\/gastronomicament.cat\\\/wp-content\\\/uploads\\\/2023\\\/07\\\/Restaurant-Es-Bullidor-Palma.jpg\",\"datePublished\":\"2023-07-13T08:07:15+00:00\",\"dateModified\":\"2023-10-04T12:12:10+00:00\",\"breadcrumb\":{\"@id\":\"https:\\\/\\\/gastronomicament.cat\\\/ca\\\/restaurant\\\/es-bullidor#breadcrumb\"},\"inLanguage\":\"ca-ES\",\"potentialAction\":[{\"@type\":\"ReadAction\",\"target\":[\"https:\\\/\\\/gastronomicament.cat\\\/ca\\\/restaurant\\\/es-bullidor\"]}]},{\"@type\":\"ImageObject\",\"inLanguage\":\"ca-ES\",\"@id\":\"https:\\\/\\\/gastronomicament.cat\\\/ca\\\/restaurant\\\/es-bullidor#primaryimage\",\"url\":\"https:\\\/\\\/gastronomicament.cat\\\/wp-content\\\/uploads\\\/2023\\\/07\\\/Restaurant-Es-Bullidor-Palma.jpg\",\"contentUrl\":\"https:\\\/\\\/gastronomicament.cat\\\/wp-content\\\/uploads\\\/2023\\\/07\\\/Restaurant-Es-Bullidor-Palma.jpg\",\"width\":1800,\"height\":1350},{\"@type\":\"BreadcrumbList\",\"@id\":\"https:\\\/\\\/gastronomicament.cat\\\/ca\\\/restaurant\\\/es-bullidor#breadcrumb\",\"itemListElement\":[{\"@type\":\"ListItem\",\"position\":1,\"name\":\"Restaurants\",\"item\":\"https:\\\/\\\/gastronomicament.cat\\\/ca\\\/restaurants\"},{\"@type\":\"ListItem\",\"position\":2,\"name\":\"Es Bullidor\"}]},{\"@type\":\"WebSite\",\"@id\":\"https:\\\/\\\/gastronomicament.cat\\\/ca\\\/#website\",\"url\":\"https:\\\/\\\/gastronomicament.cat\\\/ca\\\/\",\"name\":\"Gastron\u00f2micament\",\"description\":\"Portal de restaurants, receptes i actualitat gastron\u00f2mica\",\"publisher\":{\"@id\":\"https:\\\/\\\/gastronomicament.cat\\\/ca\\\/#organization\"},\"potentialAction\":[{\"@type\":\"SearchAction\",\"target\":{\"@type\":\"EntryPoint\",\"urlTemplate\":\"https:\\\/\\\/gastronomicament.cat\\\/ca\\\/?s={search_term_string}\"},\"query-input\":{\"@type\":\"PropertyValueSpecification\",\"valueRequired\":true,\"valueName\":\"search_term_string\"}}],\"inLanguage\":\"ca-ES\"},{\"@type\":\"Organization\",\"@id\":\"https:\\\/\\\/gastronomicament.cat\\\/ca\\\/#organization\",\"name\":\"Gastron\u00f2micament\",\"url\":\"https:\\\/\\\/gastronomicament.cat\\\/ca\\\/\",\"logo\":{\"@type\":\"ImageObject\",\"inLanguage\":\"ca-ES\",\"@id\":\"https:\\\/\\\/gastronomicament.cat\\\/ca\\\/#\\\/schema\\\/logo\\\/image\\\/\",\"url\":\"https:\\\/\\\/gastronomicament.cat\\\/wp-content\\\/uploads\\\/2016\\\/09\\\/header-logo.jpg\",\"contentUrl\":\"https:\\\/\\\/gastronomicament.cat\\\/wp-content\\\/uploads\\\/2016\\\/09\\\/header-logo.jpg\",\"width\":277,\"height\":39,\"caption\":\"Gastron\u00f2micament\"},\"image\":{\"@id\":\"https:\\\/\\\/gastronomicament.cat\\\/ca\\\/#\\\/schema\\\/logo\\\/image\\\/\"},\"sameAs\":[\"https:\\\/\\\/x.com\\\/gastronomicamen\"]}]}<\/script>\n<!-- \/ Yoast SEO plugin. -->","yoast_head_json":{"title":"Es Bullidor - Gastron\u00f2micament","robots":{"index":"index","follow":"follow","max-snippet":"max-snippet:-1","max-image-preview":"max-image-preview:large","max-video-preview":"max-video-preview:-1"},"canonical":"https:\/\/gastronomicament.cat\/ca\/restaurant\/es-bullidor","og_locale":"ca_ES","og_type":"article","og_title":"Es Bullidor - Gastron\u00f2micament","og_description":"Els berenars del mat\u00ed i el men\u00fa de migdia s\u00f3n els reclams del restaurant Es Bullidor&hellip;","og_url":"https:\/\/gastronomicament.cat\/ca\/restaurant\/es-bullidor","og_site_name":"Gastron\u00f2micament","article_modified_time":"2023-10-04T12:12:10+00:00","og_image":[{"width":1800,"height":1350,"url":"https:\/\/gastronomicament.cat\/wp-content\/uploads\/2023\/07\/Restaurant-Es-Bullidor-Palma.jpg","type":"image\/jpeg"}],"twitter_card":"summary_large_image","twitter_site":"@gastronomicamen","twitter_misc":{"Est. reading time":"1 minute","Written by":"Redacci\u00f3"},"schema":{"@context":"https:\/\/schema.org","@graph":[{"@type":"WebPage","@id":"https:\/\/gastronomicament.cat\/ca\/restaurant\/es-bullidor","url":"https:\/\/gastronomicament.cat\/ca\/restaurant\/es-bullidor","name":"Es Bullidor - Gastron\u00f2micament","isPartOf":{"@id":"https:\/\/gastronomicament.cat\/ca\/#website"},"primaryImageOfPage":{"@id":"https:\/\/gastronomicament.cat\/ca\/restaurant\/es-bullidor#primaryimage"},"image":{"@id":"https:\/\/gastronomicament.cat\/ca\/restaurant\/es-bullidor#primaryimage"},"thumbnailUrl":"https:\/\/gastronomicament.cat\/wp-content\/uploads\/2023\/07\/Restaurant-Es-Bullidor-Palma.jpg","datePublished":"2023-07-13T08:07:15+00:00","dateModified":"2023-10-04T12:12:10+00:00","breadcrumb":{"@id":"https:\/\/gastronomicament.cat\/ca\/restaurant\/es-bullidor#breadcrumb"},"inLanguage":"ca-ES","potentialAction":[{"@type":"ReadAction","target":["https:\/\/gastronomicament.cat\/ca\/restaurant\/es-bullidor"]}]},{"@type":"ImageObject","inLanguage":"ca-ES","@id":"https:\/\/gastronomicament.cat\/ca\/restaurant\/es-bullidor#primaryimage","url":"https:\/\/gastronomicament.cat\/wp-content\/uploads\/2023\/07\/Restaurant-Es-Bullidor-Palma.jpg","contentUrl":"https:\/\/gastronomicament.cat\/wp-content\/uploads\/2023\/07\/Restaurant-Es-Bullidor-Palma.jpg","width":1800,"height":1350},{"@type":"BreadcrumbList","@id":"https:\/\/gastronomicament.cat\/ca\/restaurant\/es-bullidor#breadcrumb","itemListElement":[{"@type":"ListItem","position":1,"name":"Restaurants","item":"https:\/\/gastronomicament.cat\/ca\/restaurants"},{"@type":"ListItem","position":2,"name":"Es Bullidor"}]},{"@type":"WebSite","@id":"https:\/\/gastronomicament.cat\/ca\/#website","url":"https:\/\/gastronomicament.cat\/ca\/","name":"Gastron\u00f2micament","description":"Portal de restaurants, receptes i actualitat gastron\u00f2mica","publisher":{"@id":"https:\/\/gastronomicament.cat\/ca\/#organization"},"potentialAction":[{"@type":"SearchAction","target":{"@type":"EntryPoint","urlTemplate":"https:\/\/gastronomicament.cat\/ca\/?s={search_term_string}"},"query-input":{"@type":"PropertyValueSpecification","valueRequired":true,"valueName":"search_term_string"}}],"inLanguage":"ca-ES"},{"@type":"Organization","@id":"https:\/\/gastronomicament.cat\/ca\/#organization","name":"Gastron\u00f2micament","url":"https:\/\/gastronomicament.cat\/ca\/","logo":{"@type":"ImageObject","inLanguage":"ca-ES","@id":"https:\/\/gastronomicament.cat\/ca\/#\/schema\/logo\/image\/","url":"https:\/\/gastronomicament.cat\/wp-content\/uploads\/2016\/09\/header-logo.jpg","contentUrl":"https:\/\/gastronomicament.cat\/wp-content\/uploads\/2016\/09\/header-logo.jpg","width":277,"height":39,"caption":"Gastron\u00f2micament"},"image":{"@id":"https:\/\/gastronomicament.cat\/ca\/#\/schema\/logo\/image\/"},"sameAs":["https:\/\/x.com\/gastronomicamen"]}]}},"_links":{"self":[{"href":"https:\/\/gastronomicament.cat\/ca\/wp-json\/wp\/v2\/restaurant\/83138","targetHints":{"allow":["GET"]}}],"collection":[{"href":"https:\/\/gastronomicament.cat\/ca\/wp-json\/wp\/v2\/restaurant"}],"about":[{"href":"https:\/\/gastronomicament.cat\/ca\/wp-json\/wp\/v2\/types\/restaurant"}],"author":[{"embeddable":true,"href":"https:\/\/gastronomicament.cat\/ca\/wp-json\/wp\/v2\/users\/1"}],"replies":[{"embeddable":true,"href":"https:\/\/gastronomicament.cat\/ca\/wp-json\/wp\/v2\/comments?post=83138"}],"version-history":[{"count":0,"href":"https:\/\/gastronomicament.cat\/ca\/wp-json\/wp\/v2\/restaurant\/83138\/revisions"}],"wp:featuredmedia":[{"embeddable":true,"href":"https:\/\/gastronomicament.cat\/ca\/wp-json\/wp\/v2\/media\/83165"}],"wp:attachment":[{"href":"https:\/\/gastronomicament.cat\/ca\/wp-json\/wp\/v2\/media?parent=83138"}],"wp:term":[{"taxonomy":"category","embeddable":true,"href":"https:\/\/gastronomicament.cat\/ca\/wp-json\/wp\/v2\/categories?post=83138"},{"taxonomy":"destacatper","embeddable":true,"href":"https:\/\/gastronomicament.cat\/ca\/wp-json\/wp\/v2\/destacatper?post=83138"},{"taxonomy":"especialitat","embeddable":true,"href":"https:\/\/gastronomicament.cat\/ca\/wp-json\/wp\/v2\/especialitat?post=83138"},{"taxonomy":"localitat","embeddable":true,"href":"https:\/\/gastronomicament.cat\/ca\/wp-json\/wp\/v2\/localitat?post=83138"},{"taxonomy":"author","embeddable":true,"href":"https:\/\/gastronomicament.cat\/ca\/wp-json\/wp\/v2\/coauthors?post=83138"}],"curies":[{"name":"wp","href":"https:\/\/api.w.org\/{rel}","templated":true}]}}

<p>Els berenars del matí i el menú de migdia són els reclams del <strong>restaurant Es Bullidor </strong>de <strong>Palma</strong>.</p>
<p>Va obrir les portes el 24 de gener de 2022 i des de llavors, taxistes i altres persones que saben cercar on es menja bé, han trobat en aquest restaurant una fonda de referència. Cada setmana tenen un llonguet destacat, com per exemple el de llom amb pebres i albergínies torrades.</p>
<p>Els responsables són Justo, a la cuina, i Paulova, a la sala, que us faran sentir com si fóssiu a ca vostra.</p>
<p>Per dinar, hi trobareu diferents opcions: tapes i plats. Nosaltres hi hem tastat les croquetes casolanes, la rajada mallorquina a la bilbaina, l&#8217;escalivada amb anxoves de l&#8217;Escala, els calamars arrebossats i el pastís de formatge.</p>
<p>També hi ha altres opciones, com ara els musclos, l&#8217;ensalada russa, els tacons, la truita de patates i ceba i les patates braves, com també els plats que canvien cada setmana.</p>

<p>Els berenars del matí i el menú de migdia són els reclams del restaurant Es Bullidor&hellip;</p>

[:ca]Obert de dilluns a divendres, de 7 a 17 hores [:en]Open from Monday to Friday, from 7 AM to 5 PM [:es]Abierto de lunes a viernes, de 7 a 17 horas [:de]Geöffnet von Montag bis Freitag von 7.00 bis 17.00 Uhr

<!-- This site is optimized with the Yoast SEO plugin v27.4 - https://yoast.com/product/yoast-seo-wordpress/ -->
<title>Es Bullidor - Gastronòmicament</title>
<meta name="robots" content="index, follow, max-snippet:-1, max-image-preview:large, max-video-preview:-1" />
<link rel="canonical" href="https://gastronomicament.cat/ca/restaurant/es-bullidor" />
<meta property="og:locale" content="ca_ES" />
<meta property="og:type" content="article" />
<meta property="og:title" content="Es Bullidor - Gastronòmicament" />
<meta property="og:description" content="Els berenars del matí i el menú de migdia són els reclams del restaurant Es Bullidor&hellip;" />
<meta property="og:url" content="https://gastronomicament.cat/ca/restaurant/es-bullidor" />
<meta property="og:site_name" content="Gastronòmicament" />
<meta property="article:modified_time" content="2023-10-04T12:12:10+00:00" />
<meta property="og:image" content="https://gastronomicament.cat/wp-content/uploads/2023/07/Restaurant-Es-Bullidor-Palma.jpg" />
	<meta property="og:image:width" content="1800" />
	<meta property="og:image:height" content="1350" />
	<meta property="og:image:type" content="image/jpeg" />
<meta name="twitter:card" content="summary_large_image" />
<meta name="twitter:site" content="@gastronomicamen" />
<meta name="twitter:label1" content="Est. reading time" />
	<meta name="twitter:data1" content="1 minute" />
	<meta name="twitter:label2" content="Written by" />
	<meta name="twitter:data2" content="Redacció" />
<script type="application/ld+json" class="yoast-schema-graph">{"@context":"https:\/\/schema.org","@graph":[{"@type":"WebPage","@id":"https:\/\/gastronomicament.cat\/ca\/restaurant\/es-bullidor","url":"https:\/\/gastronomicament.cat\/ca\/restaurant\/es-bullidor","name":"Es Bullidor - Gastronòmicament","isPartOf":{"@id":"https:\/\/gastronomicament.cat\/ca\/#website"},"primaryImageOfPage":{"@id":"https:\/\/gastronomicament.cat\/ca\/restaurant\/es-bullidor#primaryimage"},"image":{"@id":"https:\/\/gastronomicament.cat\/ca\/restaurant\/es-bullidor#primaryimage"},"thumbnailUrl":"https:\/\/gastronomicament.cat\/wp-content\/uploads\/2023\/07\/Restaurant-Es-Bullidor-Palma.jpg","datePublished":"2023-07-13T08:07:15+00:00","dateModified":"2023-10-04T12:12:10+00:00","breadcrumb":{"@id":"https:\/\/gastronomicament.cat\/ca\/restaurant\/es-bullidor#breadcrumb"},"inLanguage":"ca-ES","potentialAction":[{"@type":"ReadAction","target":["https:\/\/gastronomicament.cat\/ca\/restaurant\/es-bullidor"]}]},{"@type":"ImageObject","inLanguage":"ca-ES","@id":"https:\/\/gastronomicament.cat\/ca\/restaurant\/es-bullidor#primaryimage","url":"https:\/\/gastronomicament.cat\/wp-content\/uploads\/2023\/07\/Restaurant-Es-Bullidor-Palma.jpg","contentUrl":"https:\/\/gastronomicament.cat\/wp-content\/uploads\/2023\/07\/Restaurant-Es-Bullidor-Palma.jpg","width":1800,"height":1350},{"@type":"BreadcrumbList","@id":"https:\/\/gastronomicament.cat\/ca\/restaurant\/es-bullidor#breadcrumb","itemListElement":[{"@type":"ListItem","position":1,"name":"Restaurants","item":"https:\/\/gastronomicament.cat\/ca\/restaurants"},{"@type":"ListItem","position":2,"name":"Es Bullidor"}]},{"@type":"WebSite","@id":"https:\/\/gastronomicament.cat\/ca\/#website","url":"https:\/\/gastronomicament.cat\/ca\/","name":"Gastronòmicament","description":"Portal de restaurants, receptes i actualitat gastronòmica","publisher":{"@id":"https:\/\/gastronomicament.cat\/ca\/#organization"},"potentialAction":[{"@type":"SearchAction","target":{"@type":"EntryPoint","urlTemplate":"https:\/\/gastronomicament.cat\/ca\/?s={search_term_string}"},"query-input":{"@type":"PropertyValueSpecification","valueRequired":true,"valueName":"search_term_string"}}],"inLanguage":"ca-ES"},{"@type":"Organization","@id":"https:\/\/gastronomicament.cat\/ca\/#organization","name":"Gastronòmicament","url":"https:\/\/gastronomicament.cat\/ca\/","logo":{"@type":"ImageObject","inLanguage":"ca-ES","@id":"https:\/\/gastronomicament.cat\/ca\/#\/schema\/logo\/image\/","url":"https:\/\/gastronomicament.cat\/wp-content\/uploads\/2016\/09\/header-logo.jpg","contentUrl":"https:\/\/gastronomicament.cat\/wp-content\/uploads\/2016\/09\/header-logo.jpg","width":277,"height":39,"caption":"Gastronòmicament"},"image":{"@id":"https:\/\/gastronomicament.cat\/ca\/#\/schema\/logo\/image\/"},"sameAs":["https:\/\/x.com\/gastronomicamen"]}]}</script>
<!-- / Yoast SEO plugin. -->

Es Bullidor - Gastronòmicament

Els berenars del matí i el menú de migdia són els reclams del restaurant Es Bullidor&hellip;

Gastronòmicament

Redacció

Portal de restaurants, receptes i actualitat gastronòmica
