{"id":9095,"date":"2013-10-28T19:17:42","date_gmt":"2013-10-28T18:17:42","guid":{"rendered":"http:\/\/gastronomicament.cat\/?p=9095"},"modified":"2023-10-05T10:42:35","modified_gmt":"2023-10-05T08:42:35","slug":"la-fonda-de-soller","status":"publish","type":"restaurant","link":"https:\/\/gastronomicament.cat\/ca\/restaurant\/la-fonda-de-soller","title":{"rendered":"La Fonda de S\u00f3ller"},"content":{"rendered":"<p>La Fonda de S\u00f3ller \u00e9s una aposta segura per menjar b\u00e9 a Palma. Rafel Mart\u00ednez y Maria Ponce en s\u00f3n els responsables. En aquest restaurant situat a prop de la Rambla de Palma hi trobam una cuina honesta i de temporada.<\/p>\n<p>A la Fonda de S\u00f3ller, cada migdia hi trobareu molta varietat: Els dilluns, hi destaquen al men\u00fa dels plats vegetarians. Els dimarts, el rostit; el dimecres, el peix. Cada dijous hi fan bullit; els divendres, paelles a l&#8217;estil de mestre Tomeu Esteva; i cada dissabte hi s\u00f3n presents plats com l&#8217;arr\u00f2s brut, el bacall\u00e0 o l&#8217;entrecot. Mart\u00ednez t\u00e9 molt bona m\u00e0 amb els plats gr\u00e0cies al bon mestratge que va rebre de mestre Tomeu Esteva i d&#8217;Antoni Pinya.<\/p>\n<p>Tamb\u00e9 hi fan tapes i variats. Per cert, cada divendres vespre fan un men\u00fa dedicat a un gran cuiner.<!--more--><\/p>\n","protected":false},"excerpt":{"rendered":"<p>La Fonda de S\u00f3ller \u00e9s una aposta segura per menjar b\u00e9 a Palma. En aquest restaurant&hellip;<\/p>\n","protected":false},"author":1,"featured_media":9097,"menu_order":0,"comment_status":"open","ping_status":"closed","template":"","format":"gallery","meta":{"_acf_changed":false,"_swt_meta_header_display":false,"_swt_meta_footer_display":false,"_swt_meta_site_title_display":false,"_swt_meta_sticky_header":false,"_swt_meta_transparent_header":false,"direccio":"C. de Santiago Rusi\u00f1ol, 12","telefon":"971 71 17 69","web":"","horari":"[:ca]Diumenge tancat[:en]Closed on Sunday[:es]Domingo cerrado","preumitja":"10-15 euros","observacions":"","footnotes":""},"categories":[1],"destacatper":[],"especialitat":[539],"localitat":[506,21],"coauthors":[],"class_list":["post-9095","restaurant","type-restaurant","status-publish","format-gallery","has-post-thumbnail","hentry","category-restaurants","especialitat-cuina-mallorquina","localitat-centre-palma","localitat-palma","preu-entre-10-i-20-euros"],"acf":{"gallery":null,"home_date":{"home_begin_date":null,"home_end_date":null}},"yoast_head":"<!-- This site is optimized with the Yoast SEO plugin v27.4 - https:\/\/yoast.com\/product\/yoast-seo-wordpress\/ -->\n<title>Restaurant la Fonda de S\u00f3ller. Palma<\/title>\n<meta name=\"description\" content=\"Restaurant la Fonda de S\u00f3ller. Palma\" \/>\n<meta name=\"robots\" content=\"index, follow, max-snippet:-1, max-image-preview:large, max-video-preview:-1\" \/>\n<link rel=\"canonical\" href=\"https:\/\/gastronomicament.cat\/ca\/restaurant\/la-fonda-de-soller\" \/>\n<meta property=\"og:locale\" content=\"ca_ES\" \/>\n<meta property=\"og:type\" content=\"article\" \/>\n<meta property=\"og:title\" content=\"Restaurant la Fonda de S\u00f3ller. Palma\" \/>\n<meta property=\"og:description\" content=\"Restaurant la Fonda de S\u00f3ller. Palma\" \/>\n<meta property=\"og:url\" content=\"https:\/\/gastronomicament.cat\/ca\/restaurant\/la-fonda-de-soller\" \/>\n<meta property=\"og:site_name\" content=\"Gastron\u00f2micament\" \/>\n<meta property=\"article:modified_time\" content=\"2023-10-05T08:42:35+00:00\" \/>\n<meta property=\"og:image\" content=\"https:\/\/gastronomicament.cat\/wp-content\/uploads\/2013\/10\/aqui-teniu-la-clau-del-restaurant.jpg\" \/>\n\t<meta property=\"og:image:width\" content=\"1800\" \/>\n\t<meta property=\"og:image:height\" content=\"1196\" \/>\n\t<meta property=\"og:image:type\" content=\"image\/jpeg\" \/>\n<meta name=\"twitter:card\" content=\"summary_large_image\" \/>\n<meta name=\"twitter:site\" content=\"@gastronomicamen\" \/>\n<meta name=\"twitter:label1\" content=\"Est. reading time\" \/>\n\t<meta name=\"twitter:data1\" content=\"1 minute\" \/>\n\t<meta name=\"twitter:label2\" content=\"Written by\" \/>\n\t<meta name=\"twitter:data2\" content=\"Redacci\u00f3\" \/>\n<script type=\"application\/ld+json\" class=\"yoast-schema-graph\">{\"@context\":\"https:\\\/\\\/schema.org\",\"@graph\":[{\"@type\":\"WebPage\",\"@id\":\"https:\\\/\\\/gastronomicament.cat\\\/ca\\\/restaurant\\\/la-fonda-de-soller\",\"url\":\"https:\\\/\\\/gastronomicament.cat\\\/ca\\\/restaurant\\\/la-fonda-de-soller\",\"name\":\"Restaurant la Fonda de S\u00f3ller. Palma\",\"isPartOf\":{\"@id\":\"https:\\\/\\\/gastronomicament.cat\\\/ca\\\/#website\"},\"primaryImageOfPage\":{\"@id\":\"https:\\\/\\\/gastronomicament.cat\\\/ca\\\/restaurant\\\/la-fonda-de-soller#primaryimage\"},\"image\":{\"@id\":\"https:\\\/\\\/gastronomicament.cat\\\/ca\\\/restaurant\\\/la-fonda-de-soller#primaryimage\"},\"thumbnailUrl\":\"https:\\\/\\\/gastronomicament.cat\\\/wp-content\\\/uploads\\\/2013\\\/10\\\/aqui-teniu-la-clau-del-restaurant.jpg\",\"datePublished\":\"2013-10-28T18:17:42+00:00\",\"dateModified\":\"2023-10-05T08:42:35+00:00\",\"description\":\"Restaurant la Fonda de S\u00f3ller. Palma\",\"breadcrumb\":{\"@id\":\"https:\\\/\\\/gastronomicament.cat\\\/ca\\\/restaurant\\\/la-fonda-de-soller#breadcrumb\"},\"inLanguage\":\"ca-ES\",\"potentialAction\":[{\"@type\":\"ReadAction\",\"target\":[\"https:\\\/\\\/gastronomicament.cat\\\/ca\\\/restaurant\\\/la-fonda-de-soller\"]}]},{\"@type\":\"ImageObject\",\"inLanguage\":\"ca-ES\",\"@id\":\"https:\\\/\\\/gastronomicament.cat\\\/ca\\\/restaurant\\\/la-fonda-de-soller#primaryimage\",\"url\":\"https:\\\/\\\/gastronomicament.cat\\\/wp-content\\\/uploads\\\/2013\\\/10\\\/aqui-teniu-la-clau-del-restaurant.jpg\",\"contentUrl\":\"https:\\\/\\\/gastronomicament.cat\\\/wp-content\\\/uploads\\\/2013\\\/10\\\/aqui-teniu-la-clau-del-restaurant.jpg\",\"width\":1800,\"height\":1196},{\"@type\":\"BreadcrumbList\",\"@id\":\"https:\\\/\\\/gastronomicament.cat\\\/ca\\\/restaurant\\\/la-fonda-de-soller#breadcrumb\",\"itemListElement\":[{\"@type\":\"ListItem\",\"position\":1,\"name\":\"Restaurants\",\"item\":\"https:\\\/\\\/gastronomicament.cat\\\/ca\\\/restaurants\"},{\"@type\":\"ListItem\",\"position\":2,\"name\":\"La Fonda de S\u00f3ller\"}]},{\"@type\":\"WebSite\",\"@id\":\"https:\\\/\\\/gastronomicament.cat\\\/ca\\\/#website\",\"url\":\"https:\\\/\\\/gastronomicament.cat\\\/ca\\\/\",\"name\":\"Gastron\u00f2micament\",\"description\":\"Portal de restaurants, receptes i actualitat gastron\u00f2mica\",\"publisher\":{\"@id\":\"https:\\\/\\\/gastronomicament.cat\\\/ca\\\/#organization\"},\"potentialAction\":[{\"@type\":\"SearchAction\",\"target\":{\"@type\":\"EntryPoint\",\"urlTemplate\":\"https:\\\/\\\/gastronomicament.cat\\\/ca\\\/?s={search_term_string}\"},\"query-input\":{\"@type\":\"PropertyValueSpecification\",\"valueRequired\":true,\"valueName\":\"search_term_string\"}}],\"inLanguage\":\"ca-ES\"},{\"@type\":\"Organization\",\"@id\":\"https:\\\/\\\/gastronomicament.cat\\\/ca\\\/#organization\",\"name\":\"Gastron\u00f2micament\",\"url\":\"https:\\\/\\\/gastronomicament.cat\\\/ca\\\/\",\"logo\":{\"@type\":\"ImageObject\",\"inLanguage\":\"ca-ES\",\"@id\":\"https:\\\/\\\/gastronomicament.cat\\\/ca\\\/#\\\/schema\\\/logo\\\/image\\\/\",\"url\":\"https:\\\/\\\/gastronomicament.cat\\\/wp-content\\\/uploads\\\/2016\\\/09\\\/header-logo.jpg\",\"contentUrl\":\"https:\\\/\\\/gastronomicament.cat\\\/wp-content\\\/uploads\\\/2016\\\/09\\\/header-logo.jpg\",\"width\":277,\"height\":39,\"caption\":\"Gastron\u00f2micament\"},\"image\":{\"@id\":\"https:\\\/\\\/gastronomicament.cat\\\/ca\\\/#\\\/schema\\\/logo\\\/image\\\/\"},\"sameAs\":[\"https:\\\/\\\/x.com\\\/gastronomicamen\"]}]}<\/script>\n<!-- \/ Yoast SEO plugin. -->","yoast_head_json":{"title":"Restaurant la Fonda de S\u00f3ller. Palma","description":"Restaurant la Fonda de S\u00f3ller. Palma","robots":{"index":"index","follow":"follow","max-snippet":"max-snippet:-1","max-image-preview":"max-image-preview:large","max-video-preview":"max-video-preview:-1"},"canonical":"https:\/\/gastronomicament.cat\/ca\/restaurant\/la-fonda-de-soller","og_locale":"ca_ES","og_type":"article","og_title":"Restaurant la Fonda de S\u00f3ller. Palma","og_description":"Restaurant la Fonda de S\u00f3ller. Palma","og_url":"https:\/\/gastronomicament.cat\/ca\/restaurant\/la-fonda-de-soller","og_site_name":"Gastron\u00f2micament","article_modified_time":"2023-10-05T08:42:35+00:00","og_image":[{"width":1800,"height":1196,"url":"https:\/\/gastronomicament.cat\/wp-content\/uploads\/2013\/10\/aqui-teniu-la-clau-del-restaurant.jpg","type":"image\/jpeg"}],"twitter_card":"summary_large_image","twitter_site":"@gastronomicamen","twitter_misc":{"Est. reading time":"1 minute","Written by":"Redacci\u00f3"},"schema":{"@context":"https:\/\/schema.org","@graph":[{"@type":"WebPage","@id":"https:\/\/gastronomicament.cat\/ca\/restaurant\/la-fonda-de-soller","url":"https:\/\/gastronomicament.cat\/ca\/restaurant\/la-fonda-de-soller","name":"Restaurant la Fonda de S\u00f3ller. Palma","isPartOf":{"@id":"https:\/\/gastronomicament.cat\/ca\/#website"},"primaryImageOfPage":{"@id":"https:\/\/gastronomicament.cat\/ca\/restaurant\/la-fonda-de-soller#primaryimage"},"image":{"@id":"https:\/\/gastronomicament.cat\/ca\/restaurant\/la-fonda-de-soller#primaryimage"},"thumbnailUrl":"https:\/\/gastronomicament.cat\/wp-content\/uploads\/2013\/10\/aqui-teniu-la-clau-del-restaurant.jpg","datePublished":"2013-10-28T18:17:42+00:00","dateModified":"2023-10-05T08:42:35+00:00","description":"Restaurant la Fonda de S\u00f3ller. Palma","breadcrumb":{"@id":"https:\/\/gastronomicament.cat\/ca\/restaurant\/la-fonda-de-soller#breadcrumb"},"inLanguage":"ca-ES","potentialAction":[{"@type":"ReadAction","target":["https:\/\/gastronomicament.cat\/ca\/restaurant\/la-fonda-de-soller"]}]},{"@type":"ImageObject","inLanguage":"ca-ES","@id":"https:\/\/gastronomicament.cat\/ca\/restaurant\/la-fonda-de-soller#primaryimage","url":"https:\/\/gastronomicament.cat\/wp-content\/uploads\/2013\/10\/aqui-teniu-la-clau-del-restaurant.jpg","contentUrl":"https:\/\/gastronomicament.cat\/wp-content\/uploads\/2013\/10\/aqui-teniu-la-clau-del-restaurant.jpg","width":1800,"height":1196},{"@type":"BreadcrumbList","@id":"https:\/\/gastronomicament.cat\/ca\/restaurant\/la-fonda-de-soller#breadcrumb","itemListElement":[{"@type":"ListItem","position":1,"name":"Restaurants","item":"https:\/\/gastronomicament.cat\/ca\/restaurants"},{"@type":"ListItem","position":2,"name":"La Fonda de S\u00f3ller"}]},{"@type":"WebSite","@id":"https:\/\/gastronomicament.cat\/ca\/#website","url":"https:\/\/gastronomicament.cat\/ca\/","name":"Gastron\u00f2micament","description":"Portal de restaurants, receptes i actualitat gastron\u00f2mica","publisher":{"@id":"https:\/\/gastronomicament.cat\/ca\/#organization"},"potentialAction":[{"@type":"SearchAction","target":{"@type":"EntryPoint","urlTemplate":"https:\/\/gastronomicament.cat\/ca\/?s={search_term_string}"},"query-input":{"@type":"PropertyValueSpecification","valueRequired":true,"valueName":"search_term_string"}}],"inLanguage":"ca-ES"},{"@type":"Organization","@id":"https:\/\/gastronomicament.cat\/ca\/#organization","name":"Gastron\u00f2micament","url":"https:\/\/gastronomicament.cat\/ca\/","logo":{"@type":"ImageObject","inLanguage":"ca-ES","@id":"https:\/\/gastronomicament.cat\/ca\/#\/schema\/logo\/image\/","url":"https:\/\/gastronomicament.cat\/wp-content\/uploads\/2016\/09\/header-logo.jpg","contentUrl":"https:\/\/gastronomicament.cat\/wp-content\/uploads\/2016\/09\/header-logo.jpg","width":277,"height":39,"caption":"Gastron\u00f2micament"},"image":{"@id":"https:\/\/gastronomicament.cat\/ca\/#\/schema\/logo\/image\/"},"sameAs":["https:\/\/x.com\/gastronomicamen"]}]}},"_links":{"self":[{"href":"https:\/\/gastronomicament.cat\/ca\/wp-json\/wp\/v2\/restaurant\/9095","targetHints":{"allow":["GET"]}}],"collection":[{"href":"https:\/\/gastronomicament.cat\/ca\/wp-json\/wp\/v2\/restaurant"}],"about":[{"href":"https:\/\/gastronomicament.cat\/ca\/wp-json\/wp\/v2\/types\/restaurant"}],"author":[{"embeddable":true,"href":"https:\/\/gastronomicament.cat\/ca\/wp-json\/wp\/v2\/users\/1"}],"replies":[{"embeddable":true,"href":"https:\/\/gastronomicament.cat\/ca\/wp-json\/wp\/v2\/comments?post=9095"}],"version-history":[{"count":0,"href":"https:\/\/gastronomicament.cat\/ca\/wp-json\/wp\/v2\/restaurant\/9095\/revisions"}],"wp:featuredmedia":[{"embeddable":true,"href":"https:\/\/gastronomicament.cat\/ca\/wp-json\/wp\/v2\/media\/9097"}],"wp:attachment":[{"href":"https:\/\/gastronomicament.cat\/ca\/wp-json\/wp\/v2\/media?parent=9095"}],"wp:term":[{"taxonomy":"category","embeddable":true,"href":"https:\/\/gastronomicament.cat\/ca\/wp-json\/wp\/v2\/categories?post=9095"},{"taxonomy":"destacatper","embeddable":true,"href":"https:\/\/gastronomicament.cat\/ca\/wp-json\/wp\/v2\/destacatper?post=9095"},{"taxonomy":"especialitat","embeddable":true,"href":"https:\/\/gastronomicament.cat\/ca\/wp-json\/wp\/v2\/especialitat?post=9095"},{"taxonomy":"localitat","embeddable":true,"href":"https:\/\/gastronomicament.cat\/ca\/wp-json\/wp\/v2\/localitat?post=9095"},{"taxonomy":"author","embeddable":true,"href":"https:\/\/gastronomicament.cat\/ca\/wp-json\/wp\/v2\/coauthors?post=9095"}],"curies":[{"name":"wp","href":"https:\/\/api.w.org\/{rel}","templated":true}]}}

La Fonda de Sóller

<p>La Fonda de Sóller és una aposta segura per menjar bé a Palma. Rafel Martínez y Maria Ponce en són els responsables. En aquest restaurant situat a prop de la Rambla de Palma hi trobam una cuina honesta i de temporada.</p>
<p>A la Fonda de Sóller, cada migdia hi trobareu molta varietat: Els dilluns, hi destaquen al menú dels plats vegetarians. Els dimarts, el rostit; el dimecres, el peix. Cada dijous hi fan bullit; els divendres, paelles a l&#8217;estil de mestre Tomeu Esteva; i cada dissabte hi són presents plats com l&#8217;arròs brut, el bacallà o l&#8217;entrecot. Martínez té molt bona mà amb els plats gràcies al bon mestratge que va rebre de mestre Tomeu Esteva i d&#8217;Antoni Pinya.</p>
<p>També hi fan tapes i variats. Per cert, cada divendres vespre fan un menú dedicat a un gran cuiner.<!--more--></p>

<p>La Fonda de Sóller és una aposta segura per menjar bé a Palma. En aquest restaurant&hellip;</p>

C. de Santiago Rusiñol, 12

<!-- This site is optimized with the Yoast SEO plugin v27.4 - https://yoast.com/product/yoast-seo-wordpress/ -->
<title>Restaurant la Fonda de Sóller. Palma</title>
<meta name="description" content="Restaurant la Fonda de Sóller. Palma" />
<meta name="robots" content="index, follow, max-snippet:-1, max-image-preview:large, max-video-preview:-1" />
<link rel="canonical" href="https://gastronomicament.cat/ca/restaurant/la-fonda-de-soller" />
<meta property="og:locale" content="ca_ES" />
<meta property="og:type" content="article" />
<meta property="og:title" content="Restaurant la Fonda de Sóller. Palma" />
<meta property="og:description" content="Restaurant la Fonda de Sóller. Palma" />
<meta property="og:url" content="https://gastronomicament.cat/ca/restaurant/la-fonda-de-soller" />
<meta property="og:site_name" content="Gastronòmicament" />
<meta property="article:modified_time" content="2023-10-05T08:42:35+00:00" />
<meta property="og:image" content="https://gastronomicament.cat/wp-content/uploads/2013/10/aqui-teniu-la-clau-del-restaurant.jpg" />
	<meta property="og:image:width" content="1800" />
	<meta property="og:image:height" content="1196" />
	<meta property="og:image:type" content="image/jpeg" />
<meta name="twitter:card" content="summary_large_image" />
<meta name="twitter:site" content="@gastronomicamen" />
<meta name="twitter:label1" content="Est. reading time" />
	<meta name="twitter:data1" content="1 minute" />
	<meta name="twitter:label2" content="Written by" />
	<meta name="twitter:data2" content="Redacció" />
<script type="application/ld+json" class="yoast-schema-graph">{"@context":"https:\/\/schema.org","@graph":[{"@type":"WebPage","@id":"https:\/\/gastronomicament.cat\/ca\/restaurant\/la-fonda-de-soller","url":"https:\/\/gastronomicament.cat\/ca\/restaurant\/la-fonda-de-soller","name":"Restaurant la Fonda de Sóller. Palma","isPartOf":{"@id":"https:\/\/gastronomicament.cat\/ca\/#website"},"primaryImageOfPage":{"@id":"https:\/\/gastronomicament.cat\/ca\/restaurant\/la-fonda-de-soller#primaryimage"},"image":{"@id":"https:\/\/gastronomicament.cat\/ca\/restaurant\/la-fonda-de-soller#primaryimage"},"thumbnailUrl":"https:\/\/gastronomicament.cat\/wp-content\/uploads\/2013\/10\/aqui-teniu-la-clau-del-restaurant.jpg","datePublished":"2013-10-28T18:17:42+00:00","dateModified":"2023-10-05T08:42:35+00:00","description":"Restaurant la Fonda de Sóller. Palma","breadcrumb":{"@id":"https:\/\/gastronomicament.cat\/ca\/restaurant\/la-fonda-de-soller#breadcrumb"},"inLanguage":"ca-ES","potentialAction":[{"@type":"ReadAction","target":["https:\/\/gastronomicament.cat\/ca\/restaurant\/la-fonda-de-soller"]}]},{"@type":"ImageObject","inLanguage":"ca-ES","@id":"https:\/\/gastronomicament.cat\/ca\/restaurant\/la-fonda-de-soller#primaryimage","url":"https:\/\/gastronomicament.cat\/wp-content\/uploads\/2013\/10\/aqui-teniu-la-clau-del-restaurant.jpg","contentUrl":"https:\/\/gastronomicament.cat\/wp-content\/uploads\/2013\/10\/aqui-teniu-la-clau-del-restaurant.jpg","width":1800,"height":1196},{"@type":"BreadcrumbList","@id":"https:\/\/gastronomicament.cat\/ca\/restaurant\/la-fonda-de-soller#breadcrumb","itemListElement":[{"@type":"ListItem","position":1,"name":"Restaurants","item":"https:\/\/gastronomicament.cat\/ca\/restaurants"},{"@type":"ListItem","position":2,"name":"La Fonda de Sóller"}]},{"@type":"WebSite","@id":"https:\/\/gastronomicament.cat\/ca\/#website","url":"https:\/\/gastronomicament.cat\/ca\/","name":"Gastronòmicament","description":"Portal de restaurants, receptes i actualitat gastronòmica","publisher":{"@id":"https:\/\/gastronomicament.cat\/ca\/#organization"},"potentialAction":[{"@type":"SearchAction","target":{"@type":"EntryPoint","urlTemplate":"https:\/\/gastronomicament.cat\/ca\/?s={search_term_string}"},"query-input":{"@type":"PropertyValueSpecification","valueRequired":true,"valueName":"search_term_string"}}],"inLanguage":"ca-ES"},{"@type":"Organization","@id":"https:\/\/gastronomicament.cat\/ca\/#organization","name":"Gastronòmicament","url":"https:\/\/gastronomicament.cat\/ca\/","logo":{"@type":"ImageObject","inLanguage":"ca-ES","@id":"https:\/\/gastronomicament.cat\/ca\/#\/schema\/logo\/image\/","url":"https:\/\/gastronomicament.cat\/wp-content\/uploads\/2016\/09\/header-logo.jpg","contentUrl":"https:\/\/gastronomicament.cat\/wp-content\/uploads\/2016\/09\/header-logo.jpg","width":277,"height":39,"caption":"Gastronòmicament"},"image":{"@id":"https:\/\/gastronomicament.cat\/ca\/#\/schema\/logo\/image\/"},"sameAs":["https:\/\/x.com\/gastronomicamen"]}]}</script>
<!-- / Yoast SEO plugin. -->

Restaurant la Fonda de Sóller. Palma

Gastronòmicament

Redacció

Portal de restaurants, receptes i actualitat gastronòmica
