{"id":52343,"date":"2019-10-16T09:17:38","date_gmt":"2019-10-16T07:17:38","guid":{"rendered":"https:\/\/gastronomicament.cat\/restaurant\/mister-jaume"},"modified":"2023-10-04T14:32:12","modified_gmt":"2023-10-04T12:32:12","slug":"mister-jaume","status":"publish","type":"restaurant","link":"https:\/\/gastronomicament.cat\/de\/restaurant\/mister-jaume","title":{"rendered":"Mister Jaume"},"content":{"rendered":"<p>El\u00a0<strong>restaurant Mister Jaume<\/strong>\u00a0de<strong>\u00a0Cala en Bosch<\/strong>, al municipi\u00a0<strong>Ciutadella<\/strong>, \u00e9s una d&#8217;aquestes fondes on es pot menjar b\u00e9 a bon preu. Jaume Mesquida Piris n&#8217;\u00e9s el propietari i acumula m\u00e9s de 40 anys d&#8217;experi\u00e8ncia en el sector. De fet, s&#8217;ha convertit en tot un coneixedor de la cuina marinera de Menorca. Bona mostra d&#8217;aix\u00f2 s\u00f3n les\u00a0<strong>calderetes de llagosta<\/strong>, els\u00a0<strong>musclos de roca<\/strong>, les\u00a0<strong>gambes\u00a0<\/strong>i la\u00a0<strong>rajada al forn<\/strong>\u00a0que es preparen al\u00a0<strong>restaurant Mr. Jaume de Menorca<\/strong>, que s&#8217;uneixen a una gran varietat de peixos com l&#8217;orada, el\u00a0<strong>pagell<\/strong>, el cap-roig (roja, li diuen a Menorca) a m\u00e9s de les\u00a0<strong>alberg\u00ednies plenes<\/strong>\u00a0i el calamar farcit.<\/p>\n","protected":false},"excerpt":{"rendered":"<p>El\u00a0restaurant Mister Jaume\u00a0de\u00a0Cala en Bosch, al municipi\u00a0Ciutadella, \u00e9s una d&#8217;aquestes fondes on es pot menjar b\u00e9&hellip;<\/p>\n","protected":false},"author":1,"featured_media":52344,"menu_order":0,"comment_status":"open","ping_status":"closed","template":"","format":"gallery","meta":{"_acf_changed":false,"_swt_meta_header_display":false,"_swt_meta_footer_display":false,"_swt_meta_site_title_display":false,"_swt_meta_sticky_header":false,"_swt_meta_transparent_header":false,"direccio":"Passatge del Portixol, Cala en Bosch\r\n","telefon":"971 38 71 60","web":"","horari":"[:ca]Obert de dilluns a diumenge. De mar\u00e7 a setembre[:en]Open from Monday to Sunday. From March to September[:es]Abierto de lunes a domingo. De marzo a septiembre[:de]Ge\u00f6ffnet von Montag bis Sonntag.  Von M\u00e4rz bis September\r\n","preumitja":"","observacions":"","footnotes":""},"categories":[1029],"destacatper":[1102],"especialitat":[1261,1163],"localitat":[1262,1263,1206],"coauthors":[],"class_list":["post-52343","restaurant","type-restaurant","status-publish","format-gallery","has-post-thumbnail","hentry","category-restaurants-es-de","destacatper-celebracions-i-grups-de","especialitat-cuina-menorquina-de","especialitat-peix-i-marisc-de","localitat-cala-en-bosch-de","localitat-ciutadella-de","localitat-menorca-de","preu-entre-20-i-30-euros-de"],"acf":{"gallery":null,"home_date":{"home_begin_date":null,"home_end_date":null}},"yoast_head":"<!-- This site is optimized with the Yoast SEO plugin v27.4 - https:\/\/yoast.com\/product\/yoast-seo-wordpress\/ -->\n<title>Mister Jaume - Gastron\u00f2micament<\/title>\n<meta name=\"robots\" content=\"index, follow, max-snippet:-1, max-image-preview:large, max-video-preview:-1\" \/>\n<link rel=\"canonical\" href=\"https:\/\/gastronomicament.cat\/de\/restaurant\/mister-jaume\" \/>\n<meta property=\"og:locale\" content=\"de_DE\" \/>\n<meta property=\"og:type\" content=\"article\" \/>\n<meta property=\"og:title\" content=\"Mister Jaume - Gastron\u00f2micament\" \/>\n<meta property=\"og:description\" content=\"El\u00a0restaurant Mister Jaume\u00a0de\u00a0Cala en Bosch, al municipi\u00a0Ciutadella, \u00e9s una d&#039;aquestes fondes on es pot menjar b\u00e9&hellip;\" \/>\n<meta property=\"og:url\" content=\"https:\/\/gastronomicament.cat\/de\/restaurant\/mister-jaume\" \/>\n<meta property=\"og:site_name\" content=\"Gastron\u00f2micament\" \/>\n<meta property=\"article:modified_time\" content=\"2023-10-04T12:32:12+00:00\" \/>\n<meta property=\"og:image\" content=\"https:\/\/gastronomicament.cat\/wp-content\/uploads\/2019\/10\/Mister-Jaume-Restaurant-Ciutadella.jpg\" \/>\n\t<meta property=\"og:image:width\" content=\"1200\" \/>\n\t<meta property=\"og:image:height\" content=\"900\" \/>\n\t<meta property=\"og:image:type\" content=\"image\/jpeg\" \/>\n<meta name=\"twitter:card\" content=\"summary_large_image\" \/>\n<meta name=\"twitter:site\" content=\"@gastronomicamen\" \/>\n<meta name=\"twitter:label1\" content=\"Gesch\u00e4tzte Lesezeit\" \/>\n\t<meta name=\"twitter:data1\" content=\"1\u00a0Minute\" \/>\n\t<meta name=\"twitter:label2\" content=\"Written by\" \/>\n\t<meta name=\"twitter:data2\" content=\"Redacci\u00f3\" \/>\n<script type=\"application\/ld+json\" class=\"yoast-schema-graph\">{\"@context\":\"https:\\\/\\\/schema.org\",\"@graph\":[{\"@type\":\"WebPage\",\"@id\":\"https:\\\/\\\/gastronomicament.cat\\\/de\\\/restaurant\\\/mister-jaume\",\"url\":\"https:\\\/\\\/gastronomicament.cat\\\/de\\\/restaurant\\\/mister-jaume\",\"name\":\"Mister Jaume - Gastron\u00f2micament\",\"isPartOf\":{\"@id\":\"https:\\\/\\\/gastronomicament.cat\\\/de\\\/#website\"},\"primaryImageOfPage\":{\"@id\":\"https:\\\/\\\/gastronomicament.cat\\\/de\\\/restaurant\\\/mister-jaume#primaryimage\"},\"image\":{\"@id\":\"https:\\\/\\\/gastronomicament.cat\\\/de\\\/restaurant\\\/mister-jaume#primaryimage\"},\"thumbnailUrl\":\"https:\\\/\\\/gastronomicament.cat\\\/wp-content\\\/uploads\\\/2019\\\/10\\\/Mister-Jaume-Restaurant-Ciutadella.jpg\",\"datePublished\":\"2019-10-16T07:17:38+00:00\",\"dateModified\":\"2023-10-04T12:32:12+00:00\",\"breadcrumb\":{\"@id\":\"https:\\\/\\\/gastronomicament.cat\\\/de\\\/restaurant\\\/mister-jaume#breadcrumb\"},\"inLanguage\":\"de\",\"potentialAction\":[{\"@type\":\"ReadAction\",\"target\":[\"https:\\\/\\\/gastronomicament.cat\\\/de\\\/restaurant\\\/mister-jaume\"]}]},{\"@type\":\"ImageObject\",\"inLanguage\":\"de\",\"@id\":\"https:\\\/\\\/gastronomicament.cat\\\/de\\\/restaurant\\\/mister-jaume#primaryimage\",\"url\":\"https:\\\/\\\/gastronomicament.cat\\\/wp-content\\\/uploads\\\/2019\\\/10\\\/Mister-Jaume-Restaurant-Ciutadella.jpg\",\"contentUrl\":\"https:\\\/\\\/gastronomicament.cat\\\/wp-content\\\/uploads\\\/2019\\\/10\\\/Mister-Jaume-Restaurant-Ciutadella.jpg\",\"width\":1200,\"height\":900},{\"@type\":\"BreadcrumbList\",\"@id\":\"https:\\\/\\\/gastronomicament.cat\\\/de\\\/restaurant\\\/mister-jaume#breadcrumb\",\"itemListElement\":[{\"@type\":\"ListItem\",\"position\":1,\"name\":\"Restaurants\",\"item\":\"https:\\\/\\\/gastronomicament.cat\\\/de\\\/restaurants\"},{\"@type\":\"ListItem\",\"position\":2,\"name\":\"Mister Jaume\"}]},{\"@type\":\"WebSite\",\"@id\":\"https:\\\/\\\/gastronomicament.cat\\\/de\\\/#website\",\"url\":\"https:\\\/\\\/gastronomicament.cat\\\/de\\\/\",\"name\":\"Gastron\u00f2micament\",\"description\":\"Portal de restaurants, receptes i actualitat gastron\u00f2mica\",\"publisher\":{\"@id\":\"https:\\\/\\\/gastronomicament.cat\\\/de\\\/#organization\"},\"potentialAction\":[{\"@type\":\"SearchAction\",\"target\":{\"@type\":\"EntryPoint\",\"urlTemplate\":\"https:\\\/\\\/gastronomicament.cat\\\/de\\\/?s={search_term_string}\"},\"query-input\":{\"@type\":\"PropertyValueSpecification\",\"valueRequired\":true,\"valueName\":\"search_term_string\"}}],\"inLanguage\":\"de\"},{\"@type\":\"Organization\",\"@id\":\"https:\\\/\\\/gastronomicament.cat\\\/de\\\/#organization\",\"name\":\"Gastron\u00f2micament\",\"url\":\"https:\\\/\\\/gastronomicament.cat\\\/de\\\/\",\"logo\":{\"@type\":\"ImageObject\",\"inLanguage\":\"de\",\"@id\":\"https:\\\/\\\/gastronomicament.cat\\\/de\\\/#\\\/schema\\\/logo\\\/image\\\/\",\"url\":\"https:\\\/\\\/gastronomicament.cat\\\/wp-content\\\/uploads\\\/2016\\\/09\\\/header-logo.jpg\",\"contentUrl\":\"https:\\\/\\\/gastronomicament.cat\\\/wp-content\\\/uploads\\\/2016\\\/09\\\/header-logo.jpg\",\"width\":277,\"height\":39,\"caption\":\"Gastron\u00f2micament\"},\"image\":{\"@id\":\"https:\\\/\\\/gastronomicament.cat\\\/de\\\/#\\\/schema\\\/logo\\\/image\\\/\"},\"sameAs\":[\"https:\\\/\\\/x.com\\\/gastronomicamen\"]}]}<\/script>\n<!-- \/ Yoast SEO plugin. -->","yoast_head_json":{"title":"Mister Jaume - Gastron\u00f2micament","robots":{"index":"index","follow":"follow","max-snippet":"max-snippet:-1","max-image-preview":"max-image-preview:large","max-video-preview":"max-video-preview:-1"},"canonical":"https:\/\/gastronomicament.cat\/de\/restaurant\/mister-jaume","og_locale":"de_DE","og_type":"article","og_title":"Mister Jaume - Gastron\u00f2micament","og_description":"El\u00a0restaurant Mister Jaume\u00a0de\u00a0Cala en Bosch, al municipi\u00a0Ciutadella, \u00e9s una d'aquestes fondes on es pot menjar b\u00e9&hellip;","og_url":"https:\/\/gastronomicament.cat\/de\/restaurant\/mister-jaume","og_site_name":"Gastron\u00f2micament","article_modified_time":"2023-10-04T12:32:12+00:00","og_image":[{"width":1200,"height":900,"url":"https:\/\/gastronomicament.cat\/wp-content\/uploads\/2019\/10\/Mister-Jaume-Restaurant-Ciutadella.jpg","type":"image\/jpeg"}],"twitter_card":"summary_large_image","twitter_site":"@gastronomicamen","twitter_misc":{"Gesch\u00e4tzte Lesezeit":"1\u00a0Minute","Written by":"Redacci\u00f3"},"schema":{"@context":"https:\/\/schema.org","@graph":[{"@type":"WebPage","@id":"https:\/\/gastronomicament.cat\/de\/restaurant\/mister-jaume","url":"https:\/\/gastronomicament.cat\/de\/restaurant\/mister-jaume","name":"Mister Jaume - Gastron\u00f2micament","isPartOf":{"@id":"https:\/\/gastronomicament.cat\/de\/#website"},"primaryImageOfPage":{"@id":"https:\/\/gastronomicament.cat\/de\/restaurant\/mister-jaume#primaryimage"},"image":{"@id":"https:\/\/gastronomicament.cat\/de\/restaurant\/mister-jaume#primaryimage"},"thumbnailUrl":"https:\/\/gastronomicament.cat\/wp-content\/uploads\/2019\/10\/Mister-Jaume-Restaurant-Ciutadella.jpg","datePublished":"2019-10-16T07:17:38+00:00","dateModified":"2023-10-04T12:32:12+00:00","breadcrumb":{"@id":"https:\/\/gastronomicament.cat\/de\/restaurant\/mister-jaume#breadcrumb"},"inLanguage":"de","potentialAction":[{"@type":"ReadAction","target":["https:\/\/gastronomicament.cat\/de\/restaurant\/mister-jaume"]}]},{"@type":"ImageObject","inLanguage":"de","@id":"https:\/\/gastronomicament.cat\/de\/restaurant\/mister-jaume#primaryimage","url":"https:\/\/gastronomicament.cat\/wp-content\/uploads\/2019\/10\/Mister-Jaume-Restaurant-Ciutadella.jpg","contentUrl":"https:\/\/gastronomicament.cat\/wp-content\/uploads\/2019\/10\/Mister-Jaume-Restaurant-Ciutadella.jpg","width":1200,"height":900},{"@type":"BreadcrumbList","@id":"https:\/\/gastronomicament.cat\/de\/restaurant\/mister-jaume#breadcrumb","itemListElement":[{"@type":"ListItem","position":1,"name":"Restaurants","item":"https:\/\/gastronomicament.cat\/de\/restaurants"},{"@type":"ListItem","position":2,"name":"Mister Jaume"}]},{"@type":"WebSite","@id":"https:\/\/gastronomicament.cat\/de\/#website","url":"https:\/\/gastronomicament.cat\/de\/","name":"Gastron\u00f2micament","description":"Portal de restaurants, receptes i actualitat gastron\u00f2mica","publisher":{"@id":"https:\/\/gastronomicament.cat\/de\/#organization"},"potentialAction":[{"@type":"SearchAction","target":{"@type":"EntryPoint","urlTemplate":"https:\/\/gastronomicament.cat\/de\/?s={search_term_string}"},"query-input":{"@type":"PropertyValueSpecification","valueRequired":true,"valueName":"search_term_string"}}],"inLanguage":"de"},{"@type":"Organization","@id":"https:\/\/gastronomicament.cat\/de\/#organization","name":"Gastron\u00f2micament","url":"https:\/\/gastronomicament.cat\/de\/","logo":{"@type":"ImageObject","inLanguage":"de","@id":"https:\/\/gastronomicament.cat\/de\/#\/schema\/logo\/image\/","url":"https:\/\/gastronomicament.cat\/wp-content\/uploads\/2016\/09\/header-logo.jpg","contentUrl":"https:\/\/gastronomicament.cat\/wp-content\/uploads\/2016\/09\/header-logo.jpg","width":277,"height":39,"caption":"Gastron\u00f2micament"},"image":{"@id":"https:\/\/gastronomicament.cat\/de\/#\/schema\/logo\/image\/"},"sameAs":["https:\/\/x.com\/gastronomicamen"]}]}},"_links":{"self":[{"href":"https:\/\/gastronomicament.cat\/de\/wp-json\/wp\/v2\/restaurant\/52343","targetHints":{"allow":["GET"]}}],"collection":[{"href":"https:\/\/gastronomicament.cat\/de\/wp-json\/wp\/v2\/restaurant"}],"about":[{"href":"https:\/\/gastronomicament.cat\/de\/wp-json\/wp\/v2\/types\/restaurant"}],"author":[{"embeddable":true,"href":"https:\/\/gastronomicament.cat\/de\/wp-json\/wp\/v2\/users\/1"}],"replies":[{"embeddable":true,"href":"https:\/\/gastronomicament.cat\/de\/wp-json\/wp\/v2\/comments?post=52343"}],"version-history":[{"count":0,"href":"https:\/\/gastronomicament.cat\/de\/wp-json\/wp\/v2\/restaurant\/52343\/revisions"}],"wp:featuredmedia":[{"embeddable":true,"href":"https:\/\/gastronomicament.cat\/de\/wp-json\/wp\/v2\/media\/52344"}],"wp:attachment":[{"href":"https:\/\/gastronomicament.cat\/de\/wp-json\/wp\/v2\/media?parent=52343"}],"wp:term":[{"taxonomy":"category","embeddable":true,"href":"https:\/\/gastronomicament.cat\/de\/wp-json\/wp\/v2\/categories?post=52343"},{"taxonomy":"destacatper","embeddable":true,"href":"https:\/\/gastronomicament.cat\/de\/wp-json\/wp\/v2\/destacatper?post=52343"},{"taxonomy":"especialitat","embeddable":true,"href":"https:\/\/gastronomicament.cat\/de\/wp-json\/wp\/v2\/especialitat?post=52343"},{"taxonomy":"localitat","embeddable":true,"href":"https:\/\/gastronomicament.cat\/de\/wp-json\/wp\/v2\/localitat?post=52343"},{"taxonomy":"author","embeddable":true,"href":"https:\/\/gastronomicament.cat\/de\/wp-json\/wp\/v2\/coauthors?post=52343"}],"curies":[{"name":"wp","href":"https:\/\/api.w.org\/{rel}","templated":true}]}}

<p>El <strong>restaurant Mister Jaume</strong> de<strong> Cala en Bosch</strong>, al municipi <strong>Ciutadella</strong>, és una d&#8217;aquestes fondes on es pot menjar bé a bon preu. Jaume Mesquida Piris n&#8217;és el propietari i acumula més de 40 anys d&#8217;experiència en el sector. De fet, s&#8217;ha convertit en tot un coneixedor de la cuina marinera de Menorca. Bona mostra d&#8217;això són les <strong>calderetes de llagosta</strong>, els <strong>musclos de roca</strong>, les <strong>gambes </strong>i la <strong>rajada al forn</strong> que es preparen al <strong>restaurant Mr. Jaume de Menorca</strong>, que s&#8217;uneixen a una gran varietat de peixos com l&#8217;orada, el <strong>pagell</strong>, el cap-roig (roja, li diuen a Menorca) a més de les <strong>albergínies plenes</strong> i el calamar farcit.</p>

<p>El restaurant Mister Jaume de Cala en Bosch, al municipi Ciutadella, és una d&#8217;aquestes fondes on es pot menjar bé&hellip;</p>

[:ca]Obert de dilluns a diumenge. De març a setembre[:en]Open from Monday to Sunday. From March to September[:es]Abierto de lunes a domingo. De marzo a septiembre[:de]Geöffnet von Montag bis Sonntag.  Von März bis September

<!-- This site is optimized with the Yoast SEO plugin v27.4 - https://yoast.com/product/yoast-seo-wordpress/ -->
<title>Mister Jaume - Gastronòmicament</title>
<meta name="robots" content="index, follow, max-snippet:-1, max-image-preview:large, max-video-preview:-1" />
<link rel="canonical" href="https://gastronomicament.cat/de/restaurant/mister-jaume" />
<meta property="og:locale" content="de_DE" />
<meta property="og:type" content="article" />
<meta property="og:title" content="Mister Jaume - Gastronòmicament" />
<meta property="og:description" content="El restaurant Mister Jaume de Cala en Bosch, al municipi Ciutadella, és una d&#039;aquestes fondes on es pot menjar bé&hellip;" />
<meta property="og:url" content="https://gastronomicament.cat/de/restaurant/mister-jaume" />
<meta property="og:site_name" content="Gastronòmicament" />
<meta property="article:modified_time" content="2023-10-04T12:32:12+00:00" />
<meta property="og:image" content="https://gastronomicament.cat/wp-content/uploads/2019/10/Mister-Jaume-Restaurant-Ciutadella.jpg" />
	<meta property="og:image:width" content="1200" />
	<meta property="og:image:height" content="900" />
	<meta property="og:image:type" content="image/jpeg" />
<meta name="twitter:card" content="summary_large_image" />
<meta name="twitter:site" content="@gastronomicamen" />
<meta name="twitter:label1" content="Geschätzte Lesezeit" />
	<meta name="twitter:data1" content="1 Minute" />
	<meta name="twitter:label2" content="Written by" />
	<meta name="twitter:data2" content="Redacció" />
<script type="application/ld+json" class="yoast-schema-graph">{"@context":"https:\/\/schema.org","@graph":[{"@type":"WebPage","@id":"https:\/\/gastronomicament.cat\/de\/restaurant\/mister-jaume","url":"https:\/\/gastronomicament.cat\/de\/restaurant\/mister-jaume","name":"Mister Jaume - Gastronòmicament","isPartOf":{"@id":"https:\/\/gastronomicament.cat\/de\/#website"},"primaryImageOfPage":{"@id":"https:\/\/gastronomicament.cat\/de\/restaurant\/mister-jaume#primaryimage"},"image":{"@id":"https:\/\/gastronomicament.cat\/de\/restaurant\/mister-jaume#primaryimage"},"thumbnailUrl":"https:\/\/gastronomicament.cat\/wp-content\/uploads\/2019\/10\/Mister-Jaume-Restaurant-Ciutadella.jpg","datePublished":"2019-10-16T07:17:38+00:00","dateModified":"2023-10-04T12:32:12+00:00","breadcrumb":{"@id":"https:\/\/gastronomicament.cat\/de\/restaurant\/mister-jaume#breadcrumb"},"inLanguage":"de","potentialAction":[{"@type":"ReadAction","target":["https:\/\/gastronomicament.cat\/de\/restaurant\/mister-jaume"]}]},{"@type":"ImageObject","inLanguage":"de","@id":"https:\/\/gastronomicament.cat\/de\/restaurant\/mister-jaume#primaryimage","url":"https:\/\/gastronomicament.cat\/wp-content\/uploads\/2019\/10\/Mister-Jaume-Restaurant-Ciutadella.jpg","contentUrl":"https:\/\/gastronomicament.cat\/wp-content\/uploads\/2019\/10\/Mister-Jaume-Restaurant-Ciutadella.jpg","width":1200,"height":900},{"@type":"BreadcrumbList","@id":"https:\/\/gastronomicament.cat\/de\/restaurant\/mister-jaume#breadcrumb","itemListElement":[{"@type":"ListItem","position":1,"name":"Restaurants","item":"https:\/\/gastronomicament.cat\/de\/restaurants"},{"@type":"ListItem","position":2,"name":"Mister Jaume"}]},{"@type":"WebSite","@id":"https:\/\/gastronomicament.cat\/de\/#website","url":"https:\/\/gastronomicament.cat\/de\/","name":"Gastronòmicament","description":"Portal de restaurants, receptes i actualitat gastronòmica","publisher":{"@id":"https:\/\/gastronomicament.cat\/de\/#organization"},"potentialAction":[{"@type":"SearchAction","target":{"@type":"EntryPoint","urlTemplate":"https:\/\/gastronomicament.cat\/de\/?s={search_term_string}"},"query-input":{"@type":"PropertyValueSpecification","valueRequired":true,"valueName":"search_term_string"}}],"inLanguage":"de"},{"@type":"Organization","@id":"https:\/\/gastronomicament.cat\/de\/#organization","name":"Gastronòmicament","url":"https:\/\/gastronomicament.cat\/de\/","logo":{"@type":"ImageObject","inLanguage":"de","@id":"https:\/\/gastronomicament.cat\/de\/#\/schema\/logo\/image\/","url":"https:\/\/gastronomicament.cat\/wp-content\/uploads\/2016\/09\/header-logo.jpg","contentUrl":"https:\/\/gastronomicament.cat\/wp-content\/uploads\/2016\/09\/header-logo.jpg","width":277,"height":39,"caption":"Gastronòmicament"},"image":{"@id":"https:\/\/gastronomicament.cat\/de\/#\/schema\/logo\/image\/"},"sameAs":["https:\/\/x.com\/gastronomicamen"]}]}</script>
<!-- / Yoast SEO plugin. -->

Mister Jaume - Gastronòmicament

El restaurant Mister Jaume de Cala en Bosch, al municipi Ciutadella, és una d'aquestes fondes on es pot menjar bé&hellip;

Gastronòmicament

Redacció

Portal de restaurants, receptes i actualitat gastronòmica
