{"id":53418,"date":"2018-10-22T17:06:07","date_gmt":"2018-10-22T15:06:07","guid":{"rendered":"https:\/\/gastronomicament.cat\/restaurant\/restaurant-es-ventall"},"modified":"2023-10-04T14:35:56","modified_gmt":"2023-10-04T12:35:56","slug":"restaurant-es-ventall","status":"publish","type":"restaurant","link":"https:\/\/gastronomicament.cat\/de\/restaurant\/restaurant-es-ventall","title":{"rendered":"Restaurant Es Ventall"},"content":{"rendered":"<p>Des de l&#8217;any 1982, la fam\u00edlia Bonet ofereix una carta basada en la cuina tradicional eivissenca, en la qual no hi falten els plats selectes i creatius, a m\u00e9s dels arrossos, uns fogons que comanda el cuiner Jos\u00e9 Miguel Bonet.<\/p>\n<p>L&#8217;espai \u00e9s elegant, agradable, on els elements naturals com la pedra i la fusta i l&#8217;espart hi s\u00f3n presents, uns elements que estan en harmonia amb els productes que s&#8217;hi cuinen, uns aliments frescos i de qualitat.<\/p>\n<p>De Jos\u00e9 Miguel Bonet podem dir que es va formar a l\u2019Escola d\u2019Hoteleria, el seu mentor va ser Felipe de la Pe\u00f1a, per passar despr\u00e9s a l\u2019Escola Hoffman de Barcelona. Ha passat per les cuines de Celler Can Roca, Sol\u00e9 Graells, a Barcelona, Llant\u00e9n de Valladolid i Pepe Solla de Pontevedra. Els anys 2008 i 2010 va aconseguir el tercer lloc en el Campionat de Balears de Cuiners. Ha estat seleccionat per a l\u2019elecci\u00f3 del Cuiner Revelaci\u00f3 2016 en el certamen de Madrid Fusi\u00f3n. A m\u00e9s a m\u00e9s, l&#8217;Associaci\u00f3 de Periodistes i Escriptors Gastron\u00f2mics de les Balears va guardonar el restaurant Es Ventall amb el Premi al Millor Restaurant de Cuina Local 2016.<\/p>\n","protected":false},"excerpt":{"rendered":"<p>Des de l&#8217;any 1982, la fam\u00edlia Bonet ofereix una carta basada en la cuina tradicional eivissenca,&hellip;<\/p>\n","protected":false},"author":1,"featured_media":53420,"menu_order":0,"comment_status":"open","ping_status":"closed","template":"","format":"gallery","meta":{"_acf_changed":false,"_swt_meta_header_display":false,"_swt_meta_footer_display":false,"_swt_meta_site_title_display":false,"_swt_meta_sticky_header":false,"_swt_meta_transparent_header":false,"direccio":"Carrer de Cervantes, 22  ","telefon":"699 84 68 54","web":"restauranteesventall.com\/","horari":"[:ca]Dimecres tancat[:en]Closed on Wednesday[:es]Mi\u00e9rcoles cerrado[:de]Geschlossen: Mittwoch\r\n","preumitja":"","observacions":"","footnotes":""},"categories":[1029],"destacatper":[],"especialitat":[1313,1060],"localitat":[1082,1314],"coauthors":[],"class_list":["post-53418","restaurant","type-restaurant","status-publish","format-gallery","has-post-thumbnail","hentry","category-restaurants-es-de","especialitat-cuina-eivissenca-de","especialitat-cuina-selecta-de","localitat-eivissa-localitat-de","localitat-sant-antoni-de-portmany-de","preu-mes-de-30-euros-de"],"acf":{"gallery":null,"home_date":{"home_begin_date":null,"home_end_date":null}},"yoast_head":"<!-- This site is optimized with the Yoast SEO plugin v27.4 - https:\/\/yoast.com\/product\/yoast-seo-wordpress\/ -->\n<title>Restaurant Es Ventall - Gastron\u00f2micament<\/title>\n<meta name=\"robots\" content=\"index, follow, max-snippet:-1, max-image-preview:large, max-video-preview:-1\" \/>\n<link rel=\"canonical\" href=\"https:\/\/gastronomicament.cat\/de\/restaurant\/restaurant-es-ventall\" \/>\n<meta property=\"og:locale\" content=\"de_DE\" \/>\n<meta property=\"og:type\" content=\"article\" \/>\n<meta property=\"og:title\" content=\"Restaurant Es Ventall - Gastron\u00f2micament\" \/>\n<meta property=\"og:description\" content=\"Des de l&#039;any 1982, la fam\u00edlia Bonet ofereix una carta basada en la cuina tradicional eivissenca,&hellip;\" \/>\n<meta property=\"og:url\" content=\"https:\/\/gastronomicament.cat\/de\/restaurant\/restaurant-es-ventall\" \/>\n<meta property=\"og:site_name\" content=\"Gastron\u00f2micament\" \/>\n<meta property=\"article:modified_time\" content=\"2023-10-04T12:35:56+00:00\" \/>\n<meta property=\"og:image\" content=\"https:\/\/gastronomicament.cat\/wp-content\/uploads\/2018\/10\/Restaurant-Es-Ventall.jpg\" \/>\n\t<meta property=\"og:image:width\" content=\"1200\" \/>\n\t<meta property=\"og:image:height\" content=\"677\" \/>\n\t<meta property=\"og:image:type\" content=\"image\/jpeg\" \/>\n<meta name=\"twitter:card\" content=\"summary_large_image\" \/>\n<meta name=\"twitter:site\" content=\"@gastronomicamen\" \/>\n<meta name=\"twitter:label1\" content=\"Gesch\u00e4tzte Lesezeit\" \/>\n\t<meta name=\"twitter:data1\" content=\"1\u00a0Minute\" \/>\n\t<meta name=\"twitter:label2\" content=\"Written by\" \/>\n\t<meta name=\"twitter:data2\" content=\"Redacci\u00f3\" \/>\n<script type=\"application\/ld+json\" class=\"yoast-schema-graph\">{\"@context\":\"https:\\\/\\\/schema.org\",\"@graph\":[{\"@type\":\"WebPage\",\"@id\":\"https:\\\/\\\/gastronomicament.cat\\\/de\\\/restaurant\\\/restaurant-es-ventall\",\"url\":\"https:\\\/\\\/gastronomicament.cat\\\/de\\\/restaurant\\\/restaurant-es-ventall\",\"name\":\"Restaurant Es Ventall - Gastron\u00f2micament\",\"isPartOf\":{\"@id\":\"https:\\\/\\\/gastronomicament.cat\\\/de\\\/#website\"},\"primaryImageOfPage\":{\"@id\":\"https:\\\/\\\/gastronomicament.cat\\\/de\\\/restaurant\\\/restaurant-es-ventall#primaryimage\"},\"image\":{\"@id\":\"https:\\\/\\\/gastronomicament.cat\\\/de\\\/restaurant\\\/restaurant-es-ventall#primaryimage\"},\"thumbnailUrl\":\"https:\\\/\\\/gastronomicament.cat\\\/wp-content\\\/uploads\\\/2018\\\/10\\\/Restaurant-Es-Ventall.jpg\",\"datePublished\":\"2018-10-22T15:06:07+00:00\",\"dateModified\":\"2023-10-04T12:35:56+00:00\",\"breadcrumb\":{\"@id\":\"https:\\\/\\\/gastronomicament.cat\\\/de\\\/restaurant\\\/restaurant-es-ventall#breadcrumb\"},\"inLanguage\":\"de\",\"potentialAction\":[{\"@type\":\"ReadAction\",\"target\":[\"https:\\\/\\\/gastronomicament.cat\\\/de\\\/restaurant\\\/restaurant-es-ventall\"]}]},{\"@type\":\"ImageObject\",\"inLanguage\":\"de\",\"@id\":\"https:\\\/\\\/gastronomicament.cat\\\/de\\\/restaurant\\\/restaurant-es-ventall#primaryimage\",\"url\":\"https:\\\/\\\/gastronomicament.cat\\\/wp-content\\\/uploads\\\/2018\\\/10\\\/Restaurant-Es-Ventall.jpg\",\"contentUrl\":\"https:\\\/\\\/gastronomicament.cat\\\/wp-content\\\/uploads\\\/2018\\\/10\\\/Restaurant-Es-Ventall.jpg\",\"width\":1200,\"height\":677},{\"@type\":\"BreadcrumbList\",\"@id\":\"https:\\\/\\\/gastronomicament.cat\\\/de\\\/restaurant\\\/restaurant-es-ventall#breadcrumb\",\"itemListElement\":[{\"@type\":\"ListItem\",\"position\":1,\"name\":\"Restaurants\",\"item\":\"https:\\\/\\\/gastronomicament.cat\\\/de\\\/restaurants\"},{\"@type\":\"ListItem\",\"position\":2,\"name\":\"Restaurant Es Ventall\"}]},{\"@type\":\"WebSite\",\"@id\":\"https:\\\/\\\/gastronomicament.cat\\\/de\\\/#website\",\"url\":\"https:\\\/\\\/gastronomicament.cat\\\/de\\\/\",\"name\":\"Gastron\u00f2micament\",\"description\":\"Portal de restaurants, receptes i actualitat gastron\u00f2mica\",\"publisher\":{\"@id\":\"https:\\\/\\\/gastronomicament.cat\\\/de\\\/#organization\"},\"potentialAction\":[{\"@type\":\"SearchAction\",\"target\":{\"@type\":\"EntryPoint\",\"urlTemplate\":\"https:\\\/\\\/gastronomicament.cat\\\/de\\\/?s={search_term_string}\"},\"query-input\":{\"@type\":\"PropertyValueSpecification\",\"valueRequired\":true,\"valueName\":\"search_term_string\"}}],\"inLanguage\":\"de\"},{\"@type\":\"Organization\",\"@id\":\"https:\\\/\\\/gastronomicament.cat\\\/de\\\/#organization\",\"name\":\"Gastron\u00f2micament\",\"url\":\"https:\\\/\\\/gastronomicament.cat\\\/de\\\/\",\"logo\":{\"@type\":\"ImageObject\",\"inLanguage\":\"de\",\"@id\":\"https:\\\/\\\/gastronomicament.cat\\\/de\\\/#\\\/schema\\\/logo\\\/image\\\/\",\"url\":\"https:\\\/\\\/gastronomicament.cat\\\/wp-content\\\/uploads\\\/2016\\\/09\\\/header-logo.jpg\",\"contentUrl\":\"https:\\\/\\\/gastronomicament.cat\\\/wp-content\\\/uploads\\\/2016\\\/09\\\/header-logo.jpg\",\"width\":277,\"height\":39,\"caption\":\"Gastron\u00f2micament\"},\"image\":{\"@id\":\"https:\\\/\\\/gastronomicament.cat\\\/de\\\/#\\\/schema\\\/logo\\\/image\\\/\"},\"sameAs\":[\"https:\\\/\\\/x.com\\\/gastronomicamen\"]}]}<\/script>\n<!-- \/ Yoast SEO plugin. -->","yoast_head_json":{"title":"Restaurant Es Ventall - Gastron\u00f2micament","robots":{"index":"index","follow":"follow","max-snippet":"max-snippet:-1","max-image-preview":"max-image-preview:large","max-video-preview":"max-video-preview:-1"},"canonical":"https:\/\/gastronomicament.cat\/de\/restaurant\/restaurant-es-ventall","og_locale":"de_DE","og_type":"article","og_title":"Restaurant Es Ventall - Gastron\u00f2micament","og_description":"Des de l'any 1982, la fam\u00edlia Bonet ofereix una carta basada en la cuina tradicional eivissenca,&hellip;","og_url":"https:\/\/gastronomicament.cat\/de\/restaurant\/restaurant-es-ventall","og_site_name":"Gastron\u00f2micament","article_modified_time":"2023-10-04T12:35:56+00:00","og_image":[{"width":1200,"height":677,"url":"https:\/\/gastronomicament.cat\/wp-content\/uploads\/2018\/10\/Restaurant-Es-Ventall.jpg","type":"image\/jpeg"}],"twitter_card":"summary_large_image","twitter_site":"@gastronomicamen","twitter_misc":{"Gesch\u00e4tzte Lesezeit":"1\u00a0Minute","Written by":"Redacci\u00f3"},"schema":{"@context":"https:\/\/schema.org","@graph":[{"@type":"WebPage","@id":"https:\/\/gastronomicament.cat\/de\/restaurant\/restaurant-es-ventall","url":"https:\/\/gastronomicament.cat\/de\/restaurant\/restaurant-es-ventall","name":"Restaurant Es Ventall - Gastron\u00f2micament","isPartOf":{"@id":"https:\/\/gastronomicament.cat\/de\/#website"},"primaryImageOfPage":{"@id":"https:\/\/gastronomicament.cat\/de\/restaurant\/restaurant-es-ventall#primaryimage"},"image":{"@id":"https:\/\/gastronomicament.cat\/de\/restaurant\/restaurant-es-ventall#primaryimage"},"thumbnailUrl":"https:\/\/gastronomicament.cat\/wp-content\/uploads\/2018\/10\/Restaurant-Es-Ventall.jpg","datePublished":"2018-10-22T15:06:07+00:00","dateModified":"2023-10-04T12:35:56+00:00","breadcrumb":{"@id":"https:\/\/gastronomicament.cat\/de\/restaurant\/restaurant-es-ventall#breadcrumb"},"inLanguage":"de","potentialAction":[{"@type":"ReadAction","target":["https:\/\/gastronomicament.cat\/de\/restaurant\/restaurant-es-ventall"]}]},{"@type":"ImageObject","inLanguage":"de","@id":"https:\/\/gastronomicament.cat\/de\/restaurant\/restaurant-es-ventall#primaryimage","url":"https:\/\/gastronomicament.cat\/wp-content\/uploads\/2018\/10\/Restaurant-Es-Ventall.jpg","contentUrl":"https:\/\/gastronomicament.cat\/wp-content\/uploads\/2018\/10\/Restaurant-Es-Ventall.jpg","width":1200,"height":677},{"@type":"BreadcrumbList","@id":"https:\/\/gastronomicament.cat\/de\/restaurant\/restaurant-es-ventall#breadcrumb","itemListElement":[{"@type":"ListItem","position":1,"name":"Restaurants","item":"https:\/\/gastronomicament.cat\/de\/restaurants"},{"@type":"ListItem","position":2,"name":"Restaurant Es Ventall"}]},{"@type":"WebSite","@id":"https:\/\/gastronomicament.cat\/de\/#website","url":"https:\/\/gastronomicament.cat\/de\/","name":"Gastron\u00f2micament","description":"Portal de restaurants, receptes i actualitat gastron\u00f2mica","publisher":{"@id":"https:\/\/gastronomicament.cat\/de\/#organization"},"potentialAction":[{"@type":"SearchAction","target":{"@type":"EntryPoint","urlTemplate":"https:\/\/gastronomicament.cat\/de\/?s={search_term_string}"},"query-input":{"@type":"PropertyValueSpecification","valueRequired":true,"valueName":"search_term_string"}}],"inLanguage":"de"},{"@type":"Organization","@id":"https:\/\/gastronomicament.cat\/de\/#organization","name":"Gastron\u00f2micament","url":"https:\/\/gastronomicament.cat\/de\/","logo":{"@type":"ImageObject","inLanguage":"de","@id":"https:\/\/gastronomicament.cat\/de\/#\/schema\/logo\/image\/","url":"https:\/\/gastronomicament.cat\/wp-content\/uploads\/2016\/09\/header-logo.jpg","contentUrl":"https:\/\/gastronomicament.cat\/wp-content\/uploads\/2016\/09\/header-logo.jpg","width":277,"height":39,"caption":"Gastron\u00f2micament"},"image":{"@id":"https:\/\/gastronomicament.cat\/de\/#\/schema\/logo\/image\/"},"sameAs":["https:\/\/x.com\/gastronomicamen"]}]}},"_links":{"self":[{"href":"https:\/\/gastronomicament.cat\/de\/wp-json\/wp\/v2\/restaurant\/53418","targetHints":{"allow":["GET"]}}],"collection":[{"href":"https:\/\/gastronomicament.cat\/de\/wp-json\/wp\/v2\/restaurant"}],"about":[{"href":"https:\/\/gastronomicament.cat\/de\/wp-json\/wp\/v2\/types\/restaurant"}],"author":[{"embeddable":true,"href":"https:\/\/gastronomicament.cat\/de\/wp-json\/wp\/v2\/users\/1"}],"replies":[{"embeddable":true,"href":"https:\/\/gastronomicament.cat\/de\/wp-json\/wp\/v2\/comments?post=53418"}],"version-history":[{"count":0,"href":"https:\/\/gastronomicament.cat\/de\/wp-json\/wp\/v2\/restaurant\/53418\/revisions"}],"wp:featuredmedia":[{"embeddable":true,"href":"https:\/\/gastronomicament.cat\/de\/wp-json\/wp\/v2\/media\/53420"}],"wp:attachment":[{"href":"https:\/\/gastronomicament.cat\/de\/wp-json\/wp\/v2\/media?parent=53418"}],"wp:term":[{"taxonomy":"category","embeddable":true,"href":"https:\/\/gastronomicament.cat\/de\/wp-json\/wp\/v2\/categories?post=53418"},{"taxonomy":"destacatper","embeddable":true,"href":"https:\/\/gastronomicament.cat\/de\/wp-json\/wp\/v2\/destacatper?post=53418"},{"taxonomy":"especialitat","embeddable":true,"href":"https:\/\/gastronomicament.cat\/de\/wp-json\/wp\/v2\/especialitat?post=53418"},{"taxonomy":"localitat","embeddable":true,"href":"https:\/\/gastronomicament.cat\/de\/wp-json\/wp\/v2\/localitat?post=53418"},{"taxonomy":"author","embeddable":true,"href":"https:\/\/gastronomicament.cat\/de\/wp-json\/wp\/v2\/coauthors?post=53418"}],"curies":[{"name":"wp","href":"https:\/\/api.w.org\/{rel}","templated":true}]}}

<p>Des de l&#8217;any 1982, la família Bonet ofereix una carta basada en la cuina tradicional eivissenca, en la qual no hi falten els plats selectes i creatius, a més dels arrossos, uns fogons que comanda el cuiner José Miguel Bonet.</p>
<p>L&#8217;espai és elegant, agradable, on els elements naturals com la pedra i la fusta i l&#8217;espart hi són presents, uns elements que estan en harmonia amb els productes que s&#8217;hi cuinen, uns aliments frescos i de qualitat.</p>
<p>De José Miguel Bonet podem dir que es va formar a l’Escola d’Hoteleria, el seu mentor va ser Felipe de la Peña, per passar després a l’Escola Hoffman de Barcelona. Ha passat per les cuines de Celler Can Roca, Solé Graells, a Barcelona, Llantén de Valladolid i Pepe Solla de Pontevedra. Els anys 2008 i 2010 va aconseguir el tercer lloc en el Campionat de Balears de Cuiners. Ha estat seleccionat per a l’elecció del Cuiner Revelació 2016 en el certamen de Madrid Fusión. A més a més, l&#8217;Associació de Periodistes i Escriptors Gastronòmics de les Balears va guardonar el restaurant Es Ventall amb el Premi al Millor Restaurant de Cuina Local 2016.</p>

<p>Des de l&#8217;any 1982, la família Bonet ofereix una carta basada en la cuina tradicional eivissenca,&hellip;</p>

[:ca]Dimecres tancat[:en]Closed on Wednesday[:es]Miércoles cerrado[:de]Geschlossen: Mittwoch

<!-- This site is optimized with the Yoast SEO plugin v27.4 - https://yoast.com/product/yoast-seo-wordpress/ -->
<title>Restaurant Es Ventall - Gastronòmicament</title>
<meta name="robots" content="index, follow, max-snippet:-1, max-image-preview:large, max-video-preview:-1" />
<link rel="canonical" href="https://gastronomicament.cat/de/restaurant/restaurant-es-ventall" />
<meta property="og:locale" content="de_DE" />
<meta property="og:type" content="article" />
<meta property="og:title" content="Restaurant Es Ventall - Gastronòmicament" />
<meta property="og:description" content="Des de l&#039;any 1982, la família Bonet ofereix una carta basada en la cuina tradicional eivissenca,&hellip;" />
<meta property="og:url" content="https://gastronomicament.cat/de/restaurant/restaurant-es-ventall" />
<meta property="og:site_name" content="Gastronòmicament" />
<meta property="article:modified_time" content="2023-10-04T12:35:56+00:00" />
<meta property="og:image" content="https://gastronomicament.cat/wp-content/uploads/2018/10/Restaurant-Es-Ventall.jpg" />
	<meta property="og:image:width" content="1200" />
	<meta property="og:image:height" content="677" />
	<meta property="og:image:type" content="image/jpeg" />
<meta name="twitter:card" content="summary_large_image" />
<meta name="twitter:site" content="@gastronomicamen" />
<meta name="twitter:label1" content="Geschätzte Lesezeit" />
	<meta name="twitter:data1" content="1 Minute" />
	<meta name="twitter:label2" content="Written by" />
	<meta name="twitter:data2" content="Redacció" />
<script type="application/ld+json" class="yoast-schema-graph">{"@context":"https:\/\/schema.org","@graph":[{"@type":"WebPage","@id":"https:\/\/gastronomicament.cat\/de\/restaurant\/restaurant-es-ventall","url":"https:\/\/gastronomicament.cat\/de\/restaurant\/restaurant-es-ventall","name":"Restaurant Es Ventall - Gastronòmicament","isPartOf":{"@id":"https:\/\/gastronomicament.cat\/de\/#website"},"primaryImageOfPage":{"@id":"https:\/\/gastronomicament.cat\/de\/restaurant\/restaurant-es-ventall#primaryimage"},"image":{"@id":"https:\/\/gastronomicament.cat\/de\/restaurant\/restaurant-es-ventall#primaryimage"},"thumbnailUrl":"https:\/\/gastronomicament.cat\/wp-content\/uploads\/2018\/10\/Restaurant-Es-Ventall.jpg","datePublished":"2018-10-22T15:06:07+00:00","dateModified":"2023-10-04T12:35:56+00:00","breadcrumb":{"@id":"https:\/\/gastronomicament.cat\/de\/restaurant\/restaurant-es-ventall#breadcrumb"},"inLanguage":"de","potentialAction":[{"@type":"ReadAction","target":["https:\/\/gastronomicament.cat\/de\/restaurant\/restaurant-es-ventall"]}]},{"@type":"ImageObject","inLanguage":"de","@id":"https:\/\/gastronomicament.cat\/de\/restaurant\/restaurant-es-ventall#primaryimage","url":"https:\/\/gastronomicament.cat\/wp-content\/uploads\/2018\/10\/Restaurant-Es-Ventall.jpg","contentUrl":"https:\/\/gastronomicament.cat\/wp-content\/uploads\/2018\/10\/Restaurant-Es-Ventall.jpg","width":1200,"height":677},{"@type":"BreadcrumbList","@id":"https:\/\/gastronomicament.cat\/de\/restaurant\/restaurant-es-ventall#breadcrumb","itemListElement":[{"@type":"ListItem","position":1,"name":"Restaurants","item":"https:\/\/gastronomicament.cat\/de\/restaurants"},{"@type":"ListItem","position":2,"name":"Restaurant Es Ventall"}]},{"@type":"WebSite","@id":"https:\/\/gastronomicament.cat\/de\/#website","url":"https:\/\/gastronomicament.cat\/de\/","name":"Gastronòmicament","description":"Portal de restaurants, receptes i actualitat gastronòmica","publisher":{"@id":"https:\/\/gastronomicament.cat\/de\/#organization"},"potentialAction":[{"@type":"SearchAction","target":{"@type":"EntryPoint","urlTemplate":"https:\/\/gastronomicament.cat\/de\/?s={search_term_string}"},"query-input":{"@type":"PropertyValueSpecification","valueRequired":true,"valueName":"search_term_string"}}],"inLanguage":"de"},{"@type":"Organization","@id":"https:\/\/gastronomicament.cat\/de\/#organization","name":"Gastronòmicament","url":"https:\/\/gastronomicament.cat\/de\/","logo":{"@type":"ImageObject","inLanguage":"de","@id":"https:\/\/gastronomicament.cat\/de\/#\/schema\/logo\/image\/","url":"https:\/\/gastronomicament.cat\/wp-content\/uploads\/2016\/09\/header-logo.jpg","contentUrl":"https:\/\/gastronomicament.cat\/wp-content\/uploads\/2016\/09\/header-logo.jpg","width":277,"height":39,"caption":"Gastronòmicament"},"image":{"@id":"https:\/\/gastronomicament.cat\/de\/#\/schema\/logo\/image\/"},"sameAs":["https:\/\/x.com\/gastronomicamen"]}]}</script>
<!-- / Yoast SEO plugin. -->

Restaurant Es Ventall - Gastronòmicament

Des de l'any 1982, la família Bonet ofereix una carta basada en la cuina tradicional eivissenca,&hellip;

Gastronòmicament

Redacció

Portal de restaurants, receptes i actualitat gastronòmica
