{"id":54155,"date":"2016-03-02T19:18:38","date_gmt":"2016-03-02T18:18:38","guid":{"rendered":"https:\/\/gastronomicament.cat\/restaurant\/vermuteria-la-rosa-palma"},"modified":"2024-11-25T09:15:15","modified_gmt":"2024-11-25T08:15:15","slug":"vermuteria-la-rosa-palma","status":"publish","type":"restaurant","link":"https:\/\/gastronomicament.cat\/de\/restaurant\/vermuteria-la-rosa-palma","title":{"rendered":"Vermuteria La Rosa Palma"},"content":{"rendered":"<p>Com si d&#8217;un viatge al temps es tract\u00e0s, la Vermuteria La Rosa de Palma ens ofereix un local amb encant, amb vermuts, sif\u00f3 i vins, a m\u00e9s d&#8217;una suculenta carta de propostes. Cada detall est\u00e0 cuidat al m\u00e0xim, des de les rajoles fins a la coberteria. Un local fet amb encant on hi podem menjar plats com els ous de gallina amb ous d&#8217;eri\u00e7\u00f3, la pota de pop amb alls confitats i gel de julivert, com tamb\u00e9 musclos, navalles, clo\u00efsses i croquetes d&#8217;ib\u00e8ric.<\/p>\n<p>No es pot reservar taula, a no ser que sigui un grup de 8 persones o m\u00e9s (fins a 14) per al qual hi ha habilitat un menjador a la sala superior. No hi falten les &#8218;gildas&#8216; i les conserves de qualitat tant catalanes com gallegues.<\/p>\n<p>La vermuteria la Rosa es troba just devora la Pla\u00e7a Weyler, al costat del Gran Hotel de Palma. Sens dubte, un lloc per visitar i menjar b\u00e9.<!--more--><\/p>\n","protected":false},"excerpt":{"rendered":"<p>Cada detall est\u00e0 cuidat al m\u00e0xim, des de les rajoles fins a la coberteria<\/p>\n","protected":false},"author":1,"featured_media":54157,"menu_order":0,"comment_status":"open","ping_status":"closed","template":"","format":"gallery","meta":{"_acf_changed":false,"_swt_meta_header_display":false,"_swt_meta_footer_display":false,"_swt_meta_site_title_display":false,"_swt_meta_sticky_header":false,"_swt_meta_transparent_header":false,"direccio":"Carrer de la Rosa, 5","telefon":"971 778 929","web":"","horari":"[:ca]Dilluns migdia tancat [:en]Closed on Monday Midday [:es]Lunes mediod\u00eda cerrado [:de]Montags Mittag geschlossen","preumitja":"20-25 euros","observacions":"","footnotes":""},"categories":[1029],"destacatper":[1037],"especialitat":[1133,1077,1357],"localitat":[1062,1034],"coauthors":[2053],"class_list":["post-54155","restaurant","type-restaurant","status-publish","format-gallery","has-post-thumbnail","hentry","category-restaurants-es-de","destacatper-menu-del-dia-de","especialitat-cafeteria-de","especialitat-de-copes-de","especialitat-vermut-de","localitat-centre-palma-de","localitat-palma-de","preu-entre-20-i-30-euros-de"],"acf":{"gallery":null,"home_date":{"home_begin_date":null,"home_end_date":null}},"yoast_head":"<!-- This site is optimized with the Yoast SEO plugin v27.4 - https:\/\/yoast.com\/product\/yoast-seo-wordpress\/ -->\n<title>Vermuteria La Rosa Palma<\/title>\n<meta name=\"description\" content=\"Vermuteria La Rosa Palma\" \/>\n<meta name=\"robots\" content=\"index, follow, max-snippet:-1, max-image-preview:large, max-video-preview:-1\" \/>\n<link rel=\"canonical\" href=\"https:\/\/gastronomicament.cat\/de\/restaurant\/vermuteria-la-rosa-palma\" \/>\n<meta property=\"og:locale\" content=\"de_DE\" \/>\n<meta property=\"og:type\" content=\"article\" \/>\n<meta property=\"og:title\" content=\"Vermuteria La Rosa Palma\" \/>\n<meta property=\"og:description\" content=\"Vermuteria La Rosa Palma\" \/>\n<meta property=\"og:url\" content=\"https:\/\/gastronomicament.cat\/de\/restaurant\/vermuteria-la-rosa-palma\" \/>\n<meta property=\"og:site_name\" content=\"Gastron\u00f2micament\" \/>\n<meta property=\"article:modified_time\" content=\"2024-11-25T08:15:15+00:00\" \/>\n<meta property=\"og:image\" content=\"https:\/\/gastronomicament.cat\/wp-content\/uploads\/2016\/03\/vermut-a-palma-vermuteria-la-rosa.jpg\" \/>\n\t<meta property=\"og:image:width\" content=\"1800\" \/>\n\t<meta property=\"og:image:height\" content=\"1460\" \/>\n\t<meta property=\"og:image:type\" content=\"image\/jpeg\" \/>\n<meta name=\"twitter:card\" content=\"summary_large_image\" \/>\n<meta name=\"twitter:site\" content=\"@gastronomicamen\" \/>\n<meta name=\"twitter:label1\" content=\"Gesch\u00e4tzte Lesezeit\" \/>\n\t<meta name=\"twitter:data1\" content=\"1\u00a0Minute\" \/>\n\t<meta name=\"twitter:label2\" content=\"Written by\" \/>\n\t<meta name=\"twitter:data2\" content=\"Redacci\u00f3\" \/>\n<script type=\"application\/ld+json\" class=\"yoast-schema-graph\">{\"@context\":\"https:\\\/\\\/schema.org\",\"@graph\":[{\"@type\":\"WebPage\",\"@id\":\"https:\\\/\\\/gastronomicament.cat\\\/de\\\/restaurant\\\/vermuteria-la-rosa-palma\",\"url\":\"https:\\\/\\\/gastronomicament.cat\\\/de\\\/restaurant\\\/vermuteria-la-rosa-palma\",\"name\":\"Vermuteria La Rosa Palma\",\"isPartOf\":{\"@id\":\"https:\\\/\\\/gastronomicament.cat\\\/de\\\/#website\"},\"primaryImageOfPage\":{\"@id\":\"https:\\\/\\\/gastronomicament.cat\\\/de\\\/restaurant\\\/vermuteria-la-rosa-palma#primaryimage\"},\"image\":{\"@id\":\"https:\\\/\\\/gastronomicament.cat\\\/de\\\/restaurant\\\/vermuteria-la-rosa-palma#primaryimage\"},\"thumbnailUrl\":\"https:\\\/\\\/gastronomicament.cat\\\/wp-content\\\/uploads\\\/2016\\\/03\\\/vermut-a-palma-vermuteria-la-rosa.jpg\",\"datePublished\":\"2016-03-02T18:18:38+00:00\",\"dateModified\":\"2024-11-25T08:15:15+00:00\",\"description\":\"Vermuteria La Rosa Palma\",\"breadcrumb\":{\"@id\":\"https:\\\/\\\/gastronomicament.cat\\\/de\\\/restaurant\\\/vermuteria-la-rosa-palma#breadcrumb\"},\"inLanguage\":\"de\",\"potentialAction\":[{\"@type\":\"ReadAction\",\"target\":[\"https:\\\/\\\/gastronomicament.cat\\\/de\\\/restaurant\\\/vermuteria-la-rosa-palma\"]}]},{\"@type\":\"ImageObject\",\"inLanguage\":\"de\",\"@id\":\"https:\\\/\\\/gastronomicament.cat\\\/de\\\/restaurant\\\/vermuteria-la-rosa-palma#primaryimage\",\"url\":\"https:\\\/\\\/gastronomicament.cat\\\/wp-content\\\/uploads\\\/2016\\\/03\\\/vermut-a-palma-vermuteria-la-rosa.jpg\",\"contentUrl\":\"https:\\\/\\\/gastronomicament.cat\\\/wp-content\\\/uploads\\\/2016\\\/03\\\/vermut-a-palma-vermuteria-la-rosa.jpg\",\"width\":1800,\"height\":1460},{\"@type\":\"BreadcrumbList\",\"@id\":\"https:\\\/\\\/gastronomicament.cat\\\/de\\\/restaurant\\\/vermuteria-la-rosa-palma#breadcrumb\",\"itemListElement\":[{\"@type\":\"ListItem\",\"position\":1,\"name\":\"Restaurants\",\"item\":\"https:\\\/\\\/gastronomicament.cat\\\/de\\\/restaurants\"},{\"@type\":\"ListItem\",\"position\":2,\"name\":\"Vermuteria La Rosa Palma\"}]},{\"@type\":\"WebSite\",\"@id\":\"https:\\\/\\\/gastronomicament.cat\\\/de\\\/#website\",\"url\":\"https:\\\/\\\/gastronomicament.cat\\\/de\\\/\",\"name\":\"Gastron\u00f2micament\",\"description\":\"Portal de restaurants, receptes i actualitat gastron\u00f2mica\",\"publisher\":{\"@id\":\"https:\\\/\\\/gastronomicament.cat\\\/de\\\/#organization\"},\"potentialAction\":[{\"@type\":\"SearchAction\",\"target\":{\"@type\":\"EntryPoint\",\"urlTemplate\":\"https:\\\/\\\/gastronomicament.cat\\\/de\\\/?s={search_term_string}\"},\"query-input\":{\"@type\":\"PropertyValueSpecification\",\"valueRequired\":true,\"valueName\":\"search_term_string\"}}],\"inLanguage\":\"de\"},{\"@type\":\"Organization\",\"@id\":\"https:\\\/\\\/gastronomicament.cat\\\/de\\\/#organization\",\"name\":\"Gastron\u00f2micament\",\"url\":\"https:\\\/\\\/gastronomicament.cat\\\/de\\\/\",\"logo\":{\"@type\":\"ImageObject\",\"inLanguage\":\"de\",\"@id\":\"https:\\\/\\\/gastronomicament.cat\\\/de\\\/#\\\/schema\\\/logo\\\/image\\\/\",\"url\":\"https:\\\/\\\/gastronomicament.cat\\\/wp-content\\\/uploads\\\/2016\\\/09\\\/header-logo.jpg\",\"contentUrl\":\"https:\\\/\\\/gastronomicament.cat\\\/wp-content\\\/uploads\\\/2016\\\/09\\\/header-logo.jpg\",\"width\":277,\"height\":39,\"caption\":\"Gastron\u00f2micament\"},\"image\":{\"@id\":\"https:\\\/\\\/gastronomicament.cat\\\/de\\\/#\\\/schema\\\/logo\\\/image\\\/\"},\"sameAs\":[\"https:\\\/\\\/x.com\\\/gastronomicamen\"]}]}<\/script>\n<!-- \/ Yoast SEO plugin. -->","yoast_head_json":{"title":"Vermuteria La Rosa Palma","description":"Vermuteria La Rosa Palma","robots":{"index":"index","follow":"follow","max-snippet":"max-snippet:-1","max-image-preview":"max-image-preview:large","max-video-preview":"max-video-preview:-1"},"canonical":"https:\/\/gastronomicament.cat\/de\/restaurant\/vermuteria-la-rosa-palma","og_locale":"de_DE","og_type":"article","og_title":"Vermuteria La Rosa Palma","og_description":"Vermuteria La Rosa Palma","og_url":"https:\/\/gastronomicament.cat\/de\/restaurant\/vermuteria-la-rosa-palma","og_site_name":"Gastron\u00f2micament","article_modified_time":"2024-11-25T08:15:15+00:00","og_image":[{"width":1800,"height":1460,"url":"https:\/\/gastronomicament.cat\/wp-content\/uploads\/2016\/03\/vermut-a-palma-vermuteria-la-rosa.jpg","type":"image\/jpeg"}],"twitter_card":"summary_large_image","twitter_site":"@gastronomicamen","twitter_misc":{"Gesch\u00e4tzte Lesezeit":"1\u00a0Minute","Written by":"Redacci\u00f3"},"schema":{"@context":"https:\/\/schema.org","@graph":[{"@type":"WebPage","@id":"https:\/\/gastronomicament.cat\/de\/restaurant\/vermuteria-la-rosa-palma","url":"https:\/\/gastronomicament.cat\/de\/restaurant\/vermuteria-la-rosa-palma","name":"Vermuteria La Rosa Palma","isPartOf":{"@id":"https:\/\/gastronomicament.cat\/de\/#website"},"primaryImageOfPage":{"@id":"https:\/\/gastronomicament.cat\/de\/restaurant\/vermuteria-la-rosa-palma#primaryimage"},"image":{"@id":"https:\/\/gastronomicament.cat\/de\/restaurant\/vermuteria-la-rosa-palma#primaryimage"},"thumbnailUrl":"https:\/\/gastronomicament.cat\/wp-content\/uploads\/2016\/03\/vermut-a-palma-vermuteria-la-rosa.jpg","datePublished":"2016-03-02T18:18:38+00:00","dateModified":"2024-11-25T08:15:15+00:00","description":"Vermuteria La Rosa Palma","breadcrumb":{"@id":"https:\/\/gastronomicament.cat\/de\/restaurant\/vermuteria-la-rosa-palma#breadcrumb"},"inLanguage":"de","potentialAction":[{"@type":"ReadAction","target":["https:\/\/gastronomicament.cat\/de\/restaurant\/vermuteria-la-rosa-palma"]}]},{"@type":"ImageObject","inLanguage":"de","@id":"https:\/\/gastronomicament.cat\/de\/restaurant\/vermuteria-la-rosa-palma#primaryimage","url":"https:\/\/gastronomicament.cat\/wp-content\/uploads\/2016\/03\/vermut-a-palma-vermuteria-la-rosa.jpg","contentUrl":"https:\/\/gastronomicament.cat\/wp-content\/uploads\/2016\/03\/vermut-a-palma-vermuteria-la-rosa.jpg","width":1800,"height":1460},{"@type":"BreadcrumbList","@id":"https:\/\/gastronomicament.cat\/de\/restaurant\/vermuteria-la-rosa-palma#breadcrumb","itemListElement":[{"@type":"ListItem","position":1,"name":"Restaurants","item":"https:\/\/gastronomicament.cat\/de\/restaurants"},{"@type":"ListItem","position":2,"name":"Vermuteria La Rosa Palma"}]},{"@type":"WebSite","@id":"https:\/\/gastronomicament.cat\/de\/#website","url":"https:\/\/gastronomicament.cat\/de\/","name":"Gastron\u00f2micament","description":"Portal de restaurants, receptes i actualitat gastron\u00f2mica","publisher":{"@id":"https:\/\/gastronomicament.cat\/de\/#organization"},"potentialAction":[{"@type":"SearchAction","target":{"@type":"EntryPoint","urlTemplate":"https:\/\/gastronomicament.cat\/de\/?s={search_term_string}"},"query-input":{"@type":"PropertyValueSpecification","valueRequired":true,"valueName":"search_term_string"}}],"inLanguage":"de"},{"@type":"Organization","@id":"https:\/\/gastronomicament.cat\/de\/#organization","name":"Gastron\u00f2micament","url":"https:\/\/gastronomicament.cat\/de\/","logo":{"@type":"ImageObject","inLanguage":"de","@id":"https:\/\/gastronomicament.cat\/de\/#\/schema\/logo\/image\/","url":"https:\/\/gastronomicament.cat\/wp-content\/uploads\/2016\/09\/header-logo.jpg","contentUrl":"https:\/\/gastronomicament.cat\/wp-content\/uploads\/2016\/09\/header-logo.jpg","width":277,"height":39,"caption":"Gastron\u00f2micament"},"image":{"@id":"https:\/\/gastronomicament.cat\/de\/#\/schema\/logo\/image\/"},"sameAs":["https:\/\/x.com\/gastronomicamen"]}]}},"_links":{"self":[{"href":"https:\/\/gastronomicament.cat\/de\/wp-json\/wp\/v2\/restaurant\/54155","targetHints":{"allow":["GET"]}}],"collection":[{"href":"https:\/\/gastronomicament.cat\/de\/wp-json\/wp\/v2\/restaurant"}],"about":[{"href":"https:\/\/gastronomicament.cat\/de\/wp-json\/wp\/v2\/types\/restaurant"}],"author":[{"embeddable":true,"href":"https:\/\/gastronomicament.cat\/de\/wp-json\/wp\/v2\/users\/1"}],"replies":[{"embeddable":true,"href":"https:\/\/gastronomicament.cat\/de\/wp-json\/wp\/v2\/comments?post=54155"}],"version-history":[{"count":0,"href":"https:\/\/gastronomicament.cat\/de\/wp-json\/wp\/v2\/restaurant\/54155\/revisions"}],"wp:featuredmedia":[{"embeddable":true,"href":"https:\/\/gastronomicament.cat\/de\/wp-json\/wp\/v2\/media\/54157"}],"wp:attachment":[{"href":"https:\/\/gastronomicament.cat\/de\/wp-json\/wp\/v2\/media?parent=54155"}],"wp:term":[{"taxonomy":"category","embeddable":true,"href":"https:\/\/gastronomicament.cat\/de\/wp-json\/wp\/v2\/categories?post=54155"},{"taxonomy":"destacatper","embeddable":true,"href":"https:\/\/gastronomicament.cat\/de\/wp-json\/wp\/v2\/destacatper?post=54155"},{"taxonomy":"especialitat","embeddable":true,"href":"https:\/\/gastronomicament.cat\/de\/wp-json\/wp\/v2\/especialitat?post=54155"},{"taxonomy":"localitat","embeddable":true,"href":"https:\/\/gastronomicament.cat\/de\/wp-json\/wp\/v2\/localitat?post=54155"},{"taxonomy":"author","embeddable":true,"href":"https:\/\/gastronomicament.cat\/de\/wp-json\/wp\/v2\/coauthors?post=54155"}],"curies":[{"name":"wp","href":"https:\/\/api.w.org\/{rel}","templated":true}]}}

<p>Com si d&#8217;un viatge al temps es tractàs, la Vermuteria La Rosa de Palma ens ofereix un local amb encant, amb vermuts, sifó i vins, a més d&#8217;una suculenta carta de propostes. Cada detall està cuidat al màxim, des de les rajoles fins a la coberteria. Un local fet amb encant on hi podem menjar plats com els ous de gallina amb ous d&#8217;eriçó, la pota de pop amb alls confitats i gel de julivert, com també musclos, navalles, cloïsses i croquetes d&#8217;ibèric.</p>
<p>No es pot reservar taula, a no ser que sigui un grup de 8 persones o més (fins a 14) per al qual hi ha habilitat un menjador a la sala superior. No hi falten les &#8218;gildas&#8216; i les conserves de qualitat tant catalanes com gallegues.</p>
<p>La vermuteria la Rosa es troba just devora la Plaça Weyler, al costat del Gran Hotel de Palma. Sens dubte, un lloc per visitar i menjar bé.<!--more--></p>

<p>Cada detall està cuidat al màxim, des de les rajoles fins a la coberteria</p>

[:ca]Dilluns migdia tancat [:en]Closed on Monday Midday [:es]Lunes mediodía cerrado [:de]Montags Mittag geschlossen

<!-- This site is optimized with the Yoast SEO plugin v27.4 - https://yoast.com/product/yoast-seo-wordpress/ -->
<title>Vermuteria La Rosa Palma</title>
<meta name="description" content="Vermuteria La Rosa Palma" />
<meta name="robots" content="index, follow, max-snippet:-1, max-image-preview:large, max-video-preview:-1" />
<link rel="canonical" href="https://gastronomicament.cat/de/restaurant/vermuteria-la-rosa-palma" />
<meta property="og:locale" content="de_DE" />
<meta property="og:type" content="article" />
<meta property="og:title" content="Vermuteria La Rosa Palma" />
<meta property="og:description" content="Vermuteria La Rosa Palma" />
<meta property="og:url" content="https://gastronomicament.cat/de/restaurant/vermuteria-la-rosa-palma" />
<meta property="og:site_name" content="Gastronòmicament" />
<meta property="article:modified_time" content="2024-11-25T08:15:15+00:00" />
<meta property="og:image" content="https://gastronomicament.cat/wp-content/uploads/2016/03/vermut-a-palma-vermuteria-la-rosa.jpg" />
	<meta property="og:image:width" content="1800" />
	<meta property="og:image:height" content="1460" />
	<meta property="og:image:type" content="image/jpeg" />
<meta name="twitter:card" content="summary_large_image" />
<meta name="twitter:site" content="@gastronomicamen" />
<meta name="twitter:label1" content="Geschätzte Lesezeit" />
	<meta name="twitter:data1" content="1 Minute" />
	<meta name="twitter:label2" content="Written by" />
	<meta name="twitter:data2" content="Redacció" />
<script type="application/ld+json" class="yoast-schema-graph">{"@context":"https:\/\/schema.org","@graph":[{"@type":"WebPage","@id":"https:\/\/gastronomicament.cat\/de\/restaurant\/vermuteria-la-rosa-palma","url":"https:\/\/gastronomicament.cat\/de\/restaurant\/vermuteria-la-rosa-palma","name":"Vermuteria La Rosa Palma","isPartOf":{"@id":"https:\/\/gastronomicament.cat\/de\/#website"},"primaryImageOfPage":{"@id":"https:\/\/gastronomicament.cat\/de\/restaurant\/vermuteria-la-rosa-palma#primaryimage"},"image":{"@id":"https:\/\/gastronomicament.cat\/de\/restaurant\/vermuteria-la-rosa-palma#primaryimage"},"thumbnailUrl":"https:\/\/gastronomicament.cat\/wp-content\/uploads\/2016\/03\/vermut-a-palma-vermuteria-la-rosa.jpg","datePublished":"2016-03-02T18:18:38+00:00","dateModified":"2024-11-25T08:15:15+00:00","description":"Vermuteria La Rosa Palma","breadcrumb":{"@id":"https:\/\/gastronomicament.cat\/de\/restaurant\/vermuteria-la-rosa-palma#breadcrumb"},"inLanguage":"de","potentialAction":[{"@type":"ReadAction","target":["https:\/\/gastronomicament.cat\/de\/restaurant\/vermuteria-la-rosa-palma"]}]},{"@type":"ImageObject","inLanguage":"de","@id":"https:\/\/gastronomicament.cat\/de\/restaurant\/vermuteria-la-rosa-palma#primaryimage","url":"https:\/\/gastronomicament.cat\/wp-content\/uploads\/2016\/03\/vermut-a-palma-vermuteria-la-rosa.jpg","contentUrl":"https:\/\/gastronomicament.cat\/wp-content\/uploads\/2016\/03\/vermut-a-palma-vermuteria-la-rosa.jpg","width":1800,"height":1460},{"@type":"BreadcrumbList","@id":"https:\/\/gastronomicament.cat\/de\/restaurant\/vermuteria-la-rosa-palma#breadcrumb","itemListElement":[{"@type":"ListItem","position":1,"name":"Restaurants","item":"https:\/\/gastronomicament.cat\/de\/restaurants"},{"@type":"ListItem","position":2,"name":"Vermuteria La Rosa Palma"}]},{"@type":"WebSite","@id":"https:\/\/gastronomicament.cat\/de\/#website","url":"https:\/\/gastronomicament.cat\/de\/","name":"Gastronòmicament","description":"Portal de restaurants, receptes i actualitat gastronòmica","publisher":{"@id":"https:\/\/gastronomicament.cat\/de\/#organization"},"potentialAction":[{"@type":"SearchAction","target":{"@type":"EntryPoint","urlTemplate":"https:\/\/gastronomicament.cat\/de\/?s={search_term_string}"},"query-input":{"@type":"PropertyValueSpecification","valueRequired":true,"valueName":"search_term_string"}}],"inLanguage":"de"},{"@type":"Organization","@id":"https:\/\/gastronomicament.cat\/de\/#organization","name":"Gastronòmicament","url":"https:\/\/gastronomicament.cat\/de\/","logo":{"@type":"ImageObject","inLanguage":"de","@id":"https:\/\/gastronomicament.cat\/de\/#\/schema\/logo\/image\/","url":"https:\/\/gastronomicament.cat\/wp-content\/uploads\/2016\/09\/header-logo.jpg","contentUrl":"https:\/\/gastronomicament.cat\/wp-content\/uploads\/2016\/09\/header-logo.jpg","width":277,"height":39,"caption":"Gastronòmicament"},"image":{"@id":"https:\/\/gastronomicament.cat\/de\/#\/schema\/logo\/image\/"},"sameAs":["https:\/\/x.com\/gastronomicamen"]}]}</script>
<!-- / Yoast SEO plugin. -->

Gastronòmicament

Redacció

Portal de restaurants, receptes i actualitat gastronòmica
