{"id":71644,"date":"2014-03-19T23:21:57","date_gmt":"2014-03-19T22:21:57","guid":{"rendered":"https:\/\/gastronomicament.cat\/restaurant\/restaurant-sant-miquel-sant-esteve-den-bas-vall-den-bas"},"modified":"2023-10-05T10:37:33","modified_gmt":"2023-10-05T08:37:33","slug":"restaurant-sant-miquel-sant-esteve-den-bas-vall-den-bas","status":"publish","type":"restaurant","link":"https:\/\/gastronomicament.cat\/de\/restaurant\/restaurant-sant-miquel-sant-esteve-den-bas-vall-den-bas","title":{"rendered":"Restaurant Sant Miquel"},"content":{"rendered":"<p>A l&#8217;empar de la Cuina Volc\u00e0nica i enmig de la Vall d&#8217;en Bas, el local afavoreix el tast de productes de qualitat fets amb la cura que demana el receptari tradicional, tot i que es vulgui posar al dia.<br \/>\nRestaurant d&#8217;ambient familiar, on es mant\u00e9 la tradici\u00f3 als fogons, per\u00f2 amb una mirada a l&#8217;evoluci\u00f3 de la nostra cuina.<\/p>\n<h4>Plats caracter\u00edstics del restaurant Sant Miquel<\/h4>\n<p>\u00c0nec de pag\u00e8s amb peres.<\/p>\n<p>Peus de porc amb mandonguilles amb tela.<\/p>\n<p>Pollastre de pag\u00e8s amb bolets.<!--more--><\/p>\n","protected":false},"excerpt":{"rendered":"<p>A l&#8217;empar de la Cuina Volc\u00e0nica i enmig de la Vall d&#8217;en Bas, el local afavoreix el tast de productes de qualitat fets amb la cura que demana el receptari tradicional, tot i que es vulgui posar al dia. Restaurant d&#8217;ambient familiar, on es mant\u00e9 la tradici\u00f3 als fogons, per\u00f2 amb una mirada a l&#8217;evoluci\u00f3 [&hellip;]<\/p>\n","protected":false},"author":81,"featured_media":0,"menu_order":0,"comment_status":"open","ping_status":"closed","template":"","format":"standard","meta":{"_acf_changed":false,"_swt_meta_header_display":false,"_swt_meta_footer_display":false,"_swt_meta_site_title_display":false,"_swt_meta_sticky_header":false,"_swt_meta_transparent_header":false,"direccio":"Mas Colomer, s\/n, 17176 Sant Esteve d'en Bas, Girona, Espanya","telefon":"972.690.123","web":"www.restaurantsantmiquel.blogspot.com","horari":"[:ca]De 13 a 16h; de 20 a 23,30h. Descans setmanal: No n'hi ha. Vacances: 25 de desembre. [:en]De 13 a 16h; de 20 a 23,30h. Descans setmanal: No n'hi ha. Vacances: 25 de desembre. [:es]De 13 a 16h; de 20 a 23,30h. Descanso semanal: No realizan descanso semanal. Vacaciones: 25 de desembre.","preumitja":"--","observacions":"[:ca]Descans setmanal: No n'hi ha Vacances: 25 de desembre[:en]Weekly rest: No n'hi ha Holidays: 25 de desembre[:es]Descanso semanal: No realizan descanso semanal Vacaciones: 25 de desembre","footnotes":""},"categories":[1029],"destacatper":[],"especialitat":[1285],"localitat":[1287,1819],"coauthors":[],"class_list":["post-71644","restaurant","type-restaurant","status-publish","format-standard","hentry","category-restaurants-es-de","especialitat-cuina-catalana-es-de","localitat-catalunya-es-de","localitat-sant-esteve-den-bas-vall-den-bas-de"],"acf":{"gallery":null,"home_date":{"home_begin_date":null,"home_end_date":null}},"yoast_head":"<!-- This site is optimized with the Yoast SEO plugin v27.4 - https:\/\/yoast.com\/product\/yoast-seo-wordpress\/ -->\n<title>Restaurant Sant Miquel. Sant Esteve d&#039;en Bas (Vall d&#039;en Bas)<\/title>\n<meta name=\"description\" content=\"Restaurant Sant Miquel. Sant Esteve d&#039;en Bas (Vall d&#039;en Bas) - Restaurante Sant Miquel. Sant Esteve d&#039;en Bas (Vall d&#039;en Bas)\" \/>\n<meta name=\"robots\" content=\"index, follow, max-snippet:-1, max-image-preview:large, max-video-preview:-1\" \/>\n<link rel=\"canonical\" href=\"https:\/\/gastronomicament.cat\/de\/restaurant\/restaurant-sant-miquel-sant-esteve-den-bas-vall-den-bas\" \/>\n<meta property=\"og:locale\" content=\"de_DE\" \/>\n<meta property=\"og:type\" content=\"article\" \/>\n<meta property=\"og:title\" content=\"Restaurant Sant Miquel. Sant Esteve d&#039;en Bas (Vall d&#039;en Bas)\" \/>\n<meta property=\"og:description\" content=\"Restaurant Sant Miquel. Sant Esteve d&#039;en Bas (Vall d&#039;en Bas) - Restaurante Sant Miquel. Sant Esteve d&#039;en Bas (Vall d&#039;en Bas)\" \/>\n<meta property=\"og:url\" content=\"https:\/\/gastronomicament.cat\/de\/restaurant\/restaurant-sant-miquel-sant-esteve-den-bas-vall-den-bas\" \/>\n<meta property=\"og:site_name\" content=\"Gastron\u00f2micament\" \/>\n<meta property=\"article:modified_time\" content=\"2023-10-05T08:37:33+00:00\" \/>\n<meta name=\"twitter:card\" content=\"summary_large_image\" \/>\n<meta name=\"twitter:site\" content=\"@gastronomicamen\" \/>\n<meta name=\"twitter:label1\" content=\"Written by\" \/>\n\t<meta name=\"twitter:data1\" content=\"Fundaci\u00f3 Institut Catal\u00e0 de la Cuina i de la Cultura Gastron\u00f2mica\" \/>\n<script type=\"application\/ld+json\" class=\"yoast-schema-graph\">{\"@context\":\"https:\\\/\\\/schema.org\",\"@graph\":[{\"@type\":\"WebPage\",\"@id\":\"https:\\\/\\\/gastronomicament.cat\\\/de\\\/restaurant\\\/restaurant-sant-miquel-sant-esteve-den-bas-vall-den-bas\",\"url\":\"https:\\\/\\\/gastronomicament.cat\\\/de\\\/restaurant\\\/restaurant-sant-miquel-sant-esteve-den-bas-vall-den-bas\",\"name\":\"Restaurant Sant Miquel. Sant Esteve d'en Bas (Vall d'en Bas)\",\"isPartOf\":{\"@id\":\"https:\\\/\\\/gastronomicament.cat\\\/de\\\/#website\"},\"datePublished\":\"2014-03-19T22:21:57+00:00\",\"dateModified\":\"2023-10-05T08:37:33+00:00\",\"description\":\"Restaurant Sant Miquel. Sant Esteve d'en Bas (Vall d'en Bas) - Restaurante Sant Miquel. Sant Esteve d'en Bas (Vall d'en Bas)\",\"breadcrumb\":{\"@id\":\"https:\\\/\\\/gastronomicament.cat\\\/de\\\/restaurant\\\/restaurant-sant-miquel-sant-esteve-den-bas-vall-den-bas#breadcrumb\"},\"inLanguage\":\"de\",\"potentialAction\":[{\"@type\":\"ReadAction\",\"target\":[\"https:\\\/\\\/gastronomicament.cat\\\/de\\\/restaurant\\\/restaurant-sant-miquel-sant-esteve-den-bas-vall-den-bas\"]}]},{\"@type\":\"BreadcrumbList\",\"@id\":\"https:\\\/\\\/gastronomicament.cat\\\/de\\\/restaurant\\\/restaurant-sant-miquel-sant-esteve-den-bas-vall-den-bas#breadcrumb\",\"itemListElement\":[{\"@type\":\"ListItem\",\"position\":1,\"name\":\"Restaurants\",\"item\":\"https:\\\/\\\/gastronomicament.cat\\\/de\\\/restaurants\"},{\"@type\":\"ListItem\",\"position\":2,\"name\":\"Restaurant Sant Miquel\"}]},{\"@type\":\"WebSite\",\"@id\":\"https:\\\/\\\/gastronomicament.cat\\\/de\\\/#website\",\"url\":\"https:\\\/\\\/gastronomicament.cat\\\/de\\\/\",\"name\":\"Gastron\u00f2micament\",\"description\":\"Portal de restaurants, receptes i actualitat gastron\u00f2mica\",\"publisher\":{\"@id\":\"https:\\\/\\\/gastronomicament.cat\\\/de\\\/#organization\"},\"potentialAction\":[{\"@type\":\"SearchAction\",\"target\":{\"@type\":\"EntryPoint\",\"urlTemplate\":\"https:\\\/\\\/gastronomicament.cat\\\/de\\\/?s={search_term_string}\"},\"query-input\":{\"@type\":\"PropertyValueSpecification\",\"valueRequired\":true,\"valueName\":\"search_term_string\"}}],\"inLanguage\":\"de\"},{\"@type\":\"Organization\",\"@id\":\"https:\\\/\\\/gastronomicament.cat\\\/de\\\/#organization\",\"name\":\"Gastron\u00f2micament\",\"url\":\"https:\\\/\\\/gastronomicament.cat\\\/de\\\/\",\"logo\":{\"@type\":\"ImageObject\",\"inLanguage\":\"de\",\"@id\":\"https:\\\/\\\/gastronomicament.cat\\\/de\\\/#\\\/schema\\\/logo\\\/image\\\/\",\"url\":\"https:\\\/\\\/gastronomicament.cat\\\/wp-content\\\/uploads\\\/2016\\\/09\\\/header-logo.jpg\",\"contentUrl\":\"https:\\\/\\\/gastronomicament.cat\\\/wp-content\\\/uploads\\\/2016\\\/09\\\/header-logo.jpg\",\"width\":277,\"height\":39,\"caption\":\"Gastron\u00f2micament\"},\"image\":{\"@id\":\"https:\\\/\\\/gastronomicament.cat\\\/de\\\/#\\\/schema\\\/logo\\\/image\\\/\"},\"sameAs\":[\"https:\\\/\\\/x.com\\\/gastronomicamen\"]}]}<\/script>\n<!-- \/ Yoast SEO plugin. -->","yoast_head_json":{"title":"Restaurant Sant Miquel. Sant Esteve d'en Bas (Vall d'en Bas)","description":"Restaurant Sant Miquel. Sant Esteve d'en Bas (Vall d'en Bas) - Restaurante Sant Miquel. Sant Esteve d'en Bas (Vall d'en Bas)","robots":{"index":"index","follow":"follow","max-snippet":"max-snippet:-1","max-image-preview":"max-image-preview:large","max-video-preview":"max-video-preview:-1"},"canonical":"https:\/\/gastronomicament.cat\/de\/restaurant\/restaurant-sant-miquel-sant-esteve-den-bas-vall-den-bas","og_locale":"de_DE","og_type":"article","og_title":"Restaurant Sant Miquel. Sant Esteve d'en Bas (Vall d'en Bas)","og_description":"Restaurant Sant Miquel. Sant Esteve d'en Bas (Vall d'en Bas) - Restaurante Sant Miquel. Sant Esteve d'en Bas (Vall d'en Bas)","og_url":"https:\/\/gastronomicament.cat\/de\/restaurant\/restaurant-sant-miquel-sant-esteve-den-bas-vall-den-bas","og_site_name":"Gastron\u00f2micament","article_modified_time":"2023-10-05T08:37:33+00:00","twitter_card":"summary_large_image","twitter_site":"@gastronomicamen","twitter_misc":{"Written by":"Fundaci\u00f3 Institut Catal\u00e0 de la Cuina i de la Cultura Gastron\u00f2mica"},"schema":{"@context":"https:\/\/schema.org","@graph":[{"@type":"WebPage","@id":"https:\/\/gastronomicament.cat\/de\/restaurant\/restaurant-sant-miquel-sant-esteve-den-bas-vall-den-bas","url":"https:\/\/gastronomicament.cat\/de\/restaurant\/restaurant-sant-miquel-sant-esteve-den-bas-vall-den-bas","name":"Restaurant Sant Miquel. Sant Esteve d'en Bas (Vall d'en Bas)","isPartOf":{"@id":"https:\/\/gastronomicament.cat\/de\/#website"},"datePublished":"2014-03-19T22:21:57+00:00","dateModified":"2023-10-05T08:37:33+00:00","description":"Restaurant Sant Miquel. Sant Esteve d'en Bas (Vall d'en Bas) - Restaurante Sant Miquel. Sant Esteve d'en Bas (Vall d'en Bas)","breadcrumb":{"@id":"https:\/\/gastronomicament.cat\/de\/restaurant\/restaurant-sant-miquel-sant-esteve-den-bas-vall-den-bas#breadcrumb"},"inLanguage":"de","potentialAction":[{"@type":"ReadAction","target":["https:\/\/gastronomicament.cat\/de\/restaurant\/restaurant-sant-miquel-sant-esteve-den-bas-vall-den-bas"]}]},{"@type":"BreadcrumbList","@id":"https:\/\/gastronomicament.cat\/de\/restaurant\/restaurant-sant-miquel-sant-esteve-den-bas-vall-den-bas#breadcrumb","itemListElement":[{"@type":"ListItem","position":1,"name":"Restaurants","item":"https:\/\/gastronomicament.cat\/de\/restaurants"},{"@type":"ListItem","position":2,"name":"Restaurant Sant Miquel"}]},{"@type":"WebSite","@id":"https:\/\/gastronomicament.cat\/de\/#website","url":"https:\/\/gastronomicament.cat\/de\/","name":"Gastron\u00f2micament","description":"Portal de restaurants, receptes i actualitat gastron\u00f2mica","publisher":{"@id":"https:\/\/gastronomicament.cat\/de\/#organization"},"potentialAction":[{"@type":"SearchAction","target":{"@type":"EntryPoint","urlTemplate":"https:\/\/gastronomicament.cat\/de\/?s={search_term_string}"},"query-input":{"@type":"PropertyValueSpecification","valueRequired":true,"valueName":"search_term_string"}}],"inLanguage":"de"},{"@type":"Organization","@id":"https:\/\/gastronomicament.cat\/de\/#organization","name":"Gastron\u00f2micament","url":"https:\/\/gastronomicament.cat\/de\/","logo":{"@type":"ImageObject","inLanguage":"de","@id":"https:\/\/gastronomicament.cat\/de\/#\/schema\/logo\/image\/","url":"https:\/\/gastronomicament.cat\/wp-content\/uploads\/2016\/09\/header-logo.jpg","contentUrl":"https:\/\/gastronomicament.cat\/wp-content\/uploads\/2016\/09\/header-logo.jpg","width":277,"height":39,"caption":"Gastron\u00f2micament"},"image":{"@id":"https:\/\/gastronomicament.cat\/de\/#\/schema\/logo\/image\/"},"sameAs":["https:\/\/x.com\/gastronomicamen"]}]}},"_links":{"self":[{"href":"https:\/\/gastronomicament.cat\/de\/wp-json\/wp\/v2\/restaurant\/71644","targetHints":{"allow":["GET"]}}],"collection":[{"href":"https:\/\/gastronomicament.cat\/de\/wp-json\/wp\/v2\/restaurant"}],"about":[{"href":"https:\/\/gastronomicament.cat\/de\/wp-json\/wp\/v2\/types\/restaurant"}],"author":[{"embeddable":true,"href":"https:\/\/gastronomicament.cat\/de\/wp-json\/wp\/v2\/users\/81"}],"replies":[{"embeddable":true,"href":"https:\/\/gastronomicament.cat\/de\/wp-json\/wp\/v2\/comments?post=71644"}],"version-history":[{"count":0,"href":"https:\/\/gastronomicament.cat\/de\/wp-json\/wp\/v2\/restaurant\/71644\/revisions"}],"wp:attachment":[{"href":"https:\/\/gastronomicament.cat\/de\/wp-json\/wp\/v2\/media?parent=71644"}],"wp:term":[{"taxonomy":"category","embeddable":true,"href":"https:\/\/gastronomicament.cat\/de\/wp-json\/wp\/v2\/categories?post=71644"},{"taxonomy":"destacatper","embeddable":true,"href":"https:\/\/gastronomicament.cat\/de\/wp-json\/wp\/v2\/destacatper?post=71644"},{"taxonomy":"especialitat","embeddable":true,"href":"https:\/\/gastronomicament.cat\/de\/wp-json\/wp\/v2\/especialitat?post=71644"},{"taxonomy":"localitat","embeddable":true,"href":"https:\/\/gastronomicament.cat\/de\/wp-json\/wp\/v2\/localitat?post=71644"},{"taxonomy":"author","embeddable":true,"href":"https:\/\/gastronomicament.cat\/de\/wp-json\/wp\/v2\/coauthors?post=71644"}],"curies":[{"name":"wp","href":"https:\/\/api.w.org\/{rel}","templated":true}]}}

<p>A l&#8217;empar de la Cuina Volcànica i enmig de la Vall d&#8217;en Bas, el local afavoreix el tast de productes de qualitat fets amb la cura que demana el receptari tradicional, tot i que es vulgui posar al dia.<br />
Restaurant d&#8217;ambient familiar, on es manté la tradició als fogons, però amb una mirada a l&#8217;evolució de la nostra cuina.</p>
<h4>Plats característics del restaurant Sant Miquel</h4>
<p>Ànec de pagès amb peres.</p>
<p>Peus de porc amb mandonguilles amb tela.</p>
<p>Pollastre de pagès amb bolets.<!--more--></p>

<p>A l&#8217;empar de la Cuina Volcànica i enmig de la Vall d&#8217;en Bas, el local afavoreix el tast de productes de qualitat fets amb la cura que demana el receptari tradicional, tot i que es vulgui posar al dia. Restaurant d&#8217;ambient familiar, on es manté la tradició als fogons, però amb una mirada a l&#8217;evolució [&hellip;]</p>

<!-- This site is optimized with the Yoast SEO plugin v27.4 - https://yoast.com/product/yoast-seo-wordpress/ -->
<title>Restaurant Sant Miquel. Sant Esteve d&#039;en Bas (Vall d&#039;en Bas)</title>
<meta name="description" content="Restaurant Sant Miquel. Sant Esteve d&#039;en Bas (Vall d&#039;en Bas) - Restaurante Sant Miquel. Sant Esteve d&#039;en Bas (Vall d&#039;en Bas)" />
<meta name="robots" content="index, follow, max-snippet:-1, max-image-preview:large, max-video-preview:-1" />
<link rel="canonical" href="https://gastronomicament.cat/de/restaurant/restaurant-sant-miquel-sant-esteve-den-bas-vall-den-bas" />
<meta property="og:locale" content="de_DE" />
<meta property="og:type" content="article" />
<meta property="og:title" content="Restaurant Sant Miquel. Sant Esteve d&#039;en Bas (Vall d&#039;en Bas)" />
<meta property="og:description" content="Restaurant Sant Miquel. Sant Esteve d&#039;en Bas (Vall d&#039;en Bas) - Restaurante Sant Miquel. Sant Esteve d&#039;en Bas (Vall d&#039;en Bas)" />
<meta property="og:url" content="https://gastronomicament.cat/de/restaurant/restaurant-sant-miquel-sant-esteve-den-bas-vall-den-bas" />
<meta property="og:site_name" content="Gastronòmicament" />
<meta property="article:modified_time" content="2023-10-05T08:37:33+00:00" />
<meta name="twitter:card" content="summary_large_image" />
<meta name="twitter:site" content="@gastronomicamen" />
<meta name="twitter:label1" content="Written by" />
	<meta name="twitter:data1" content="Fundació Institut Català de la Cuina i de la Cultura Gastronòmica" />
<script type="application/ld+json" class="yoast-schema-graph">{"@context":"https:\/\/schema.org","@graph":[{"@type":"WebPage","@id":"https:\/\/gastronomicament.cat\/de\/restaurant\/restaurant-sant-miquel-sant-esteve-den-bas-vall-den-bas","url":"https:\/\/gastronomicament.cat\/de\/restaurant\/restaurant-sant-miquel-sant-esteve-den-bas-vall-den-bas","name":"Restaurant Sant Miquel. Sant Esteve d'en Bas (Vall d'en Bas)","isPartOf":{"@id":"https:\/\/gastronomicament.cat\/de\/#website"},"datePublished":"2014-03-19T22:21:57+00:00","dateModified":"2023-10-05T08:37:33+00:00","description":"Restaurant Sant Miquel. Sant Esteve d'en Bas (Vall d'en Bas) - Restaurante Sant Miquel. Sant Esteve d'en Bas (Vall d'en Bas)","breadcrumb":{"@id":"https:\/\/gastronomicament.cat\/de\/restaurant\/restaurant-sant-miquel-sant-esteve-den-bas-vall-den-bas#breadcrumb"},"inLanguage":"de","potentialAction":[{"@type":"ReadAction","target":["https:\/\/gastronomicament.cat\/de\/restaurant\/restaurant-sant-miquel-sant-esteve-den-bas-vall-den-bas"]}]},{"@type":"BreadcrumbList","@id":"https:\/\/gastronomicament.cat\/de\/restaurant\/restaurant-sant-miquel-sant-esteve-den-bas-vall-den-bas#breadcrumb","itemListElement":[{"@type":"ListItem","position":1,"name":"Restaurants","item":"https:\/\/gastronomicament.cat\/de\/restaurants"},{"@type":"ListItem","position":2,"name":"Restaurant Sant Miquel"}]},{"@type":"WebSite","@id":"https:\/\/gastronomicament.cat\/de\/#website","url":"https:\/\/gastronomicament.cat\/de\/","name":"Gastronòmicament","description":"Portal de restaurants, receptes i actualitat gastronòmica","publisher":{"@id":"https:\/\/gastronomicament.cat\/de\/#organization"},"potentialAction":[{"@type":"SearchAction","target":{"@type":"EntryPoint","urlTemplate":"https:\/\/gastronomicament.cat\/de\/?s={search_term_string}"},"query-input":{"@type":"PropertyValueSpecification","valueRequired":true,"valueName":"search_term_string"}}],"inLanguage":"de"},{"@type":"Organization","@id":"https:\/\/gastronomicament.cat\/de\/#organization","name":"Gastronòmicament","url":"https:\/\/gastronomicament.cat\/de\/","logo":{"@type":"ImageObject","inLanguage":"de","@id":"https:\/\/gastronomicament.cat\/de\/#\/schema\/logo\/image\/","url":"https:\/\/gastronomicament.cat\/wp-content\/uploads\/2016\/09\/header-logo.jpg","contentUrl":"https:\/\/gastronomicament.cat\/wp-content\/uploads\/2016\/09\/header-logo.jpg","width":277,"height":39,"caption":"Gastronòmicament"},"image":{"@id":"https:\/\/gastronomicament.cat\/de\/#\/schema\/logo\/image\/"},"sameAs":["https:\/\/x.com\/gastronomicamen"]}]}</script>
<!-- / Yoast SEO plugin. -->

Gastronòmicament

Fundació Institut Català de la Cuina i de la Cultura Gastronòmica

Portal de restaurants, receptes i actualitat gastronòmica
