{"id":71696,"date":"2014-03-11T01:09:13","date_gmt":"2014-03-11T00:09:13","guid":{"rendered":"https:\/\/gastronomicament.cat\/restaurant\/restaurant-hostal-el-forn-de-su-su"},"modified":"2023-10-05T10:38:45","modified_gmt":"2023-10-05T08:38:45","slug":"restaurant-hostal-el-forn-de-su-su","status":"publish","type":"restaurant","link":"https:\/\/gastronomicament.cat\/de\/restaurant\/restaurant-hostal-el-forn-de-su-su","title":{"rendered":"Restaurant Hostal el Forn de Su"},"content":{"rendered":"<p>Antic forn de pa i botiga de poble que amb el temps s&#8217;ha anat convertint en un hostal.<\/p>\n<h4>Plats caracter\u00edstics del restaurant Hostal el Forn de Su<\/h4>\n<p>Cuina de caire tradicional amb productes de la comarca i del seu hort, a m\u00e9s de carns a la brasa.<!--more--><\/p>\n","protected":false},"excerpt":{"rendered":"<p>Antic forn de pa i botiga de poble que amb el temps s&#8217;ha anat convertint en un hostal. Plats caracter\u00edstics del restaurant Hostal el Forn de Su Cuina de caire tradicional amb productes de la comarca i del seu hort, a m\u00e9s de carns a la brasa.<\/p>\n","protected":false},"author":81,"featured_media":51522,"menu_order":0,"comment_status":"open","ping_status":"closed","template":"","format":"gallery","meta":{"_acf_changed":false,"_swt_meta_header_display":false,"_swt_meta_footer_display":false,"_swt_meta_site_title_display":false,"_swt_meta_sticky_header":false,"_swt_meta_transparent_header":false,"direccio":"Casa el Forn.  Su (Riner) - 25287 El Solson\u00e8s (Lleida)","telefon":"973480618","web":"www.hostaldesu.com","horari":"[:ca]de 13a 15.30h i de 20.30h a 22.30h. Descans setmanal: Dilluns. Vacances: Setembre. [:en]de 13a 15.30h i de 20.30h a 22.30h. Descans setmanal: Dilluns. Vacances: Setembre. [:es]de 13a 15.30h y de 20.30h a 22.30h. Descanso semanal: Lunes. Vacaciones: Septiembre.","preumitja":"20 euros","observacions":"[:ca]Descans setmanal: Dilluns Vacances: Setembre[:en]Weekly rest: Dilluns Holidays: Setembre[:es]Descanso semanal: Lunes Vacaciones: Septiembre","footnotes":""},"categories":[1029],"destacatper":[],"especialitat":[1285],"localitat":[1287,1838],"coauthors":[],"class_list":["post-71696","restaurant","type-restaurant","status-publish","format-gallery","has-post-thumbnail","hentry","category-restaurants-es-de","especialitat-cuina-catalana-es-de","localitat-catalunya-es-de","localitat-su-de"],"acf":{"gallery":null,"home_date":{"home_begin_date":null,"home_end_date":null}},"yoast_head":"<!-- This site is optimized with the Yoast SEO plugin v27.4 - https:\/\/yoast.com\/product\/yoast-seo-wordpress\/ -->\n<title>Restaurant Hostal el Forn de Su. Su<\/title>\n<meta name=\"description\" content=\"Restaurant Hostal el Forn de Su. Su - Restaurante Hostal el Forn de Su. Su\" \/>\n<meta name=\"robots\" content=\"index, follow, max-snippet:-1, max-image-preview:large, max-video-preview:-1\" \/>\n<link rel=\"canonical\" href=\"https:\/\/gastronomicament.cat\/de\/restaurant\/restaurant-hostal-el-forn-de-su-su\" \/>\n<meta property=\"og:locale\" content=\"de_DE\" \/>\n<meta property=\"og:type\" content=\"article\" \/>\n<meta property=\"og:title\" content=\"Restaurant Hostal el Forn de Su. Su\" \/>\n<meta property=\"og:description\" content=\"Restaurant Hostal el Forn de Su. Su - Restaurante Hostal el Forn de Su. Su\" \/>\n<meta property=\"og:url\" content=\"https:\/\/gastronomicament.cat\/de\/restaurant\/restaurant-hostal-el-forn-de-su-su\" \/>\n<meta property=\"og:site_name\" content=\"Gastron\u00f2micament\" \/>\n<meta property=\"article:modified_time\" content=\"2023-10-05T08:38:45+00:00\" \/>\n<meta property=\"og:image\" content=\"https:\/\/gastronomicament.cat\/wp-content\/uploads\/2014\/02\/cache_vista_general_brj_540x390.jpg\" \/>\n\t<meta property=\"og:image:width\" content=\"540\" \/>\n\t<meta property=\"og:image:height\" content=\"390\" \/>\n\t<meta property=\"og:image:type\" content=\"image\/jpeg\" \/>\n<meta name=\"twitter:card\" content=\"summary_large_image\" \/>\n<meta name=\"twitter:site\" content=\"@gastronomicamen\" \/>\n<meta name=\"twitter:label1\" content=\"Written by\" \/>\n\t<meta name=\"twitter:data1\" content=\"Fundaci\u00f3 Institut Catal\u00e0 de la Cuina i de la Cultura Gastron\u00f2mica\" \/>\n<script type=\"application\/ld+json\" class=\"yoast-schema-graph\">{\"@context\":\"https:\\\/\\\/schema.org\",\"@graph\":[{\"@type\":\"WebPage\",\"@id\":\"https:\\\/\\\/gastronomicament.cat\\\/de\\\/restaurant\\\/restaurant-hostal-el-forn-de-su-su\",\"url\":\"https:\\\/\\\/gastronomicament.cat\\\/de\\\/restaurant\\\/restaurant-hostal-el-forn-de-su-su\",\"name\":\"Restaurant Hostal el Forn de Su. Su\",\"isPartOf\":{\"@id\":\"https:\\\/\\\/gastronomicament.cat\\\/de\\\/#website\"},\"primaryImageOfPage\":{\"@id\":\"https:\\\/\\\/gastronomicament.cat\\\/de\\\/restaurant\\\/restaurant-hostal-el-forn-de-su-su#primaryimage\"},\"image\":{\"@id\":\"https:\\\/\\\/gastronomicament.cat\\\/de\\\/restaurant\\\/restaurant-hostal-el-forn-de-su-su#primaryimage\"},\"thumbnailUrl\":\"https:\\\/\\\/gastronomicament.cat\\\/wp-content\\\/uploads\\\/2014\\\/02\\\/cache_vista_general_brj_540x390.jpg\",\"datePublished\":\"2014-03-11T00:09:13+00:00\",\"dateModified\":\"2023-10-05T08:38:45+00:00\",\"description\":\"Restaurant Hostal el Forn de Su. Su - Restaurante Hostal el Forn de Su. Su\",\"breadcrumb\":{\"@id\":\"https:\\\/\\\/gastronomicament.cat\\\/de\\\/restaurant\\\/restaurant-hostal-el-forn-de-su-su#breadcrumb\"},\"inLanguage\":\"de\",\"potentialAction\":[{\"@type\":\"ReadAction\",\"target\":[\"https:\\\/\\\/gastronomicament.cat\\\/de\\\/restaurant\\\/restaurant-hostal-el-forn-de-su-su\"]}]},{\"@type\":\"ImageObject\",\"inLanguage\":\"de\",\"@id\":\"https:\\\/\\\/gastronomicament.cat\\\/de\\\/restaurant\\\/restaurant-hostal-el-forn-de-su-su#primaryimage\",\"url\":\"https:\\\/\\\/gastronomicament.cat\\\/wp-content\\\/uploads\\\/2014\\\/02\\\/cache_vista_general_brj_540x390.jpg\",\"contentUrl\":\"https:\\\/\\\/gastronomicament.cat\\\/wp-content\\\/uploads\\\/2014\\\/02\\\/cache_vista_general_brj_540x390.jpg\",\"width\":540,\"height\":390},{\"@type\":\"BreadcrumbList\",\"@id\":\"https:\\\/\\\/gastronomicament.cat\\\/de\\\/restaurant\\\/restaurant-hostal-el-forn-de-su-su#breadcrumb\",\"itemListElement\":[{\"@type\":\"ListItem\",\"position\":1,\"name\":\"Restaurants\",\"item\":\"https:\\\/\\\/gastronomicament.cat\\\/de\\\/restaurants\"},{\"@type\":\"ListItem\",\"position\":2,\"name\":\"Restaurant Hostal el Forn de Su\"}]},{\"@type\":\"WebSite\",\"@id\":\"https:\\\/\\\/gastronomicament.cat\\\/de\\\/#website\",\"url\":\"https:\\\/\\\/gastronomicament.cat\\\/de\\\/\",\"name\":\"Gastron\u00f2micament\",\"description\":\"Portal de restaurants, receptes i actualitat gastron\u00f2mica\",\"publisher\":{\"@id\":\"https:\\\/\\\/gastronomicament.cat\\\/de\\\/#organization\"},\"potentialAction\":[{\"@type\":\"SearchAction\",\"target\":{\"@type\":\"EntryPoint\",\"urlTemplate\":\"https:\\\/\\\/gastronomicament.cat\\\/de\\\/?s={search_term_string}\"},\"query-input\":{\"@type\":\"PropertyValueSpecification\",\"valueRequired\":true,\"valueName\":\"search_term_string\"}}],\"inLanguage\":\"de\"},{\"@type\":\"Organization\",\"@id\":\"https:\\\/\\\/gastronomicament.cat\\\/de\\\/#organization\",\"name\":\"Gastron\u00f2micament\",\"url\":\"https:\\\/\\\/gastronomicament.cat\\\/de\\\/\",\"logo\":{\"@type\":\"ImageObject\",\"inLanguage\":\"de\",\"@id\":\"https:\\\/\\\/gastronomicament.cat\\\/de\\\/#\\\/schema\\\/logo\\\/image\\\/\",\"url\":\"https:\\\/\\\/gastronomicament.cat\\\/wp-content\\\/uploads\\\/2016\\\/09\\\/header-logo.jpg\",\"contentUrl\":\"https:\\\/\\\/gastronomicament.cat\\\/wp-content\\\/uploads\\\/2016\\\/09\\\/header-logo.jpg\",\"width\":277,\"height\":39,\"caption\":\"Gastron\u00f2micament\"},\"image\":{\"@id\":\"https:\\\/\\\/gastronomicament.cat\\\/de\\\/#\\\/schema\\\/logo\\\/image\\\/\"},\"sameAs\":[\"https:\\\/\\\/x.com\\\/gastronomicamen\"]}]}<\/script>\n<!-- \/ Yoast SEO plugin. -->","yoast_head_json":{"title":"Restaurant Hostal el Forn de Su. Su","description":"Restaurant Hostal el Forn de Su. Su - Restaurante Hostal el Forn de Su. Su","robots":{"index":"index","follow":"follow","max-snippet":"max-snippet:-1","max-image-preview":"max-image-preview:large","max-video-preview":"max-video-preview:-1"},"canonical":"https:\/\/gastronomicament.cat\/de\/restaurant\/restaurant-hostal-el-forn-de-su-su","og_locale":"de_DE","og_type":"article","og_title":"Restaurant Hostal el Forn de Su. Su","og_description":"Restaurant Hostal el Forn de Su. Su - Restaurante Hostal el Forn de Su. Su","og_url":"https:\/\/gastronomicament.cat\/de\/restaurant\/restaurant-hostal-el-forn-de-su-su","og_site_name":"Gastron\u00f2micament","article_modified_time":"2023-10-05T08:38:45+00:00","og_image":[{"width":540,"height":390,"url":"https:\/\/gastronomicament.cat\/wp-content\/uploads\/2014\/02\/cache_vista_general_brj_540x390.jpg","type":"image\/jpeg"}],"twitter_card":"summary_large_image","twitter_site":"@gastronomicamen","twitter_misc":{"Written by":"Fundaci\u00f3 Institut Catal\u00e0 de la Cuina i de la Cultura Gastron\u00f2mica"},"schema":{"@context":"https:\/\/schema.org","@graph":[{"@type":"WebPage","@id":"https:\/\/gastronomicament.cat\/de\/restaurant\/restaurant-hostal-el-forn-de-su-su","url":"https:\/\/gastronomicament.cat\/de\/restaurant\/restaurant-hostal-el-forn-de-su-su","name":"Restaurant Hostal el Forn de Su. Su","isPartOf":{"@id":"https:\/\/gastronomicament.cat\/de\/#website"},"primaryImageOfPage":{"@id":"https:\/\/gastronomicament.cat\/de\/restaurant\/restaurant-hostal-el-forn-de-su-su#primaryimage"},"image":{"@id":"https:\/\/gastronomicament.cat\/de\/restaurant\/restaurant-hostal-el-forn-de-su-su#primaryimage"},"thumbnailUrl":"https:\/\/gastronomicament.cat\/wp-content\/uploads\/2014\/02\/cache_vista_general_brj_540x390.jpg","datePublished":"2014-03-11T00:09:13+00:00","dateModified":"2023-10-05T08:38:45+00:00","description":"Restaurant Hostal el Forn de Su. Su - Restaurante Hostal el Forn de Su. Su","breadcrumb":{"@id":"https:\/\/gastronomicament.cat\/de\/restaurant\/restaurant-hostal-el-forn-de-su-su#breadcrumb"},"inLanguage":"de","potentialAction":[{"@type":"ReadAction","target":["https:\/\/gastronomicament.cat\/de\/restaurant\/restaurant-hostal-el-forn-de-su-su"]}]},{"@type":"ImageObject","inLanguage":"de","@id":"https:\/\/gastronomicament.cat\/de\/restaurant\/restaurant-hostal-el-forn-de-su-su#primaryimage","url":"https:\/\/gastronomicament.cat\/wp-content\/uploads\/2014\/02\/cache_vista_general_brj_540x390.jpg","contentUrl":"https:\/\/gastronomicament.cat\/wp-content\/uploads\/2014\/02\/cache_vista_general_brj_540x390.jpg","width":540,"height":390},{"@type":"BreadcrumbList","@id":"https:\/\/gastronomicament.cat\/de\/restaurant\/restaurant-hostal-el-forn-de-su-su#breadcrumb","itemListElement":[{"@type":"ListItem","position":1,"name":"Restaurants","item":"https:\/\/gastronomicament.cat\/de\/restaurants"},{"@type":"ListItem","position":2,"name":"Restaurant Hostal el Forn de Su"}]},{"@type":"WebSite","@id":"https:\/\/gastronomicament.cat\/de\/#website","url":"https:\/\/gastronomicament.cat\/de\/","name":"Gastron\u00f2micament","description":"Portal de restaurants, receptes i actualitat gastron\u00f2mica","publisher":{"@id":"https:\/\/gastronomicament.cat\/de\/#organization"},"potentialAction":[{"@type":"SearchAction","target":{"@type":"EntryPoint","urlTemplate":"https:\/\/gastronomicament.cat\/de\/?s={search_term_string}"},"query-input":{"@type":"PropertyValueSpecification","valueRequired":true,"valueName":"search_term_string"}}],"inLanguage":"de"},{"@type":"Organization","@id":"https:\/\/gastronomicament.cat\/de\/#organization","name":"Gastron\u00f2micament","url":"https:\/\/gastronomicament.cat\/de\/","logo":{"@type":"ImageObject","inLanguage":"de","@id":"https:\/\/gastronomicament.cat\/de\/#\/schema\/logo\/image\/","url":"https:\/\/gastronomicament.cat\/wp-content\/uploads\/2016\/09\/header-logo.jpg","contentUrl":"https:\/\/gastronomicament.cat\/wp-content\/uploads\/2016\/09\/header-logo.jpg","width":277,"height":39,"caption":"Gastron\u00f2micament"},"image":{"@id":"https:\/\/gastronomicament.cat\/de\/#\/schema\/logo\/image\/"},"sameAs":["https:\/\/x.com\/gastronomicamen"]}]}},"_links":{"self":[{"href":"https:\/\/gastronomicament.cat\/de\/wp-json\/wp\/v2\/restaurant\/71696","targetHints":{"allow":["GET"]}}],"collection":[{"href":"https:\/\/gastronomicament.cat\/de\/wp-json\/wp\/v2\/restaurant"}],"about":[{"href":"https:\/\/gastronomicament.cat\/de\/wp-json\/wp\/v2\/types\/restaurant"}],"author":[{"embeddable":true,"href":"https:\/\/gastronomicament.cat\/de\/wp-json\/wp\/v2\/users\/81"}],"replies":[{"embeddable":true,"href":"https:\/\/gastronomicament.cat\/de\/wp-json\/wp\/v2\/comments?post=71696"}],"version-history":[{"count":0,"href":"https:\/\/gastronomicament.cat\/de\/wp-json\/wp\/v2\/restaurant\/71696\/revisions"}],"wp:featuredmedia":[{"embeddable":true,"href":"https:\/\/gastronomicament.cat\/de\/wp-json\/wp\/v2\/media\/51522"}],"wp:attachment":[{"href":"https:\/\/gastronomicament.cat\/de\/wp-json\/wp\/v2\/media?parent=71696"}],"wp:term":[{"taxonomy":"category","embeddable":true,"href":"https:\/\/gastronomicament.cat\/de\/wp-json\/wp\/v2\/categories?post=71696"},{"taxonomy":"destacatper","embeddable":true,"href":"https:\/\/gastronomicament.cat\/de\/wp-json\/wp\/v2\/destacatper?post=71696"},{"taxonomy":"especialitat","embeddable":true,"href":"https:\/\/gastronomicament.cat\/de\/wp-json\/wp\/v2\/especialitat?post=71696"},{"taxonomy":"localitat","embeddable":true,"href":"https:\/\/gastronomicament.cat\/de\/wp-json\/wp\/v2\/localitat?post=71696"},{"taxonomy":"author","embeddable":true,"href":"https:\/\/gastronomicament.cat\/de\/wp-json\/wp\/v2\/coauthors?post=71696"}],"curies":[{"name":"wp","href":"https:\/\/api.w.org\/{rel}","templated":true}]}}

<p>Antic forn de pa i botiga de poble que amb el temps s&#8217;ha anat convertint en un hostal.</p>
<h4>Plats característics del restaurant Hostal el Forn de Su</h4>
<p>Cuina de caire tradicional amb productes de la comarca i del seu hort, a més de carns a la brasa.<!--more--></p>

<p>Antic forn de pa i botiga de poble que amb el temps s&#8217;ha anat convertint en un hostal. Plats característics del restaurant Hostal el Forn de Su Cuina de caire tradicional amb productes de la comarca i del seu hort, a més de carns a la brasa.</p>

Casa el Forn.  Su (Riner) - 25287 El Solsonès (Lleida)

<!-- This site is optimized with the Yoast SEO plugin v27.4 - https://yoast.com/product/yoast-seo-wordpress/ -->
<title>Restaurant Hostal el Forn de Su. Su</title>
<meta name="description" content="Restaurant Hostal el Forn de Su. Su - Restaurante Hostal el Forn de Su. Su" />
<meta name="robots" content="index, follow, max-snippet:-1, max-image-preview:large, max-video-preview:-1" />
<link rel="canonical" href="https://gastronomicament.cat/de/restaurant/restaurant-hostal-el-forn-de-su-su" />
<meta property="og:locale" content="de_DE" />
<meta property="og:type" content="article" />
<meta property="og:title" content="Restaurant Hostal el Forn de Su. Su" />
<meta property="og:description" content="Restaurant Hostal el Forn de Su. Su - Restaurante Hostal el Forn de Su. Su" />
<meta property="og:url" content="https://gastronomicament.cat/de/restaurant/restaurant-hostal-el-forn-de-su-su" />
<meta property="og:site_name" content="Gastronòmicament" />
<meta property="article:modified_time" content="2023-10-05T08:38:45+00:00" />
<meta property="og:image" content="https://gastronomicament.cat/wp-content/uploads/2014/02/cache_vista_general_brj_540x390.jpg" />
	<meta property="og:image:width" content="540" />
	<meta property="og:image:height" content="390" />
	<meta property="og:image:type" content="image/jpeg" />
<meta name="twitter:card" content="summary_large_image" />
<meta name="twitter:site" content="@gastronomicamen" />
<meta name="twitter:label1" content="Written by" />
	<meta name="twitter:data1" content="Fundació Institut Català de la Cuina i de la Cultura Gastronòmica" />
<script type="application/ld+json" class="yoast-schema-graph">{"@context":"https:\/\/schema.org","@graph":[{"@type":"WebPage","@id":"https:\/\/gastronomicament.cat\/de\/restaurant\/restaurant-hostal-el-forn-de-su-su","url":"https:\/\/gastronomicament.cat\/de\/restaurant\/restaurant-hostal-el-forn-de-su-su","name":"Restaurant Hostal el Forn de Su. Su","isPartOf":{"@id":"https:\/\/gastronomicament.cat\/de\/#website"},"primaryImageOfPage":{"@id":"https:\/\/gastronomicament.cat\/de\/restaurant\/restaurant-hostal-el-forn-de-su-su#primaryimage"},"image":{"@id":"https:\/\/gastronomicament.cat\/de\/restaurant\/restaurant-hostal-el-forn-de-su-su#primaryimage"},"thumbnailUrl":"https:\/\/gastronomicament.cat\/wp-content\/uploads\/2014\/02\/cache_vista_general_brj_540x390.jpg","datePublished":"2014-03-11T00:09:13+00:00","dateModified":"2023-10-05T08:38:45+00:00","description":"Restaurant Hostal el Forn de Su. Su - Restaurante Hostal el Forn de Su. Su","breadcrumb":{"@id":"https:\/\/gastronomicament.cat\/de\/restaurant\/restaurant-hostal-el-forn-de-su-su#breadcrumb"},"inLanguage":"de","potentialAction":[{"@type":"ReadAction","target":["https:\/\/gastronomicament.cat\/de\/restaurant\/restaurant-hostal-el-forn-de-su-su"]}]},{"@type":"ImageObject","inLanguage":"de","@id":"https:\/\/gastronomicament.cat\/de\/restaurant\/restaurant-hostal-el-forn-de-su-su#primaryimage","url":"https:\/\/gastronomicament.cat\/wp-content\/uploads\/2014\/02\/cache_vista_general_brj_540x390.jpg","contentUrl":"https:\/\/gastronomicament.cat\/wp-content\/uploads\/2014\/02\/cache_vista_general_brj_540x390.jpg","width":540,"height":390},{"@type":"BreadcrumbList","@id":"https:\/\/gastronomicament.cat\/de\/restaurant\/restaurant-hostal-el-forn-de-su-su#breadcrumb","itemListElement":[{"@type":"ListItem","position":1,"name":"Restaurants","item":"https:\/\/gastronomicament.cat\/de\/restaurants"},{"@type":"ListItem","position":2,"name":"Restaurant Hostal el Forn de Su"}]},{"@type":"WebSite","@id":"https:\/\/gastronomicament.cat\/de\/#website","url":"https:\/\/gastronomicament.cat\/de\/","name":"Gastronòmicament","description":"Portal de restaurants, receptes i actualitat gastronòmica","publisher":{"@id":"https:\/\/gastronomicament.cat\/de\/#organization"},"potentialAction":[{"@type":"SearchAction","target":{"@type":"EntryPoint","urlTemplate":"https:\/\/gastronomicament.cat\/de\/?s={search_term_string}"},"query-input":{"@type":"PropertyValueSpecification","valueRequired":true,"valueName":"search_term_string"}}],"inLanguage":"de"},{"@type":"Organization","@id":"https:\/\/gastronomicament.cat\/de\/#organization","name":"Gastronòmicament","url":"https:\/\/gastronomicament.cat\/de\/","logo":{"@type":"ImageObject","inLanguage":"de","@id":"https:\/\/gastronomicament.cat\/de\/#\/schema\/logo\/image\/","url":"https:\/\/gastronomicament.cat\/wp-content\/uploads\/2016\/09\/header-logo.jpg","contentUrl":"https:\/\/gastronomicament.cat\/wp-content\/uploads\/2016\/09\/header-logo.jpg","width":277,"height":39,"caption":"Gastronòmicament"},"image":{"@id":"https:\/\/gastronomicament.cat\/de\/#\/schema\/logo\/image\/"},"sameAs":["https:\/\/x.com\/gastronomicamen"]}]}</script>
<!-- / Yoast SEO plugin. -->

Gastronòmicament

Fundació Institut Català de la Cuina i de la Cultura Gastronòmica

Portal de restaurants, receptes i actualitat gastronòmica
