{"id":72973,"date":"2013-05-07T12:12:16","date_gmt":"2013-05-07T10:12:16","guid":{"rendered":"https:\/\/gastronomicament.cat\/restaurant\/restaurant-reset-palma"},"modified":"2023-10-05T10:45:15","modified_gmt":"2023-10-05T08:45:15","slug":"restaurant-reset-palma","status":"publish","type":"restaurant","link":"https:\/\/gastronomicament.cat\/de\/restaurant\/restaurant-reset-palma","title":{"rendered":"Reset"},"content":{"rendered":"<p style=\"text-align: justify;\">El xef Jos\u00e9 Lorenzo us ofereix incre\u00efbles plats amb un men\u00fa del dia de luxe per\u00f2 a un preu excepcional. Demostra el seu talent culinari en aquest restaurant d&#8217;en\u00e7\u00e0 el 2011, gr\u00e0cies a una filosofia molt concretar: ser sincer amb els seus clients per oferir el millor plat al millor preu.<\/p>\n<p style=\"text-align: justify;\">El local s&#8217;ubica davant la Creu Roja de Palma i des de la seva obertura mai no ha repetit cap men\u00fa. Abans d&#8217;obrir el restaurant Reset, Lorenzo ha fet feina amb bons cuiners dels que ha apr\u00e8s molt\u00edssim, com en\u00a0 Rafel Mart\u00ednez (actualment propietari del restaurant la Fonda de S\u00f3ller), en Guillem M\u00e9ndez del restaurant la Residencia i amb n&#8217;Angel Palacios al restaurant la Broche de Madrid.<\/p>\n<p style=\"text-align: justify;\">En poques paraules, un restaurant que di\u00e0riament us sorprendr\u00e0 molt gratament.<\/p>\n","protected":false},"excerpt":{"rendered":"<p>El xef Jos\u00e9 Lorenzo us ofereix incre\u00efbles plats amb un men\u00fa del dia de luxe per\u00f2 a un preu excepcional. Demostra el seu talent culinari en aquest restaurant d&#8217;en\u00e7\u00e0 el 2011, gr\u00e0cies a una filosofia molt concretar: ser sincer amb els seus clients per oferir el millor plat al millor preu. El local s&#8217;ubica davant [&hellip;]<\/p>\n","protected":false},"author":1,"featured_media":49458,"menu_order":0,"comment_status":"open","ping_status":"closed","template":"","format":"gallery","meta":{"_acf_changed":false,"_swt_meta_header_display":false,"_swt_meta_footer_display":false,"_swt_meta_site_title_display":false,"_swt_meta_sticky_header":false,"_swt_meta_transparent_header":false,"direccio":"Carrer d'Alfons el Magn\u00e0nim, 25","telefon":"971 59 57 82","web":"","horari":"[:ca]Obert de dilluns a dissabte[:en] Open from Monday to Saturday","preumitja":"10-12 euros","observacions":"","footnotes":""},"categories":[1029],"destacatper":[1037],"especialitat":[1060],"localitat":[1937,1034],"coauthors":[],"class_list":["post-72973","restaurant","type-restaurant","status-publish","format-gallery","has-post-thumbnail","hentry","category-restaurants-es-de","destacatper-menu-del-dia-de","especialitat-cuina-selecta-de","localitat-el-amanecer-palma-de","localitat-palma-de","preu-entre-10-i-20-euros-de"],"acf":{"gallery":null,"home_date":{"home_begin_date":null,"home_end_date":null}},"yoast_head":"<!-- This site is optimized with the Yoast SEO plugin v27.4 - https:\/\/yoast.com\/product\/yoast-seo-wordpress\/ -->\n<title>Restaurant Reset. Palma<\/title>\n<meta name=\"description\" content=\"Restaurant Reset. Palma Men\u00fa diari \/ Restaurante Reset. Palma. Men\u00fa diario\" \/>\n<meta name=\"robots\" content=\"index, follow, max-snippet:-1, max-image-preview:large, max-video-preview:-1\" \/>\n<link rel=\"canonical\" href=\"https:\/\/gastronomicament.cat\/de\/restaurant\/restaurant-reset-palma\" \/>\n<meta property=\"og:locale\" content=\"de_DE\" \/>\n<meta property=\"og:type\" content=\"article\" \/>\n<meta property=\"og:title\" content=\"Restaurant Reset. Palma\" \/>\n<meta property=\"og:description\" content=\"Restaurant Reset. Palma Men\u00fa diari \/ Restaurante Reset. Palma. Men\u00fa diario\" \/>\n<meta property=\"og:url\" content=\"https:\/\/gastronomicament.cat\/de\/restaurant\/restaurant-reset-palma\" \/>\n<meta property=\"og:site_name\" content=\"Gastron\u00f2micament\" \/>\n<meta property=\"article:modified_time\" content=\"2023-10-05T08:45:15+00:00\" \/>\n<meta property=\"og:image\" content=\"https:\/\/gastronomicament.cat\/wp-content\/uploads\/2013\/05\/Cuina-casolana-al-restaurant-Reset-de-Palma.jpg\" \/>\n\t<meta property=\"og:image:width\" content=\"1800\" \/>\n\t<meta property=\"og:image:height\" content=\"1196\" \/>\n\t<meta property=\"og:image:type\" content=\"image\/jpeg\" \/>\n<meta name=\"twitter:card\" content=\"summary_large_image\" \/>\n<meta name=\"twitter:site\" content=\"@gastronomicamen\" \/>\n<meta name=\"twitter:label1\" content=\"Gesch\u00e4tzte Lesezeit\" \/>\n\t<meta name=\"twitter:data1\" content=\"1\u00a0Minute\" \/>\n\t<meta name=\"twitter:label2\" content=\"Written by\" \/>\n\t<meta name=\"twitter:data2\" content=\"Redacci\u00f3\" \/>\n<script type=\"application\/ld+json\" class=\"yoast-schema-graph\">{\"@context\":\"https:\\\/\\\/schema.org\",\"@graph\":[{\"@type\":\"WebPage\",\"@id\":\"https:\\\/\\\/gastronomicament.cat\\\/de\\\/restaurant\\\/restaurant-reset-palma\",\"url\":\"https:\\\/\\\/gastronomicament.cat\\\/de\\\/restaurant\\\/restaurant-reset-palma\",\"name\":\"Restaurant Reset. Palma\",\"isPartOf\":{\"@id\":\"https:\\\/\\\/gastronomicament.cat\\\/de\\\/#website\"},\"primaryImageOfPage\":{\"@id\":\"https:\\\/\\\/gastronomicament.cat\\\/de\\\/restaurant\\\/restaurant-reset-palma#primaryimage\"},\"image\":{\"@id\":\"https:\\\/\\\/gastronomicament.cat\\\/de\\\/restaurant\\\/restaurant-reset-palma#primaryimage\"},\"thumbnailUrl\":\"https:\\\/\\\/gastronomicament.cat\\\/wp-content\\\/uploads\\\/2013\\\/05\\\/Cuina-casolana-al-restaurant-Reset-de-Palma.jpg\",\"datePublished\":\"2013-05-07T10:12:16+00:00\",\"dateModified\":\"2023-10-05T08:45:15+00:00\",\"description\":\"Restaurant Reset. Palma Men\u00fa diari \\\/ Restaurante Reset. Palma. Men\u00fa diario\",\"breadcrumb\":{\"@id\":\"https:\\\/\\\/gastronomicament.cat\\\/de\\\/restaurant\\\/restaurant-reset-palma#breadcrumb\"},\"inLanguage\":\"de\",\"potentialAction\":[{\"@type\":\"ReadAction\",\"target\":[\"https:\\\/\\\/gastronomicament.cat\\\/de\\\/restaurant\\\/restaurant-reset-palma\"]}]},{\"@type\":\"ImageObject\",\"inLanguage\":\"de\",\"@id\":\"https:\\\/\\\/gastronomicament.cat\\\/de\\\/restaurant\\\/restaurant-reset-palma#primaryimage\",\"url\":\"https:\\\/\\\/gastronomicament.cat\\\/wp-content\\\/uploads\\\/2013\\\/05\\\/Cuina-casolana-al-restaurant-Reset-de-Palma.jpg\",\"contentUrl\":\"https:\\\/\\\/gastronomicament.cat\\\/wp-content\\\/uploads\\\/2013\\\/05\\\/Cuina-casolana-al-restaurant-Reset-de-Palma.jpg\",\"width\":1800,\"height\":1196},{\"@type\":\"BreadcrumbList\",\"@id\":\"https:\\\/\\\/gastronomicament.cat\\\/de\\\/restaurant\\\/restaurant-reset-palma#breadcrumb\",\"itemListElement\":[{\"@type\":\"ListItem\",\"position\":1,\"name\":\"Restaurants\",\"item\":\"https:\\\/\\\/gastronomicament.cat\\\/de\\\/restaurants\"},{\"@type\":\"ListItem\",\"position\":2,\"name\":\"Reset\"}]},{\"@type\":\"WebSite\",\"@id\":\"https:\\\/\\\/gastronomicament.cat\\\/de\\\/#website\",\"url\":\"https:\\\/\\\/gastronomicament.cat\\\/de\\\/\",\"name\":\"Gastron\u00f2micament\",\"description\":\"Portal de restaurants, receptes i actualitat gastron\u00f2mica\",\"publisher\":{\"@id\":\"https:\\\/\\\/gastronomicament.cat\\\/de\\\/#organization\"},\"potentialAction\":[{\"@type\":\"SearchAction\",\"target\":{\"@type\":\"EntryPoint\",\"urlTemplate\":\"https:\\\/\\\/gastronomicament.cat\\\/de\\\/?s={search_term_string}\"},\"query-input\":{\"@type\":\"PropertyValueSpecification\",\"valueRequired\":true,\"valueName\":\"search_term_string\"}}],\"inLanguage\":\"de\"},{\"@type\":\"Organization\",\"@id\":\"https:\\\/\\\/gastronomicament.cat\\\/de\\\/#organization\",\"name\":\"Gastron\u00f2micament\",\"url\":\"https:\\\/\\\/gastronomicament.cat\\\/de\\\/\",\"logo\":{\"@type\":\"ImageObject\",\"inLanguage\":\"de\",\"@id\":\"https:\\\/\\\/gastronomicament.cat\\\/de\\\/#\\\/schema\\\/logo\\\/image\\\/\",\"url\":\"https:\\\/\\\/gastronomicament.cat\\\/wp-content\\\/uploads\\\/2016\\\/09\\\/header-logo.jpg\",\"contentUrl\":\"https:\\\/\\\/gastronomicament.cat\\\/wp-content\\\/uploads\\\/2016\\\/09\\\/header-logo.jpg\",\"width\":277,\"height\":39,\"caption\":\"Gastron\u00f2micament\"},\"image\":{\"@id\":\"https:\\\/\\\/gastronomicament.cat\\\/de\\\/#\\\/schema\\\/logo\\\/image\\\/\"},\"sameAs\":[\"https:\\\/\\\/x.com\\\/gastronomicamen\"]}]}<\/script>\n<!-- \/ Yoast SEO plugin. -->","yoast_head_json":{"title":"Restaurant Reset. Palma","description":"Restaurant Reset. Palma Men\u00fa diari \/ Restaurante Reset. Palma. Men\u00fa diario","robots":{"index":"index","follow":"follow","max-snippet":"max-snippet:-1","max-image-preview":"max-image-preview:large","max-video-preview":"max-video-preview:-1"},"canonical":"https:\/\/gastronomicament.cat\/de\/restaurant\/restaurant-reset-palma","og_locale":"de_DE","og_type":"article","og_title":"Restaurant Reset. Palma","og_description":"Restaurant Reset. Palma Men\u00fa diari \/ Restaurante Reset. Palma. Men\u00fa diario","og_url":"https:\/\/gastronomicament.cat\/de\/restaurant\/restaurant-reset-palma","og_site_name":"Gastron\u00f2micament","article_modified_time":"2023-10-05T08:45:15+00:00","og_image":[{"width":1800,"height":1196,"url":"https:\/\/gastronomicament.cat\/wp-content\/uploads\/2013\/05\/Cuina-casolana-al-restaurant-Reset-de-Palma.jpg","type":"image\/jpeg"}],"twitter_card":"summary_large_image","twitter_site":"@gastronomicamen","twitter_misc":{"Gesch\u00e4tzte Lesezeit":"1\u00a0Minute","Written by":"Redacci\u00f3"},"schema":{"@context":"https:\/\/schema.org","@graph":[{"@type":"WebPage","@id":"https:\/\/gastronomicament.cat\/de\/restaurant\/restaurant-reset-palma","url":"https:\/\/gastronomicament.cat\/de\/restaurant\/restaurant-reset-palma","name":"Restaurant Reset. Palma","isPartOf":{"@id":"https:\/\/gastronomicament.cat\/de\/#website"},"primaryImageOfPage":{"@id":"https:\/\/gastronomicament.cat\/de\/restaurant\/restaurant-reset-palma#primaryimage"},"image":{"@id":"https:\/\/gastronomicament.cat\/de\/restaurant\/restaurant-reset-palma#primaryimage"},"thumbnailUrl":"https:\/\/gastronomicament.cat\/wp-content\/uploads\/2013\/05\/Cuina-casolana-al-restaurant-Reset-de-Palma.jpg","datePublished":"2013-05-07T10:12:16+00:00","dateModified":"2023-10-05T08:45:15+00:00","description":"Restaurant Reset. Palma Men\u00fa diari \/ Restaurante Reset. Palma. Men\u00fa diario","breadcrumb":{"@id":"https:\/\/gastronomicament.cat\/de\/restaurant\/restaurant-reset-palma#breadcrumb"},"inLanguage":"de","potentialAction":[{"@type":"ReadAction","target":["https:\/\/gastronomicament.cat\/de\/restaurant\/restaurant-reset-palma"]}]},{"@type":"ImageObject","inLanguage":"de","@id":"https:\/\/gastronomicament.cat\/de\/restaurant\/restaurant-reset-palma#primaryimage","url":"https:\/\/gastronomicament.cat\/wp-content\/uploads\/2013\/05\/Cuina-casolana-al-restaurant-Reset-de-Palma.jpg","contentUrl":"https:\/\/gastronomicament.cat\/wp-content\/uploads\/2013\/05\/Cuina-casolana-al-restaurant-Reset-de-Palma.jpg","width":1800,"height":1196},{"@type":"BreadcrumbList","@id":"https:\/\/gastronomicament.cat\/de\/restaurant\/restaurant-reset-palma#breadcrumb","itemListElement":[{"@type":"ListItem","position":1,"name":"Restaurants","item":"https:\/\/gastronomicament.cat\/de\/restaurants"},{"@type":"ListItem","position":2,"name":"Reset"}]},{"@type":"WebSite","@id":"https:\/\/gastronomicament.cat\/de\/#website","url":"https:\/\/gastronomicament.cat\/de\/","name":"Gastron\u00f2micament","description":"Portal de restaurants, receptes i actualitat gastron\u00f2mica","publisher":{"@id":"https:\/\/gastronomicament.cat\/de\/#organization"},"potentialAction":[{"@type":"SearchAction","target":{"@type":"EntryPoint","urlTemplate":"https:\/\/gastronomicament.cat\/de\/?s={search_term_string}"},"query-input":{"@type":"PropertyValueSpecification","valueRequired":true,"valueName":"search_term_string"}}],"inLanguage":"de"},{"@type":"Organization","@id":"https:\/\/gastronomicament.cat\/de\/#organization","name":"Gastron\u00f2micament","url":"https:\/\/gastronomicament.cat\/de\/","logo":{"@type":"ImageObject","inLanguage":"de","@id":"https:\/\/gastronomicament.cat\/de\/#\/schema\/logo\/image\/","url":"https:\/\/gastronomicament.cat\/wp-content\/uploads\/2016\/09\/header-logo.jpg","contentUrl":"https:\/\/gastronomicament.cat\/wp-content\/uploads\/2016\/09\/header-logo.jpg","width":277,"height":39,"caption":"Gastron\u00f2micament"},"image":{"@id":"https:\/\/gastronomicament.cat\/de\/#\/schema\/logo\/image\/"},"sameAs":["https:\/\/x.com\/gastronomicamen"]}]}},"_links":{"self":[{"href":"https:\/\/gastronomicament.cat\/de\/wp-json\/wp\/v2\/restaurant\/72973","targetHints":{"allow":["GET"]}}],"collection":[{"href":"https:\/\/gastronomicament.cat\/de\/wp-json\/wp\/v2\/restaurant"}],"about":[{"href":"https:\/\/gastronomicament.cat\/de\/wp-json\/wp\/v2\/types\/restaurant"}],"author":[{"embeddable":true,"href":"https:\/\/gastronomicament.cat\/de\/wp-json\/wp\/v2\/users\/1"}],"replies":[{"embeddable":true,"href":"https:\/\/gastronomicament.cat\/de\/wp-json\/wp\/v2\/comments?post=72973"}],"version-history":[{"count":0,"href":"https:\/\/gastronomicament.cat\/de\/wp-json\/wp\/v2\/restaurant\/72973\/revisions"}],"wp:featuredmedia":[{"embeddable":true,"href":"https:\/\/gastronomicament.cat\/de\/wp-json\/wp\/v2\/media\/49458"}],"wp:attachment":[{"href":"https:\/\/gastronomicament.cat\/de\/wp-json\/wp\/v2\/media?parent=72973"}],"wp:term":[{"taxonomy":"category","embeddable":true,"href":"https:\/\/gastronomicament.cat\/de\/wp-json\/wp\/v2\/categories?post=72973"},{"taxonomy":"destacatper","embeddable":true,"href":"https:\/\/gastronomicament.cat\/de\/wp-json\/wp\/v2\/destacatper?post=72973"},{"taxonomy":"especialitat","embeddable":true,"href":"https:\/\/gastronomicament.cat\/de\/wp-json\/wp\/v2\/especialitat?post=72973"},{"taxonomy":"localitat","embeddable":true,"href":"https:\/\/gastronomicament.cat\/de\/wp-json\/wp\/v2\/localitat?post=72973"},{"taxonomy":"author","embeddable":true,"href":"https:\/\/gastronomicament.cat\/de\/wp-json\/wp\/v2\/coauthors?post=72973"}],"curies":[{"name":"wp","href":"https:\/\/api.w.org\/{rel}","templated":true}]}}

<p style="text-align: justify;">El xef José Lorenzo us ofereix increïbles plats amb un menú del dia de luxe però a un preu excepcional. Demostra el seu talent culinari en aquest restaurant d&#8217;ençà el 2011, gràcies a una filosofia molt concretar: ser sincer amb els seus clients per oferir el millor plat al millor preu.</p>
<p style="text-align: justify;">El local s&#8217;ubica davant la Creu Roja de Palma i des de la seva obertura mai no ha repetit cap menú. Abans d&#8217;obrir el restaurant Reset, Lorenzo ha fet feina amb bons cuiners dels que ha après moltíssim, com en  Rafel Martínez (actualment propietari del restaurant la Fonda de Sóller), en Guillem Méndez del restaurant la Residencia i amb n&#8217;Angel Palacios al restaurant la Broche de Madrid.</p>
<p style="text-align: justify;">En poques paraules, un restaurant que diàriament us sorprendrà molt gratament.</p>

<p>El xef José Lorenzo us ofereix increïbles plats amb un menú del dia de luxe però a un preu excepcional. Demostra el seu talent culinari en aquest restaurant d&#8217;ençà el 2011, gràcies a una filosofia molt concretar: ser sincer amb els seus clients per oferir el millor plat al millor preu. El local s&#8217;ubica davant [&hellip;]</p>

Carrer d'Alfons el Magnànim, 25

<!-- This site is optimized with the Yoast SEO plugin v27.4 - https://yoast.com/product/yoast-seo-wordpress/ -->
<title>Restaurant Reset. Palma</title>
<meta name="description" content="Restaurant Reset. Palma Menú diari / Restaurante Reset. Palma. Menú diario" />
<meta name="robots" content="index, follow, max-snippet:-1, max-image-preview:large, max-video-preview:-1" />
<link rel="canonical" href="https://gastronomicament.cat/de/restaurant/restaurant-reset-palma" />
<meta property="og:locale" content="de_DE" />
<meta property="og:type" content="article" />
<meta property="og:title" content="Restaurant Reset. Palma" />
<meta property="og:description" content="Restaurant Reset. Palma Menú diari / Restaurante Reset. Palma. Menú diario" />
<meta property="og:url" content="https://gastronomicament.cat/de/restaurant/restaurant-reset-palma" />
<meta property="og:site_name" content="Gastronòmicament" />
<meta property="article:modified_time" content="2023-10-05T08:45:15+00:00" />
<meta property="og:image" content="https://gastronomicament.cat/wp-content/uploads/2013/05/Cuina-casolana-al-restaurant-Reset-de-Palma.jpg" />
	<meta property="og:image:width" content="1800" />
	<meta property="og:image:height" content="1196" />
	<meta property="og:image:type" content="image/jpeg" />
<meta name="twitter:card" content="summary_large_image" />
<meta name="twitter:site" content="@gastronomicamen" />
<meta name="twitter:label1" content="Geschätzte Lesezeit" />
	<meta name="twitter:data1" content="1 Minute" />
	<meta name="twitter:label2" content="Written by" />
	<meta name="twitter:data2" content="Redacció" />
<script type="application/ld+json" class="yoast-schema-graph">{"@context":"https:\/\/schema.org","@graph":[{"@type":"WebPage","@id":"https:\/\/gastronomicament.cat\/de\/restaurant\/restaurant-reset-palma","url":"https:\/\/gastronomicament.cat\/de\/restaurant\/restaurant-reset-palma","name":"Restaurant Reset. Palma","isPartOf":{"@id":"https:\/\/gastronomicament.cat\/de\/#website"},"primaryImageOfPage":{"@id":"https:\/\/gastronomicament.cat\/de\/restaurant\/restaurant-reset-palma#primaryimage"},"image":{"@id":"https:\/\/gastronomicament.cat\/de\/restaurant\/restaurant-reset-palma#primaryimage"},"thumbnailUrl":"https:\/\/gastronomicament.cat\/wp-content\/uploads\/2013\/05\/Cuina-casolana-al-restaurant-Reset-de-Palma.jpg","datePublished":"2013-05-07T10:12:16+00:00","dateModified":"2023-10-05T08:45:15+00:00","description":"Restaurant Reset. Palma Menú diari \/ Restaurante Reset. Palma. Menú diario","breadcrumb":{"@id":"https:\/\/gastronomicament.cat\/de\/restaurant\/restaurant-reset-palma#breadcrumb"},"inLanguage":"de","potentialAction":[{"@type":"ReadAction","target":["https:\/\/gastronomicament.cat\/de\/restaurant\/restaurant-reset-palma"]}]},{"@type":"ImageObject","inLanguage":"de","@id":"https:\/\/gastronomicament.cat\/de\/restaurant\/restaurant-reset-palma#primaryimage","url":"https:\/\/gastronomicament.cat\/wp-content\/uploads\/2013\/05\/Cuina-casolana-al-restaurant-Reset-de-Palma.jpg","contentUrl":"https:\/\/gastronomicament.cat\/wp-content\/uploads\/2013\/05\/Cuina-casolana-al-restaurant-Reset-de-Palma.jpg","width":1800,"height":1196},{"@type":"BreadcrumbList","@id":"https:\/\/gastronomicament.cat\/de\/restaurant\/restaurant-reset-palma#breadcrumb","itemListElement":[{"@type":"ListItem","position":1,"name":"Restaurants","item":"https:\/\/gastronomicament.cat\/de\/restaurants"},{"@type":"ListItem","position":2,"name":"Reset"}]},{"@type":"WebSite","@id":"https:\/\/gastronomicament.cat\/de\/#website","url":"https:\/\/gastronomicament.cat\/de\/","name":"Gastronòmicament","description":"Portal de restaurants, receptes i actualitat gastronòmica","publisher":{"@id":"https:\/\/gastronomicament.cat\/de\/#organization"},"potentialAction":[{"@type":"SearchAction","target":{"@type":"EntryPoint","urlTemplate":"https:\/\/gastronomicament.cat\/de\/?s={search_term_string}"},"query-input":{"@type":"PropertyValueSpecification","valueRequired":true,"valueName":"search_term_string"}}],"inLanguage":"de"},{"@type":"Organization","@id":"https:\/\/gastronomicament.cat\/de\/#organization","name":"Gastronòmicament","url":"https:\/\/gastronomicament.cat\/de\/","logo":{"@type":"ImageObject","inLanguage":"de","@id":"https:\/\/gastronomicament.cat\/de\/#\/schema\/logo\/image\/","url":"https:\/\/gastronomicament.cat\/wp-content\/uploads\/2016\/09\/header-logo.jpg","contentUrl":"https:\/\/gastronomicament.cat\/wp-content\/uploads\/2016\/09\/header-logo.jpg","width":277,"height":39,"caption":"Gastronòmicament"},"image":{"@id":"https:\/\/gastronomicament.cat\/de\/#\/schema\/logo\/image\/"},"sameAs":["https:\/\/x.com\/gastronomicamen"]}]}</script>
<!-- / Yoast SEO plugin. -->

Restaurant Reset. Palma Menú diari / Restaurante Reset. Palma. Menú diario

Gastronòmicament

Redacció

Portal de restaurants, receptes i actualitat gastronòmica
