{"version":"1.0","provider_name":"Gastron\u00f2micament","provider_url":"https:\/\/gastronomicament.cat\/en","author_name":"Redacci\u00f3","author_url":"https:\/\/gastronomicament.cat\/en\/author\/admin","title":"Caf\u00e8 La Llonja - Gastron\u00f2micament","type":"rich","width":600,"height":338,"html":"<blockquote class=\"wp-embedded-content\" data-secret=\"DpwT9NxrEk\"><a href=\"https:\/\/gastronomicament.cat\/en\/restaurant\/restaurant-cafe-la-llonja\">Caf\u00e8 La Llonja<\/a><\/blockquote><iframe sandbox=\"allow-scripts\" security=\"restricted\" src=\"https:\/\/gastronomicament.cat\/en\/restaurant\/restaurant-cafe-la-llonja\/embed#?secret=DpwT9NxrEk\" width=\"600\" height=\"338\" title=\"&#8220;Caf\u00e8 La Llonja&#8221; &#8212; Gastron\u00f2micament\" data-secret=\"DpwT9NxrEk\" frameborder=\"0\" marginwidth=\"0\" marginheight=\"0\" scrolling=\"no\" class=\"wp-embedded-content\"><\/iframe><script>\n\/*! This file is auto-generated *\/\n!function(d,l){\"use strict\";l.querySelector&&d.addEventListener&&\"undefined\"!=typeof URL&&(d.wp=d.wp||{},d.wp.receiveEmbedMessage||(d.wp.receiveEmbedMessage=function(e){var t=e.data;if((t||t.secret||t.message||t.value)&&!\/[^a-zA-Z0-9]\/.test(t.secret)){for(var s,r,n,a=l.querySelectorAll('iframe[data-secret=\"'+t.secret+'\"]'),o=l.querySelectorAll('blockquote[data-secret=\"'+t.secret+'\"]'),c=new RegExp(\"^https?:$\",\"i\"),i=0;i<o.length;i++)o[i].style.display=\"none\";for(i=0;i<a.length;i++)s=a[i],e.source===s.contentWindow&&(s.removeAttribute(\"style\"),\"height\"===t.message?(1e3<(r=parseInt(t.value,10))?r=1e3:~~r<200&&(r=200),s.height=r):\"link\"===t.message&&(r=new URL(s.getAttribute(\"src\")),n=new URL(t.value),c.test(n.protocol))&&n.host===r.host&&l.activeElement===s&&(d.top.location.href=t.value))}},d.addEventListener(\"message\",d.wp.receiveEmbedMessage,!1),l.addEventListener(\"DOMContentLoaded\",function(){for(var e,t,s=l.querySelectorAll(\"iframe.wp-embedded-content\"),r=0;r<s.length;r++)(t=(e=s[r]).getAttribute(\"data-secret\"))||(t=Math.random().toString(36).substring(2,12),e.src+=\"#?secret=\"+t,e.setAttribute(\"data-secret\",t)),e.contentWindow.postMessage({message:\"ready\",secret:t},\"*\")},!1)))}(window,document);\n\/\/# sourceURL=https:\/\/gastronomicament.cat\/wp-includes\/js\/wp-embed.min.js\n<\/script>\n","thumbnail_url":"https:\/\/gastronomicament.cat\/wp-content\/uploads\/2012\/03\/111\/1118_original2.JPG","thumbnail_width":1000,"thumbnail_height":750,"description":"L\u00b4ambientaci\u00f3 remet als caf\u00e8s de final del segle XIX i comen\u00e7ament del XX. T\u00e9 una sala per als que fumen i per als que no, on hi podreu tastar els seus famosos garrotins de magret d\u00b4\u00e0nec, de sobrassada amb mel, etc. De tapes, petites per\u00f2 bones, hi ha aladrocs, d\u00e0tils amb bacon, pebres del Padron, [&hellip;]"}

Gastronòmicament

Redacció

Cafè La Llonja - Gastronòmicament

<blockquote class="wp-embedded-content" data-secret="DpwT9NxrEk"><a href="https://gastronomicament.cat/en/restaurant/restaurant-cafe-la-llonja">Cafè La Llonja</a></blockquote><iframe sandbox="allow-scripts" security="restricted" src="https://gastronomicament.cat/en/restaurant/restaurant-cafe-la-llonja/embed#?secret=DpwT9NxrEk" width="600" height="338" title="&#8220;Cafè La Llonja&#8221; &#8212; Gastronòmicament" data-secret="DpwT9NxrEk" frameborder="0" marginwidth="0" marginheight="0" scrolling="no" class="wp-embedded-content"></iframe><script>
/*! This file is auto-generated */
!function(d,l){"use strict";l.querySelector&&d.addEventListener&&"undefined"!=typeof URL&&(d.wp=d.wp||{},d.wp.receiveEmbedMessage||(d.wp.receiveEmbedMessage=function(e){var t=e.data;if((t||t.secret||t.message||t.value)&&!/[^a-zA-Z0-9]/.test(t.secret)){for(var s,r,n,a=l.querySelectorAll('iframe[data-secret="'+t.secret+'"]'),o=l.querySelectorAll('blockquote[data-secret="'+t.secret+'"]'),c=new RegExp("^https?:$","i"),i=0;i<o.length;i++)o[i].style.display="none";for(i=0;i<a.length;i++)s=a[i],e.source===s.contentWindow&&(s.removeAttribute("style"),"height"===t.message?(1e3<(r=parseInt(t.value,10))?r=1e3:~~r<200&&(r=200),s.height=r):"link"===t.message&&(r=new URL(s.getAttribute("src")),n=new URL(t.value),c.test(n.protocol))&&n.host===r.host&&l.activeElement===s&&(d.top.location.href=t.value))}},d.addEventListener("message",d.wp.receiveEmbedMessage,!1),l.addEventListener("DOMContentLoaded",function(){for(var e,t,s=l.querySelectorAll("iframe.wp-embedded-content"),r=0;r<s.length;r++)(t=(e=s[r]).getAttribute("data-secret"))||(t=Math.random().toString(36).substring(2,12),e.src+="#?secret="+t,e.setAttribute("data-secret",t)),e.contentWindow.postMessage({message:"ready",secret:t},"*")},!1)))}(window,document);
//# sourceURL=https://gastronomicament.cat/wp-includes/js/wp-embed.min.js
</script>

L´ambientació remet als cafès de final del segle XIX i començament del XX. Té una sala per als que fumen i per als que no, on hi podreu tastar els seus famosos garrotins de magret d´ànec, de sobrassada amb mel, etc. De tapes, petites però bones, hi ha aladrocs, dàtils amb bacon, pebres del Padron, [&hellip;]
