{"id":53459,"date":"2018-08-16T10:49:05","date_gmt":"2018-08-16T08:49:05","guid":{"rendered":"https:\/\/gastronomicament.cat\/restaurant\/restaurant-umi-mallorca"},"modified":"2022-08-04T12:47:45","modified_gmt":"2022-08-04T10:47:45","slug":"restaurant-umi-mallorca","status":"publish","type":"restaurant","link":"https:\/\/gastronomicament.cat\/en\/restaurant\/restaurant-umi-mallorca","title":{"rendered":"Restaurant Umi Mallorca [TANCAT]"},"content":{"rendered":"<p style=\"text-align: center;\"><strong>[TANCAT]<\/strong><\/p>\n<p>En aquest restaurant de Port Adriano, hi trobareu una cuina fresca inspirada en pa\u00edsos com el Jap\u00f3, Vietnam o Hawai que s&#8217;encarrega d&#8217;elaborar el cuiner Mat\u00edas P.\u00a0Provvidenti, qui es va donar a con\u00e8ixer a la cuina del\u00a0<a href=\"http:\/\/gastronomicament.cat\/ca\/restaurant\/restaurant-la-despensa-del-baron\">restaurant La Despensa del Bar\u00f3<\/a>n (Palma). El restaurant Umi Mallorca t\u00e9 el peix fresc i les verdures com a ingredients principals, amb sushis deliciosos que es combinen amb pok\u00e9s, les ensalades t\u00edpiques de Hawai amb un toc m\u00e9s modern. Tot es pot menjar al local, a la taula o al tasser, com comanar-ho per endur.<\/p>\n<p>Hi hem tastat el pok\u00e9 de salm\u00f3, amb alvocat, cogombre, kale, rave, maduixes i salsa de c\u00edtrics: el pok\u00e9 de Wagyu, una creaci\u00f3 pr\u00f2pia del xef, amb carn de vedella Wagyu, bolets shiitake, pebres, ceba i ou; a m\u00e9s de rolls de tonyina, amb gamba en tempura, cibulet i salsa ponzu i, de postres, el coulant de te verd i xocolata blanca. Es troba en una de les marines m\u00e9s exclusives de les Balears, Port Adriano, concretament al nucli del Toro, al municipi de Calvi\u00e0. Cal comentar que es troba a la part superior d&#8217;un dels restaurants m\u00e9s coneguts de la zona, la pizzeria La Oca.<\/p>\n","protected":false},"excerpt":{"rendered":"<p>En aquest restaurant de Port Adriano, hi trobareu una cuina fresca inspirada en pa\u00edsos com el&hellip;<\/p>\n","protected":false},"author":1,"featured_media":53461,"menu_order":0,"comment_status":"open","ping_status":"closed","template":"","format":"gallery","meta":{"_acf_changed":false,"_swt_meta_header_display":false,"_swt_meta_footer_display":false,"_swt_meta_site_title_display":false,"_swt_meta_sticky_header":false,"_swt_meta_transparent_header":false,"direccio":"","telefon":"","web":"","horari":"[:ca]Obert de dimarts a diumenge (de 18 a 00 hores). [:en]Open from Tuesday to Sunday (from 6PM to 00 AM). [:es]Abierto de lunes a domingo (de 18 a 00 horas). [:de]Ge\u00f6ffnet von Dienstag bis Sonntag (von 18 bis 00 Uhr).  \r\n","preumitja":"","observacions":"","footnotes":""},"categories":[1020,1444],"destacatper":[],"especialitat":[],"localitat":[],"coauthors":[],"class_list":["post-53459","restaurant","type-restaurant","status-publish","format-gallery","has-post-thumbnail","hentry","category-restaurants-es-en","category-tancat-en"],"acf":{"gallery":null,"home_date":{"home_begin_date":null,"home_end_date":null}},"yoast_head":"<!-- This site is optimized with the Yoast SEO plugin v27.4 - https:\/\/yoast.com\/product\/yoast-seo-wordpress\/ -->\n<title>Restaurant Umi Mallorca [TANCAT] - Gastron\u00f2micament<\/title>\n<meta name=\"robots\" content=\"index, follow, max-snippet:-1, max-image-preview:large, max-video-preview:-1\" \/>\n<link rel=\"canonical\" href=\"https:\/\/gastronomicament.cat\/en\/restaurant\/restaurant-umi-mallorca\" \/>\n<meta property=\"og:locale\" content=\"en_US\" \/>\n<meta property=\"og:type\" content=\"article\" \/>\n<meta property=\"og:title\" content=\"Restaurant Umi Mallorca [TANCAT] - Gastron\u00f2micament\" \/>\n<meta property=\"og:description\" content=\"En aquest restaurant de Port Adriano, hi trobareu una cuina fresca inspirada en pa\u00edsos com el&hellip;\" \/>\n<meta property=\"og:url\" content=\"https:\/\/gastronomicament.cat\/en\/restaurant\/restaurant-umi-mallorca\" \/>\n<meta property=\"og:site_name\" content=\"Gastron\u00f2micament\" \/>\n<meta property=\"article:modified_time\" content=\"2022-08-04T10:47:45+00:00\" \/>\n<meta property=\"og:image\" content=\"https:\/\/gastronomicament.cat\/wp-content\/uploads\/2018\/08\/Restaurant-Umi-Port-Adriano.jpg\" \/>\n\t<meta property=\"og:image:width\" content=\"1800\" \/>\n\t<meta property=\"og:image:height\" content=\"1202\" \/>\n\t<meta property=\"og:image:type\" content=\"image\/jpeg\" \/>\n<meta name=\"twitter:card\" content=\"summary_large_image\" \/>\n<meta name=\"twitter:site\" content=\"@gastronomicamen\" \/>\n<meta name=\"twitter:label1\" content=\"Est. reading time\" \/>\n\t<meta name=\"twitter:data1\" content=\"1 minute\" \/>\n\t<meta name=\"twitter:label2\" content=\"Written by\" \/>\n\t<meta name=\"twitter:data2\" content=\"Redacci\u00f3\" \/>\n<script type=\"application\/ld+json\" class=\"yoast-schema-graph\">{\"@context\":\"https:\\\/\\\/schema.org\",\"@graph\":[{\"@type\":\"WebPage\",\"@id\":\"https:\\\/\\\/gastronomicament.cat\\\/en\\\/restaurant\\\/restaurant-umi-mallorca\",\"url\":\"https:\\\/\\\/gastronomicament.cat\\\/en\\\/restaurant\\\/restaurant-umi-mallorca\",\"name\":\"Restaurant Umi Mallorca [TANCAT] - Gastron\u00f2micament\",\"isPartOf\":{\"@id\":\"https:\\\/\\\/gastronomicament.cat\\\/en\\\/#website\"},\"primaryImageOfPage\":{\"@id\":\"https:\\\/\\\/gastronomicament.cat\\\/en\\\/restaurant\\\/restaurant-umi-mallorca#primaryimage\"},\"image\":{\"@id\":\"https:\\\/\\\/gastronomicament.cat\\\/en\\\/restaurant\\\/restaurant-umi-mallorca#primaryimage\"},\"thumbnailUrl\":\"https:\\\/\\\/gastronomicament.cat\\\/wp-content\\\/uploads\\\/2018\\\/08\\\/Restaurant-Umi-Port-Adriano.jpg\",\"datePublished\":\"2018-08-16T08:49:05+00:00\",\"dateModified\":\"2022-08-04T10:47:45+00:00\",\"breadcrumb\":{\"@id\":\"https:\\\/\\\/gastronomicament.cat\\\/en\\\/restaurant\\\/restaurant-umi-mallorca#breadcrumb\"},\"inLanguage\":\"en-US\",\"potentialAction\":[{\"@type\":\"ReadAction\",\"target\":[\"https:\\\/\\\/gastronomicament.cat\\\/en\\\/restaurant\\\/restaurant-umi-mallorca\"]}]},{\"@type\":\"ImageObject\",\"inLanguage\":\"en-US\",\"@id\":\"https:\\\/\\\/gastronomicament.cat\\\/en\\\/restaurant\\\/restaurant-umi-mallorca#primaryimage\",\"url\":\"https:\\\/\\\/gastronomicament.cat\\\/wp-content\\\/uploads\\\/2018\\\/08\\\/Restaurant-Umi-Port-Adriano.jpg\",\"contentUrl\":\"https:\\\/\\\/gastronomicament.cat\\\/wp-content\\\/uploads\\\/2018\\\/08\\\/Restaurant-Umi-Port-Adriano.jpg\",\"width\":1800,\"height\":1202},{\"@type\":\"BreadcrumbList\",\"@id\":\"https:\\\/\\\/gastronomicament.cat\\\/en\\\/restaurant\\\/restaurant-umi-mallorca#breadcrumb\",\"itemListElement\":[{\"@type\":\"ListItem\",\"position\":1,\"name\":\"Restaurants\",\"item\":\"https:\\\/\\\/gastronomicament.cat\\\/en\\\/restaurants\"},{\"@type\":\"ListItem\",\"position\":2,\"name\":\"Restaurant Umi Mallorca [TANCAT]\"}]},{\"@type\":\"WebSite\",\"@id\":\"https:\\\/\\\/gastronomicament.cat\\\/en\\\/#website\",\"url\":\"https:\\\/\\\/gastronomicament.cat\\\/en\\\/\",\"name\":\"Gastron\u00f2micament\",\"description\":\"Portal de restaurants, receptes i actualitat gastron\u00f2mica\",\"publisher\":{\"@id\":\"https:\\\/\\\/gastronomicament.cat\\\/en\\\/#organization\"},\"potentialAction\":[{\"@type\":\"SearchAction\",\"target\":{\"@type\":\"EntryPoint\",\"urlTemplate\":\"https:\\\/\\\/gastronomicament.cat\\\/en\\\/?s={search_term_string}\"},\"query-input\":{\"@type\":\"PropertyValueSpecification\",\"valueRequired\":true,\"valueName\":\"search_term_string\"}}],\"inLanguage\":\"en-US\"},{\"@type\":\"Organization\",\"@id\":\"https:\\\/\\\/gastronomicament.cat\\\/en\\\/#organization\",\"name\":\"Gastron\u00f2micament\",\"url\":\"https:\\\/\\\/gastronomicament.cat\\\/en\\\/\",\"logo\":{\"@type\":\"ImageObject\",\"inLanguage\":\"en-US\",\"@id\":\"https:\\\/\\\/gastronomicament.cat\\\/en\\\/#\\\/schema\\\/logo\\\/image\\\/\",\"url\":\"https:\\\/\\\/gastronomicament.cat\\\/wp-content\\\/uploads\\\/2016\\\/09\\\/header-logo.jpg\",\"contentUrl\":\"https:\\\/\\\/gastronomicament.cat\\\/wp-content\\\/uploads\\\/2016\\\/09\\\/header-logo.jpg\",\"width\":277,\"height\":39,\"caption\":\"Gastron\u00f2micament\"},\"image\":{\"@id\":\"https:\\\/\\\/gastronomicament.cat\\\/en\\\/#\\\/schema\\\/logo\\\/image\\\/\"},\"sameAs\":[\"https:\\\/\\\/x.com\\\/gastronomicamen\"]}]}<\/script>\n<!-- \/ Yoast SEO plugin. -->","yoast_head_json":{"title":"Restaurant Umi Mallorca [TANCAT] - Gastron\u00f2micament","robots":{"index":"index","follow":"follow","max-snippet":"max-snippet:-1","max-image-preview":"max-image-preview:large","max-video-preview":"max-video-preview:-1"},"canonical":"https:\/\/gastronomicament.cat\/en\/restaurant\/restaurant-umi-mallorca","og_locale":"en_US","og_type":"article","og_title":"Restaurant Umi Mallorca [TANCAT] - Gastron\u00f2micament","og_description":"En aquest restaurant de Port Adriano, hi trobareu una cuina fresca inspirada en pa\u00edsos com el&hellip;","og_url":"https:\/\/gastronomicament.cat\/en\/restaurant\/restaurant-umi-mallorca","og_site_name":"Gastron\u00f2micament","article_modified_time":"2022-08-04T10:47:45+00:00","og_image":[{"width":1800,"height":1202,"url":"https:\/\/gastronomicament.cat\/wp-content\/uploads\/2018\/08\/Restaurant-Umi-Port-Adriano.jpg","type":"image\/jpeg"}],"twitter_card":"summary_large_image","twitter_site":"@gastronomicamen","twitter_misc":{"Est. reading time":"1 minute","Written by":"Redacci\u00f3"},"schema":{"@context":"https:\/\/schema.org","@graph":[{"@type":"WebPage","@id":"https:\/\/gastronomicament.cat\/en\/restaurant\/restaurant-umi-mallorca","url":"https:\/\/gastronomicament.cat\/en\/restaurant\/restaurant-umi-mallorca","name":"Restaurant Umi Mallorca [TANCAT] - Gastron\u00f2micament","isPartOf":{"@id":"https:\/\/gastronomicament.cat\/en\/#website"},"primaryImageOfPage":{"@id":"https:\/\/gastronomicament.cat\/en\/restaurant\/restaurant-umi-mallorca#primaryimage"},"image":{"@id":"https:\/\/gastronomicament.cat\/en\/restaurant\/restaurant-umi-mallorca#primaryimage"},"thumbnailUrl":"https:\/\/gastronomicament.cat\/wp-content\/uploads\/2018\/08\/Restaurant-Umi-Port-Adriano.jpg","datePublished":"2018-08-16T08:49:05+00:00","dateModified":"2022-08-04T10:47:45+00:00","breadcrumb":{"@id":"https:\/\/gastronomicament.cat\/en\/restaurant\/restaurant-umi-mallorca#breadcrumb"},"inLanguage":"en-US","potentialAction":[{"@type":"ReadAction","target":["https:\/\/gastronomicament.cat\/en\/restaurant\/restaurant-umi-mallorca"]}]},{"@type":"ImageObject","inLanguage":"en-US","@id":"https:\/\/gastronomicament.cat\/en\/restaurant\/restaurant-umi-mallorca#primaryimage","url":"https:\/\/gastronomicament.cat\/wp-content\/uploads\/2018\/08\/Restaurant-Umi-Port-Adriano.jpg","contentUrl":"https:\/\/gastronomicament.cat\/wp-content\/uploads\/2018\/08\/Restaurant-Umi-Port-Adriano.jpg","width":1800,"height":1202},{"@type":"BreadcrumbList","@id":"https:\/\/gastronomicament.cat\/en\/restaurant\/restaurant-umi-mallorca#breadcrumb","itemListElement":[{"@type":"ListItem","position":1,"name":"Restaurants","item":"https:\/\/gastronomicament.cat\/en\/restaurants"},{"@type":"ListItem","position":2,"name":"Restaurant Umi Mallorca [TANCAT]"}]},{"@type":"WebSite","@id":"https:\/\/gastronomicament.cat\/en\/#website","url":"https:\/\/gastronomicament.cat\/en\/","name":"Gastron\u00f2micament","description":"Portal de restaurants, receptes i actualitat gastron\u00f2mica","publisher":{"@id":"https:\/\/gastronomicament.cat\/en\/#organization"},"potentialAction":[{"@type":"SearchAction","target":{"@type":"EntryPoint","urlTemplate":"https:\/\/gastronomicament.cat\/en\/?s={search_term_string}"},"query-input":{"@type":"PropertyValueSpecification","valueRequired":true,"valueName":"search_term_string"}}],"inLanguage":"en-US"},{"@type":"Organization","@id":"https:\/\/gastronomicament.cat\/en\/#organization","name":"Gastron\u00f2micament","url":"https:\/\/gastronomicament.cat\/en\/","logo":{"@type":"ImageObject","inLanguage":"en-US","@id":"https:\/\/gastronomicament.cat\/en\/#\/schema\/logo\/image\/","url":"https:\/\/gastronomicament.cat\/wp-content\/uploads\/2016\/09\/header-logo.jpg","contentUrl":"https:\/\/gastronomicament.cat\/wp-content\/uploads\/2016\/09\/header-logo.jpg","width":277,"height":39,"caption":"Gastron\u00f2micament"},"image":{"@id":"https:\/\/gastronomicament.cat\/en\/#\/schema\/logo\/image\/"},"sameAs":["https:\/\/x.com\/gastronomicamen"]}]}},"_links":{"self":[{"href":"https:\/\/gastronomicament.cat\/en\/wp-json\/wp\/v2\/restaurant\/53459","targetHints":{"allow":["GET"]}}],"collection":[{"href":"https:\/\/gastronomicament.cat\/en\/wp-json\/wp\/v2\/restaurant"}],"about":[{"href":"https:\/\/gastronomicament.cat\/en\/wp-json\/wp\/v2\/types\/restaurant"}],"author":[{"embeddable":true,"href":"https:\/\/gastronomicament.cat\/en\/wp-json\/wp\/v2\/users\/1"}],"replies":[{"embeddable":true,"href":"https:\/\/gastronomicament.cat\/en\/wp-json\/wp\/v2\/comments?post=53459"}],"version-history":[{"count":0,"href":"https:\/\/gastronomicament.cat\/en\/wp-json\/wp\/v2\/restaurant\/53459\/revisions"}],"wp:featuredmedia":[{"embeddable":true,"href":"https:\/\/gastronomicament.cat\/en\/wp-json\/wp\/v2\/media\/53461"}],"wp:attachment":[{"href":"https:\/\/gastronomicament.cat\/en\/wp-json\/wp\/v2\/media?parent=53459"}],"wp:term":[{"taxonomy":"category","embeddable":true,"href":"https:\/\/gastronomicament.cat\/en\/wp-json\/wp\/v2\/categories?post=53459"},{"taxonomy":"destacatper","embeddable":true,"href":"https:\/\/gastronomicament.cat\/en\/wp-json\/wp\/v2\/destacatper?post=53459"},{"taxonomy":"especialitat","embeddable":true,"href":"https:\/\/gastronomicament.cat\/en\/wp-json\/wp\/v2\/especialitat?post=53459"},{"taxonomy":"localitat","embeddable":true,"href":"https:\/\/gastronomicament.cat\/en\/wp-json\/wp\/v2\/localitat?post=53459"},{"taxonomy":"author","embeddable":true,"href":"https:\/\/gastronomicament.cat\/en\/wp-json\/wp\/v2\/coauthors?post=53459"}],"curies":[{"name":"wp","href":"https:\/\/api.w.org\/{rel}","templated":true}]}}

<p style="text-align: center;"><strong>[TANCAT]</strong></p>
<p>En aquest restaurant de Port Adriano, hi trobareu una cuina fresca inspirada en paísos com el Japó, Vietnam o Hawai que s&#8217;encarrega d&#8217;elaborar el cuiner Matías P. Provvidenti, qui es va donar a conèixer a la cuina del <a href="http://gastronomicament.cat/ca/restaurant/restaurant-la-despensa-del-baron">restaurant La Despensa del Baró</a>n (Palma). El restaurant Umi Mallorca té el peix fresc i les verdures com a ingredients principals, amb sushis deliciosos que es combinen amb pokés, les ensalades típiques de Hawai amb un toc més modern. Tot es pot menjar al local, a la taula o al tasser, com comanar-ho per endur.</p>
<p>Hi hem tastat el poké de salmó, amb alvocat, cogombre, kale, rave, maduixes i salsa de cítrics: el poké de Wagyu, una creació pròpia del xef, amb carn de vedella Wagyu, bolets shiitake, pebres, ceba i ou; a més de rolls de tonyina, amb gamba en tempura, cibulet i salsa ponzu i, de postres, el coulant de te verd i xocolata blanca. Es troba en una de les marines més exclusives de les Balears, Port Adriano, concretament al nucli del Toro, al municipi de Calvià. Cal comentar que es troba a la part superior d&#8217;un dels restaurants més coneguts de la zona, la pizzeria La Oca.</p>

<p>En aquest restaurant de Port Adriano, hi trobareu una cuina fresca inspirada en paísos com el&hellip;</p>

[:ca]Obert de dimarts a diumenge (de 18 a 00 hores). [:en]Open from Tuesday to Sunday (from 6PM to 00 AM). [:es]Abierto de lunes a domingo (de 18 a 00 horas). [:de]Geöffnet von Dienstag bis Sonntag (von 18 bis 00 Uhr).

<!-- This site is optimized with the Yoast SEO plugin v27.4 - https://yoast.com/product/yoast-seo-wordpress/ -->
<title>Restaurant Umi Mallorca [TANCAT] - Gastronòmicament</title>
<meta name="robots" content="index, follow, max-snippet:-1, max-image-preview:large, max-video-preview:-1" />
<link rel="canonical" href="https://gastronomicament.cat/en/restaurant/restaurant-umi-mallorca" />
<meta property="og:locale" content="en_US" />
<meta property="og:type" content="article" />
<meta property="og:title" content="Restaurant Umi Mallorca [TANCAT] - Gastronòmicament" />
<meta property="og:description" content="En aquest restaurant de Port Adriano, hi trobareu una cuina fresca inspirada en paísos com el&hellip;" />
<meta property="og:url" content="https://gastronomicament.cat/en/restaurant/restaurant-umi-mallorca" />
<meta property="og:site_name" content="Gastronòmicament" />
<meta property="article:modified_time" content="2022-08-04T10:47:45+00:00" />
<meta property="og:image" content="https://gastronomicament.cat/wp-content/uploads/2018/08/Restaurant-Umi-Port-Adriano.jpg" />
	<meta property="og:image:width" content="1800" />
	<meta property="og:image:height" content="1202" />
	<meta property="og:image:type" content="image/jpeg" />
<meta name="twitter:card" content="summary_large_image" />
<meta name="twitter:site" content="@gastronomicamen" />
<meta name="twitter:label1" content="Est. reading time" />
	<meta name="twitter:data1" content="1 minute" />
	<meta name="twitter:label2" content="Written by" />
	<meta name="twitter:data2" content="Redacció" />
<script type="application/ld+json" class="yoast-schema-graph">{"@context":"https:\/\/schema.org","@graph":[{"@type":"WebPage","@id":"https:\/\/gastronomicament.cat\/en\/restaurant\/restaurant-umi-mallorca","url":"https:\/\/gastronomicament.cat\/en\/restaurant\/restaurant-umi-mallorca","name":"Restaurant Umi Mallorca [TANCAT] - Gastronòmicament","isPartOf":{"@id":"https:\/\/gastronomicament.cat\/en\/#website"},"primaryImageOfPage":{"@id":"https:\/\/gastronomicament.cat\/en\/restaurant\/restaurant-umi-mallorca#primaryimage"},"image":{"@id":"https:\/\/gastronomicament.cat\/en\/restaurant\/restaurant-umi-mallorca#primaryimage"},"thumbnailUrl":"https:\/\/gastronomicament.cat\/wp-content\/uploads\/2018\/08\/Restaurant-Umi-Port-Adriano.jpg","datePublished":"2018-08-16T08:49:05+00:00","dateModified":"2022-08-04T10:47:45+00:00","breadcrumb":{"@id":"https:\/\/gastronomicament.cat\/en\/restaurant\/restaurant-umi-mallorca#breadcrumb"},"inLanguage":"en-US","potentialAction":[{"@type":"ReadAction","target":["https:\/\/gastronomicament.cat\/en\/restaurant\/restaurant-umi-mallorca"]}]},{"@type":"ImageObject","inLanguage":"en-US","@id":"https:\/\/gastronomicament.cat\/en\/restaurant\/restaurant-umi-mallorca#primaryimage","url":"https:\/\/gastronomicament.cat\/wp-content\/uploads\/2018\/08\/Restaurant-Umi-Port-Adriano.jpg","contentUrl":"https:\/\/gastronomicament.cat\/wp-content\/uploads\/2018\/08\/Restaurant-Umi-Port-Adriano.jpg","width":1800,"height":1202},{"@type":"BreadcrumbList","@id":"https:\/\/gastronomicament.cat\/en\/restaurant\/restaurant-umi-mallorca#breadcrumb","itemListElement":[{"@type":"ListItem","position":1,"name":"Restaurants","item":"https:\/\/gastronomicament.cat\/en\/restaurants"},{"@type":"ListItem","position":2,"name":"Restaurant Umi Mallorca [TANCAT]"}]},{"@type":"WebSite","@id":"https:\/\/gastronomicament.cat\/en\/#website","url":"https:\/\/gastronomicament.cat\/en\/","name":"Gastronòmicament","description":"Portal de restaurants, receptes i actualitat gastronòmica","publisher":{"@id":"https:\/\/gastronomicament.cat\/en\/#organization"},"potentialAction":[{"@type":"SearchAction","target":{"@type":"EntryPoint","urlTemplate":"https:\/\/gastronomicament.cat\/en\/?s={search_term_string}"},"query-input":{"@type":"PropertyValueSpecification","valueRequired":true,"valueName":"search_term_string"}}],"inLanguage":"en-US"},{"@type":"Organization","@id":"https:\/\/gastronomicament.cat\/en\/#organization","name":"Gastronòmicament","url":"https:\/\/gastronomicament.cat\/en\/","logo":{"@type":"ImageObject","inLanguage":"en-US","@id":"https:\/\/gastronomicament.cat\/en\/#\/schema\/logo\/image\/","url":"https:\/\/gastronomicament.cat\/wp-content\/uploads\/2016\/09\/header-logo.jpg","contentUrl":"https:\/\/gastronomicament.cat\/wp-content\/uploads\/2016\/09\/header-logo.jpg","width":277,"height":39,"caption":"Gastronòmicament"},"image":{"@id":"https:\/\/gastronomicament.cat\/en\/#\/schema\/logo\/image\/"},"sameAs":["https:\/\/x.com\/gastronomicamen"]}]}</script>
<!-- / Yoast SEO plugin. -->

Restaurant Umi Mallorca [TANCAT] - Gastronòmicament

En aquest restaurant de Port Adriano, hi trobareu una cuina fresca inspirada en paísos com el&hellip;

Gastronòmicament

Redacció

Portal de restaurants, receptes i actualitat gastronòmica
