{"id":53567,"date":"2018-04-10T09:43:36","date_gmt":"2018-04-10T07:43:36","guid":{"rendered":"https:\/\/gastronomicament.cat\/restaurant\/argos-restaurant"},"modified":"2022-08-04T12:47:46","modified_gmt":"2022-08-04T10:47:46","slug":"argos-restaurant","status":"publish","type":"restaurant","link":"https:\/\/gastronomicament.cat\/en\/restaurant\/argos-restaurant","title":{"rendered":"Argos Restaurant [TANCAT]"},"content":{"rendered":"<p style=\"text-align: center;\"><strong>[TANCAT]<\/strong><\/p>\n<p>A primera l\u00ednia del\u00a0<strong>Port de Pollen\u00e7a<\/strong>, hi trobau aquest restaurant de cuina selecta.\u00a0<strong>\u00c1lvaro Salazar<\/strong>\u00a0n&#8217;\u00e9s el cap de cuina. Al\u00a0<strong>restaurant Argos<\/strong>, hi prepara\u00a0<strong>plats creatius, treballats i ben fets<\/strong>\u00a0que combinen la tradici\u00f3 gastron\u00f2mica de la seva terra natal, Andalusia, amb els productes i costums de Mallorca, en un ambient dist\u00e8s.<\/p>\n<p>L&#8217;any 2017 ha estat considerat com a Millor Cuiner de Mallorca per part de l&#8217;<a href=\"http:\/\/www.apegib.com\/\">Associaci\u00f3 d&#8217;Escriptors i Periodistes de les Illes Balears<\/a>, i la Guia Michelin li ha atorgat una estrella.<\/p>\n<p>&nbsp;<\/p>\n<p>&nbsp;<\/p>\n","protected":false},"excerpt":{"rendered":"<p>A primera l\u00ednia del\u00a0Port de Pollen\u00e7a, hi trobau aquest restaurant de cuina selecta.\u00a0\u00c1lvaro Salazar\u00a0n&#8217;\u00e9s el cap&hellip;<\/p>\n","protected":false},"author":1,"featured_media":53568,"menu_order":0,"comment_status":"open","ping_status":"closed","template":"","format":"gallery","meta":{"_acf_changed":false,"_swt_meta_header_display":false,"_swt_meta_footer_display":false,"_swt_meta_site_title_display":false,"_swt_meta_sticky_header":false,"_swt_meta_transparent_header":false,"direccio":"","telefon":"","web":"","horari":"[:ca]Dimarts tancat. Nom\u00e9s obert al vespre [:en]Tuesday closed. Only open at night[:es]Martes cerrado. Solo abierto por la noche[:de]Dienstag geschlossen. Nur nachts ge\u00f6ffnet\r\n","preumitja":"","observacions":"","footnotes":""},"categories":[1020,1444],"destacatper":[],"especialitat":[],"localitat":[],"coauthors":[],"class_list":["post-53567","restaurant","type-restaurant","status-publish","format-gallery","has-post-thumbnail","hentry","category-restaurants-es-en","category-tancat-en"],"acf":{"gallery":null,"home_date":{"home_begin_date":null,"home_end_date":null}},"yoast_head":"<!-- This site is optimized with the Yoast SEO plugin v27.4 - https:\/\/yoast.com\/product\/yoast-seo-wordpress\/ -->\n<title>Argos Restaurant [TANCAT] - Gastron\u00f2micament<\/title>\n<meta name=\"robots\" content=\"index, follow, max-snippet:-1, max-image-preview:large, max-video-preview:-1\" \/>\n<link rel=\"canonical\" href=\"https:\/\/gastronomicament.cat\/en\/restaurant\/argos-restaurant\" \/>\n<meta property=\"og:locale\" content=\"en_US\" \/>\n<meta property=\"og:type\" content=\"article\" \/>\n<meta property=\"og:title\" content=\"Argos Restaurant [TANCAT] - Gastron\u00f2micament\" \/>\n<meta property=\"og:description\" content=\"A primera l\u00ednia del\u00a0Port de Pollen\u00e7a, hi trobau aquest restaurant de cuina selecta.\u00a0\u00c1lvaro Salazar\u00a0n&#039;\u00e9s el cap&hellip;\" \/>\n<meta property=\"og:url\" content=\"https:\/\/gastronomicament.cat\/en\/restaurant\/argos-restaurant\" \/>\n<meta property=\"og:site_name\" content=\"Gastron\u00f2micament\" \/>\n<meta property=\"article:modified_time\" content=\"2022-08-04T10:47:46+00:00\" \/>\n<meta property=\"og:image\" content=\"https:\/\/gastronomicament.cat\/wp-content\/uploads\/2018\/04\/Alvaro-Salazar-restaurant-Argos-Port-Pollenca.jpg\" \/>\n\t<meta property=\"og:image:width\" content=\"2816\" \/>\n\t<meta property=\"og:image:height\" content=\"1880\" \/>\n\t<meta property=\"og:image:type\" content=\"image\/jpeg\" \/>\n<meta name=\"twitter:card\" content=\"summary_large_image\" \/>\n<meta name=\"twitter:site\" content=\"@gastronomicamen\" \/>\n<meta name=\"twitter:label1\" content=\"Written by\" \/>\n\t<meta name=\"twitter:data1\" content=\"Redacci\u00f3\" \/>\n<script type=\"application\/ld+json\" class=\"yoast-schema-graph\">{\"@context\":\"https:\\\/\\\/schema.org\",\"@graph\":[{\"@type\":\"WebPage\",\"@id\":\"https:\\\/\\\/gastronomicament.cat\\\/en\\\/restaurant\\\/argos-restaurant\",\"url\":\"https:\\\/\\\/gastronomicament.cat\\\/en\\\/restaurant\\\/argos-restaurant\",\"name\":\"Argos Restaurant [TANCAT] - Gastron\u00f2micament\",\"isPartOf\":{\"@id\":\"https:\\\/\\\/gastronomicament.cat\\\/en\\\/#website\"},\"primaryImageOfPage\":{\"@id\":\"https:\\\/\\\/gastronomicament.cat\\\/en\\\/restaurant\\\/argos-restaurant#primaryimage\"},\"image\":{\"@id\":\"https:\\\/\\\/gastronomicament.cat\\\/en\\\/restaurant\\\/argos-restaurant#primaryimage\"},\"thumbnailUrl\":\"https:\\\/\\\/gastronomicament.cat\\\/wp-content\\\/uploads\\\/2018\\\/04\\\/Alvaro-Salazar-restaurant-Argos-Port-Pollenca.jpg\",\"datePublished\":\"2018-04-10T07:43:36+00:00\",\"dateModified\":\"2022-08-04T10:47:46+00:00\",\"breadcrumb\":{\"@id\":\"https:\\\/\\\/gastronomicament.cat\\\/en\\\/restaurant\\\/argos-restaurant#breadcrumb\"},\"inLanguage\":\"en-US\",\"potentialAction\":[{\"@type\":\"ReadAction\",\"target\":[\"https:\\\/\\\/gastronomicament.cat\\\/en\\\/restaurant\\\/argos-restaurant\"]}]},{\"@type\":\"ImageObject\",\"inLanguage\":\"en-US\",\"@id\":\"https:\\\/\\\/gastronomicament.cat\\\/en\\\/restaurant\\\/argos-restaurant#primaryimage\",\"url\":\"https:\\\/\\\/gastronomicament.cat\\\/wp-content\\\/uploads\\\/2018\\\/04\\\/Alvaro-Salazar-restaurant-Argos-Port-Pollenca.jpg\",\"contentUrl\":\"https:\\\/\\\/gastronomicament.cat\\\/wp-content\\\/uploads\\\/2018\\\/04\\\/Alvaro-Salazar-restaurant-Argos-Port-Pollenca.jpg\",\"width\":2816,\"height\":1880},{\"@type\":\"BreadcrumbList\",\"@id\":\"https:\\\/\\\/gastronomicament.cat\\\/en\\\/restaurant\\\/argos-restaurant#breadcrumb\",\"itemListElement\":[{\"@type\":\"ListItem\",\"position\":1,\"name\":\"Restaurants\",\"item\":\"https:\\\/\\\/gastronomicament.cat\\\/en\\\/restaurants\"},{\"@type\":\"ListItem\",\"position\":2,\"name\":\"Argos Restaurant [TANCAT]\"}]},{\"@type\":\"WebSite\",\"@id\":\"https:\\\/\\\/gastronomicament.cat\\\/en\\\/#website\",\"url\":\"https:\\\/\\\/gastronomicament.cat\\\/en\\\/\",\"name\":\"Gastron\u00f2micament\",\"description\":\"Portal de restaurants, receptes i actualitat gastron\u00f2mica\",\"publisher\":{\"@id\":\"https:\\\/\\\/gastronomicament.cat\\\/en\\\/#organization\"},\"potentialAction\":[{\"@type\":\"SearchAction\",\"target\":{\"@type\":\"EntryPoint\",\"urlTemplate\":\"https:\\\/\\\/gastronomicament.cat\\\/en\\\/?s={search_term_string}\"},\"query-input\":{\"@type\":\"PropertyValueSpecification\",\"valueRequired\":true,\"valueName\":\"search_term_string\"}}],\"inLanguage\":\"en-US\"},{\"@type\":\"Organization\",\"@id\":\"https:\\\/\\\/gastronomicament.cat\\\/en\\\/#organization\",\"name\":\"Gastron\u00f2micament\",\"url\":\"https:\\\/\\\/gastronomicament.cat\\\/en\\\/\",\"logo\":{\"@type\":\"ImageObject\",\"inLanguage\":\"en-US\",\"@id\":\"https:\\\/\\\/gastronomicament.cat\\\/en\\\/#\\\/schema\\\/logo\\\/image\\\/\",\"url\":\"https:\\\/\\\/gastronomicament.cat\\\/wp-content\\\/uploads\\\/2016\\\/09\\\/header-logo.jpg\",\"contentUrl\":\"https:\\\/\\\/gastronomicament.cat\\\/wp-content\\\/uploads\\\/2016\\\/09\\\/header-logo.jpg\",\"width\":277,\"height\":39,\"caption\":\"Gastron\u00f2micament\"},\"image\":{\"@id\":\"https:\\\/\\\/gastronomicament.cat\\\/en\\\/#\\\/schema\\\/logo\\\/image\\\/\"},\"sameAs\":[\"https:\\\/\\\/x.com\\\/gastronomicamen\"]}]}<\/script>\n<!-- \/ Yoast SEO plugin. -->","yoast_head_json":{"title":"Argos Restaurant [TANCAT] - Gastron\u00f2micament","robots":{"index":"index","follow":"follow","max-snippet":"max-snippet:-1","max-image-preview":"max-image-preview:large","max-video-preview":"max-video-preview:-1"},"canonical":"https:\/\/gastronomicament.cat\/en\/restaurant\/argos-restaurant","og_locale":"en_US","og_type":"article","og_title":"Argos Restaurant [TANCAT] - Gastron\u00f2micament","og_description":"A primera l\u00ednia del\u00a0Port de Pollen\u00e7a, hi trobau aquest restaurant de cuina selecta.\u00a0\u00c1lvaro Salazar\u00a0n'\u00e9s el cap&hellip;","og_url":"https:\/\/gastronomicament.cat\/en\/restaurant\/argos-restaurant","og_site_name":"Gastron\u00f2micament","article_modified_time":"2022-08-04T10:47:46+00:00","og_image":[{"width":2816,"height":1880,"url":"https:\/\/gastronomicament.cat\/wp-content\/uploads\/2018\/04\/Alvaro-Salazar-restaurant-Argos-Port-Pollenca.jpg","type":"image\/jpeg"}],"twitter_card":"summary_large_image","twitter_site":"@gastronomicamen","twitter_misc":{"Written by":"Redacci\u00f3"},"schema":{"@context":"https:\/\/schema.org","@graph":[{"@type":"WebPage","@id":"https:\/\/gastronomicament.cat\/en\/restaurant\/argos-restaurant","url":"https:\/\/gastronomicament.cat\/en\/restaurant\/argos-restaurant","name":"Argos Restaurant [TANCAT] - Gastron\u00f2micament","isPartOf":{"@id":"https:\/\/gastronomicament.cat\/en\/#website"},"primaryImageOfPage":{"@id":"https:\/\/gastronomicament.cat\/en\/restaurant\/argos-restaurant#primaryimage"},"image":{"@id":"https:\/\/gastronomicament.cat\/en\/restaurant\/argos-restaurant#primaryimage"},"thumbnailUrl":"https:\/\/gastronomicament.cat\/wp-content\/uploads\/2018\/04\/Alvaro-Salazar-restaurant-Argos-Port-Pollenca.jpg","datePublished":"2018-04-10T07:43:36+00:00","dateModified":"2022-08-04T10:47:46+00:00","breadcrumb":{"@id":"https:\/\/gastronomicament.cat\/en\/restaurant\/argos-restaurant#breadcrumb"},"inLanguage":"en-US","potentialAction":[{"@type":"ReadAction","target":["https:\/\/gastronomicament.cat\/en\/restaurant\/argos-restaurant"]}]},{"@type":"ImageObject","inLanguage":"en-US","@id":"https:\/\/gastronomicament.cat\/en\/restaurant\/argos-restaurant#primaryimage","url":"https:\/\/gastronomicament.cat\/wp-content\/uploads\/2018\/04\/Alvaro-Salazar-restaurant-Argos-Port-Pollenca.jpg","contentUrl":"https:\/\/gastronomicament.cat\/wp-content\/uploads\/2018\/04\/Alvaro-Salazar-restaurant-Argos-Port-Pollenca.jpg","width":2816,"height":1880},{"@type":"BreadcrumbList","@id":"https:\/\/gastronomicament.cat\/en\/restaurant\/argos-restaurant#breadcrumb","itemListElement":[{"@type":"ListItem","position":1,"name":"Restaurants","item":"https:\/\/gastronomicament.cat\/en\/restaurants"},{"@type":"ListItem","position":2,"name":"Argos Restaurant [TANCAT]"}]},{"@type":"WebSite","@id":"https:\/\/gastronomicament.cat\/en\/#website","url":"https:\/\/gastronomicament.cat\/en\/","name":"Gastron\u00f2micament","description":"Portal de restaurants, receptes i actualitat gastron\u00f2mica","publisher":{"@id":"https:\/\/gastronomicament.cat\/en\/#organization"},"potentialAction":[{"@type":"SearchAction","target":{"@type":"EntryPoint","urlTemplate":"https:\/\/gastronomicament.cat\/en\/?s={search_term_string}"},"query-input":{"@type":"PropertyValueSpecification","valueRequired":true,"valueName":"search_term_string"}}],"inLanguage":"en-US"},{"@type":"Organization","@id":"https:\/\/gastronomicament.cat\/en\/#organization","name":"Gastron\u00f2micament","url":"https:\/\/gastronomicament.cat\/en\/","logo":{"@type":"ImageObject","inLanguage":"en-US","@id":"https:\/\/gastronomicament.cat\/en\/#\/schema\/logo\/image\/","url":"https:\/\/gastronomicament.cat\/wp-content\/uploads\/2016\/09\/header-logo.jpg","contentUrl":"https:\/\/gastronomicament.cat\/wp-content\/uploads\/2016\/09\/header-logo.jpg","width":277,"height":39,"caption":"Gastron\u00f2micament"},"image":{"@id":"https:\/\/gastronomicament.cat\/en\/#\/schema\/logo\/image\/"},"sameAs":["https:\/\/x.com\/gastronomicamen"]}]}},"_links":{"self":[{"href":"https:\/\/gastronomicament.cat\/en\/wp-json\/wp\/v2\/restaurant\/53567","targetHints":{"allow":["GET"]}}],"collection":[{"href":"https:\/\/gastronomicament.cat\/en\/wp-json\/wp\/v2\/restaurant"}],"about":[{"href":"https:\/\/gastronomicament.cat\/en\/wp-json\/wp\/v2\/types\/restaurant"}],"author":[{"embeddable":true,"href":"https:\/\/gastronomicament.cat\/en\/wp-json\/wp\/v2\/users\/1"}],"replies":[{"embeddable":true,"href":"https:\/\/gastronomicament.cat\/en\/wp-json\/wp\/v2\/comments?post=53567"}],"version-history":[{"count":0,"href":"https:\/\/gastronomicament.cat\/en\/wp-json\/wp\/v2\/restaurant\/53567\/revisions"}],"wp:featuredmedia":[{"embeddable":true,"href":"https:\/\/gastronomicament.cat\/en\/wp-json\/wp\/v2\/media\/53568"}],"wp:attachment":[{"href":"https:\/\/gastronomicament.cat\/en\/wp-json\/wp\/v2\/media?parent=53567"}],"wp:term":[{"taxonomy":"category","embeddable":true,"href":"https:\/\/gastronomicament.cat\/en\/wp-json\/wp\/v2\/categories?post=53567"},{"taxonomy":"destacatper","embeddable":true,"href":"https:\/\/gastronomicament.cat\/en\/wp-json\/wp\/v2\/destacatper?post=53567"},{"taxonomy":"especialitat","embeddable":true,"href":"https:\/\/gastronomicament.cat\/en\/wp-json\/wp\/v2\/especialitat?post=53567"},{"taxonomy":"localitat","embeddable":true,"href":"https:\/\/gastronomicament.cat\/en\/wp-json\/wp\/v2\/localitat?post=53567"},{"taxonomy":"author","embeddable":true,"href":"https:\/\/gastronomicament.cat\/en\/wp-json\/wp\/v2\/coauthors?post=53567"}],"curies":[{"name":"wp","href":"https:\/\/api.w.org\/{rel}","templated":true}]}}

<p style="text-align: center;"><strong>[TANCAT]</strong></p>
<p>A primera línia del <strong>Port de Pollença</strong>, hi trobau aquest restaurant de cuina selecta. <strong>Álvaro Salazar</strong> n&#8217;és el cap de cuina. Al <strong>restaurant Argos</strong>, hi prepara <strong>plats creatius, treballats i ben fets</strong> que combinen la tradició gastronòmica de la seva terra natal, Andalusia, amb els productes i costums de Mallorca, en un ambient distès.</p>
<p>L&#8217;any 2017 ha estat considerat com a Millor Cuiner de Mallorca per part de l&#8217;<a href="http://www.apegib.com/">Associació d&#8217;Escriptors i Periodistes de les Illes Balears</a>, i la Guia Michelin li ha atorgat una estrella.</p>
<p>&nbsp;</p>
<p>&nbsp;</p>

<p>A primera línia del Port de Pollença, hi trobau aquest restaurant de cuina selecta. Álvaro Salazar n&#8217;és el cap&hellip;</p>

[:ca]Dimarts tancat. Només obert al vespre [:en]Tuesday closed. Only open at night[:es]Martes cerrado. Solo abierto por la noche[:de]Dienstag geschlossen. Nur nachts geöffnet

<!-- This site is optimized with the Yoast SEO plugin v27.4 - https://yoast.com/product/yoast-seo-wordpress/ -->
<title>Argos Restaurant [TANCAT] - Gastronòmicament</title>
<meta name="robots" content="index, follow, max-snippet:-1, max-image-preview:large, max-video-preview:-1" />
<link rel="canonical" href="https://gastronomicament.cat/en/restaurant/argos-restaurant" />
<meta property="og:locale" content="en_US" />
<meta property="og:type" content="article" />
<meta property="og:title" content="Argos Restaurant [TANCAT] - Gastronòmicament" />
<meta property="og:description" content="A primera línia del Port de Pollença, hi trobau aquest restaurant de cuina selecta. Álvaro Salazar n&#039;és el cap&hellip;" />
<meta property="og:url" content="https://gastronomicament.cat/en/restaurant/argos-restaurant" />
<meta property="og:site_name" content="Gastronòmicament" />
<meta property="article:modified_time" content="2022-08-04T10:47:46+00:00" />
<meta property="og:image" content="https://gastronomicament.cat/wp-content/uploads/2018/04/Alvaro-Salazar-restaurant-Argos-Port-Pollenca.jpg" />
	<meta property="og:image:width" content="2816" />
	<meta property="og:image:height" content="1880" />
	<meta property="og:image:type" content="image/jpeg" />
<meta name="twitter:card" content="summary_large_image" />
<meta name="twitter:site" content="@gastronomicamen" />
<meta name="twitter:label1" content="Written by" />
	<meta name="twitter:data1" content="Redacció" />
<script type="application/ld+json" class="yoast-schema-graph">{"@context":"https:\/\/schema.org","@graph":[{"@type":"WebPage","@id":"https:\/\/gastronomicament.cat\/en\/restaurant\/argos-restaurant","url":"https:\/\/gastronomicament.cat\/en\/restaurant\/argos-restaurant","name":"Argos Restaurant [TANCAT] - Gastronòmicament","isPartOf":{"@id":"https:\/\/gastronomicament.cat\/en\/#website"},"primaryImageOfPage":{"@id":"https:\/\/gastronomicament.cat\/en\/restaurant\/argos-restaurant#primaryimage"},"image":{"@id":"https:\/\/gastronomicament.cat\/en\/restaurant\/argos-restaurant#primaryimage"},"thumbnailUrl":"https:\/\/gastronomicament.cat\/wp-content\/uploads\/2018\/04\/Alvaro-Salazar-restaurant-Argos-Port-Pollenca.jpg","datePublished":"2018-04-10T07:43:36+00:00","dateModified":"2022-08-04T10:47:46+00:00","breadcrumb":{"@id":"https:\/\/gastronomicament.cat\/en\/restaurant\/argos-restaurant#breadcrumb"},"inLanguage":"en-US","potentialAction":[{"@type":"ReadAction","target":["https:\/\/gastronomicament.cat\/en\/restaurant\/argos-restaurant"]}]},{"@type":"ImageObject","inLanguage":"en-US","@id":"https:\/\/gastronomicament.cat\/en\/restaurant\/argos-restaurant#primaryimage","url":"https:\/\/gastronomicament.cat\/wp-content\/uploads\/2018\/04\/Alvaro-Salazar-restaurant-Argos-Port-Pollenca.jpg","contentUrl":"https:\/\/gastronomicament.cat\/wp-content\/uploads\/2018\/04\/Alvaro-Salazar-restaurant-Argos-Port-Pollenca.jpg","width":2816,"height":1880},{"@type":"BreadcrumbList","@id":"https:\/\/gastronomicament.cat\/en\/restaurant\/argos-restaurant#breadcrumb","itemListElement":[{"@type":"ListItem","position":1,"name":"Restaurants","item":"https:\/\/gastronomicament.cat\/en\/restaurants"},{"@type":"ListItem","position":2,"name":"Argos Restaurant [TANCAT]"}]},{"@type":"WebSite","@id":"https:\/\/gastronomicament.cat\/en\/#website","url":"https:\/\/gastronomicament.cat\/en\/","name":"Gastronòmicament","description":"Portal de restaurants, receptes i actualitat gastronòmica","publisher":{"@id":"https:\/\/gastronomicament.cat\/en\/#organization"},"potentialAction":[{"@type":"SearchAction","target":{"@type":"EntryPoint","urlTemplate":"https:\/\/gastronomicament.cat\/en\/?s={search_term_string}"},"query-input":{"@type":"PropertyValueSpecification","valueRequired":true,"valueName":"search_term_string"}}],"inLanguage":"en-US"},{"@type":"Organization","@id":"https:\/\/gastronomicament.cat\/en\/#organization","name":"Gastronòmicament","url":"https:\/\/gastronomicament.cat\/en\/","logo":{"@type":"ImageObject","inLanguage":"en-US","@id":"https:\/\/gastronomicament.cat\/en\/#\/schema\/logo\/image\/","url":"https:\/\/gastronomicament.cat\/wp-content\/uploads\/2016\/09\/header-logo.jpg","contentUrl":"https:\/\/gastronomicament.cat\/wp-content\/uploads\/2016\/09\/header-logo.jpg","width":277,"height":39,"caption":"Gastronòmicament"},"image":{"@id":"https:\/\/gastronomicament.cat\/en\/#\/schema\/logo\/image\/"},"sameAs":["https:\/\/x.com\/gastronomicamen"]}]}</script>
<!-- / Yoast SEO plugin. -->

Argos Restaurant [TANCAT] - Gastronòmicament

A primera línia del Port de Pollença, hi trobau aquest restaurant de cuina selecta. Álvaro Salazar n'és el cap&hellip;

Gastronòmicament

Redacció

Portal de restaurants, receptes i actualitat gastronòmica
