{"id":71076,"date":"2014-10-21T10:30:58","date_gmt":"2014-10-21T08:30:58","guid":{"rendered":"https:\/\/gastronomicament.cat\/restaurant\/restaurant-de-canet-esporles"},"modified":"2023-10-05T10:27:54","modified_gmt":"2023-10-05T08:27:54","slug":"restaurant-de-canet-esporles","status":"publish","type":"restaurant","link":"https:\/\/gastronomicament.cat\/en\/restaurant\/restaurant-de-canet-esporles","title":{"rendered":"Restaurant de Canet. Esporles"},"content":{"rendered":"<p>El cuiner Bartomeu C\u00f3lero prepara els plats del Restaurant de Canet d&#8217;Esporles. Les especialitats s\u00f3n arr\u00f2s brut, mitjana (chulet\u00f3n) a la sal i els caragols. Tamb\u00e9 hi fan altres especialitats de carn, peix, marisc i, sobretot, de cuina mallorquina.<\/p>\n<p>El local \u00e9s molt ampli i es divideix en dues sales amb capacitat total de 250 persones. Cal destacar la terrassa, ideal per dinar o sopar de barbacoa.<!--more--><\/p>\n","protected":false},"excerpt":{"rendered":"<p>El cuiner Bartomeu C\u00f3lero prepara els plats del Restaurant de Canet d&#8217;Esporles.<\/p>\n","protected":false},"author":1,"featured_media":53177,"menu_order":0,"comment_status":"open","ping_status":"closed","template":"","format":"gallery","meta":{"_acf_changed":false,"_swt_meta_header_display":false,"_swt_meta_footer_display":false,"_swt_meta_site_title_display":false,"_swt_meta_sticky_header":false,"_swt_meta_transparent_header":false,"direccio":"Carretera de Valldemossa km 10","telefon":"971 61 90 30","web":"","horari":"[:ca]Dilluns tancat, excepte vig\u00edlies i festius [:en] Closed on Monday, except Bank Holidays and vigils.[:es]Lunes cerrado, excepto vigilias y festivos.","preumitja":"15-25 euros","observacions":"","footnotes":""},"categories":[1020],"destacatper":[1097],"especialitat":[1094],"localitat":[1377,1024,1114],"coauthors":[],"class_list":["post-71076","restaurant","type-restaurant","status-publish","format-gallery","has-post-thumbnail","hentry","category-restaurants-es-en","destacatper-celebracions-i-grups-en","especialitat-cuina-mallorquina-en","localitat-esporles-en","localitat-mallorca-en","localitat-tramuntana-en","preu-entre-20-i-30-euros-en"],"acf":{"gallery":null,"home_date":{"home_begin_date":null,"home_end_date":null}},"yoast_head":"<!-- This site is optimized with the Yoast SEO plugin v27.4 - https:\/\/yoast.com\/product\/yoast-seo-wordpress\/ -->\n<title>Restaurant de Canet. Esporles<\/title>\n<meta name=\"description\" content=\"Restaurant de Canet. Esporles\" \/>\n<meta name=\"robots\" content=\"index, follow, max-snippet:-1, max-image-preview:large, max-video-preview:-1\" \/>\n<link rel=\"canonical\" href=\"https:\/\/gastronomicament.cat\/en\/restaurant\/restaurant-de-canet-esporles\" \/>\n<meta property=\"og:locale\" content=\"en_US\" \/>\n<meta property=\"og:type\" content=\"article\" \/>\n<meta property=\"og:title\" content=\"Restaurant de Canet. Esporles\" \/>\n<meta property=\"og:description\" content=\"Restaurant de Canet. Esporles\" \/>\n<meta property=\"og:url\" content=\"https:\/\/gastronomicament.cat\/en\/restaurant\/restaurant-de-canet-esporles\" \/>\n<meta property=\"og:site_name\" content=\"Gastron\u00f2micament\" \/>\n<meta property=\"article:modified_time\" content=\"2023-10-05T08:27:54+00:00\" \/>\n<meta property=\"og:image\" content=\"https:\/\/gastronomicament.cat\/wp-content\/uploads\/2014\/10\/restaurant-de-canet-esporles-restaurant-mallorca.jpg\" \/>\n\t<meta property=\"og:image:width\" content=\"1800\" \/>\n\t<meta property=\"og:image:height\" content=\"1013\" \/>\n\t<meta property=\"og:image:type\" content=\"image\/jpeg\" \/>\n<meta name=\"twitter:card\" content=\"summary_large_image\" \/>\n<meta name=\"twitter:site\" content=\"@gastronomicamen\" \/>\n<meta name=\"twitter:label1\" content=\"Written by\" \/>\n\t<meta name=\"twitter:data1\" content=\"Redacci\u00f3\" \/>\n<script type=\"application\/ld+json\" class=\"yoast-schema-graph\">{\"@context\":\"https:\\\/\\\/schema.org\",\"@graph\":[{\"@type\":\"WebPage\",\"@id\":\"https:\\\/\\\/gastronomicament.cat\\\/en\\\/restaurant\\\/restaurant-de-canet-esporles\",\"url\":\"https:\\\/\\\/gastronomicament.cat\\\/en\\\/restaurant\\\/restaurant-de-canet-esporles\",\"name\":\"Restaurant de Canet. Esporles\",\"isPartOf\":{\"@id\":\"https:\\\/\\\/gastronomicament.cat\\\/en\\\/#website\"},\"primaryImageOfPage\":{\"@id\":\"https:\\\/\\\/gastronomicament.cat\\\/en\\\/restaurant\\\/restaurant-de-canet-esporles#primaryimage\"},\"image\":{\"@id\":\"https:\\\/\\\/gastronomicament.cat\\\/en\\\/restaurant\\\/restaurant-de-canet-esporles#primaryimage\"},\"thumbnailUrl\":\"https:\\\/\\\/gastronomicament.cat\\\/wp-content\\\/uploads\\\/2014\\\/10\\\/restaurant-de-canet-esporles-restaurant-mallorca.jpg\",\"datePublished\":\"2014-10-21T08:30:58+00:00\",\"dateModified\":\"2023-10-05T08:27:54+00:00\",\"description\":\"Restaurant de Canet. Esporles\",\"breadcrumb\":{\"@id\":\"https:\\\/\\\/gastronomicament.cat\\\/en\\\/restaurant\\\/restaurant-de-canet-esporles#breadcrumb\"},\"inLanguage\":\"en-US\",\"potentialAction\":[{\"@type\":\"ReadAction\",\"target\":[\"https:\\\/\\\/gastronomicament.cat\\\/en\\\/restaurant\\\/restaurant-de-canet-esporles\"]}]},{\"@type\":\"ImageObject\",\"inLanguage\":\"en-US\",\"@id\":\"https:\\\/\\\/gastronomicament.cat\\\/en\\\/restaurant\\\/restaurant-de-canet-esporles#primaryimage\",\"url\":\"https:\\\/\\\/gastronomicament.cat\\\/wp-content\\\/uploads\\\/2014\\\/10\\\/restaurant-de-canet-esporles-restaurant-mallorca.jpg\",\"contentUrl\":\"https:\\\/\\\/gastronomicament.cat\\\/wp-content\\\/uploads\\\/2014\\\/10\\\/restaurant-de-canet-esporles-restaurant-mallorca.jpg\",\"width\":1800,\"height\":1013},{\"@type\":\"BreadcrumbList\",\"@id\":\"https:\\\/\\\/gastronomicament.cat\\\/en\\\/restaurant\\\/restaurant-de-canet-esporles#breadcrumb\",\"itemListElement\":[{\"@type\":\"ListItem\",\"position\":1,\"name\":\"Restaurants\",\"item\":\"https:\\\/\\\/gastronomicament.cat\\\/en\\\/restaurants\"},{\"@type\":\"ListItem\",\"position\":2,\"name\":\"Restaurant de Canet. Esporles\"}]},{\"@type\":\"WebSite\",\"@id\":\"https:\\\/\\\/gastronomicament.cat\\\/en\\\/#website\",\"url\":\"https:\\\/\\\/gastronomicament.cat\\\/en\\\/\",\"name\":\"Gastron\u00f2micament\",\"description\":\"Portal de restaurants, receptes i actualitat gastron\u00f2mica\",\"publisher\":{\"@id\":\"https:\\\/\\\/gastronomicament.cat\\\/en\\\/#organization\"},\"potentialAction\":[{\"@type\":\"SearchAction\",\"target\":{\"@type\":\"EntryPoint\",\"urlTemplate\":\"https:\\\/\\\/gastronomicament.cat\\\/en\\\/?s={search_term_string}\"},\"query-input\":{\"@type\":\"PropertyValueSpecification\",\"valueRequired\":true,\"valueName\":\"search_term_string\"}}],\"inLanguage\":\"en-US\"},{\"@type\":\"Organization\",\"@id\":\"https:\\\/\\\/gastronomicament.cat\\\/en\\\/#organization\",\"name\":\"Gastron\u00f2micament\",\"url\":\"https:\\\/\\\/gastronomicament.cat\\\/en\\\/\",\"logo\":{\"@type\":\"ImageObject\",\"inLanguage\":\"en-US\",\"@id\":\"https:\\\/\\\/gastronomicament.cat\\\/en\\\/#\\\/schema\\\/logo\\\/image\\\/\",\"url\":\"https:\\\/\\\/gastronomicament.cat\\\/wp-content\\\/uploads\\\/2016\\\/09\\\/header-logo.jpg\",\"contentUrl\":\"https:\\\/\\\/gastronomicament.cat\\\/wp-content\\\/uploads\\\/2016\\\/09\\\/header-logo.jpg\",\"width\":277,\"height\":39,\"caption\":\"Gastron\u00f2micament\"},\"image\":{\"@id\":\"https:\\\/\\\/gastronomicament.cat\\\/en\\\/#\\\/schema\\\/logo\\\/image\\\/\"},\"sameAs\":[\"https:\\\/\\\/x.com\\\/gastronomicamen\"]}]}<\/script>\n<!-- \/ Yoast SEO plugin. -->","yoast_head_json":{"title":"Restaurant de Canet. Esporles","description":"Restaurant de Canet. Esporles","robots":{"index":"index","follow":"follow","max-snippet":"max-snippet:-1","max-image-preview":"max-image-preview:large","max-video-preview":"max-video-preview:-1"},"canonical":"https:\/\/gastronomicament.cat\/en\/restaurant\/restaurant-de-canet-esporles","og_locale":"en_US","og_type":"article","og_title":"Restaurant de Canet. Esporles","og_description":"Restaurant de Canet. Esporles","og_url":"https:\/\/gastronomicament.cat\/en\/restaurant\/restaurant-de-canet-esporles","og_site_name":"Gastron\u00f2micament","article_modified_time":"2023-10-05T08:27:54+00:00","og_image":[{"width":1800,"height":1013,"url":"https:\/\/gastronomicament.cat\/wp-content\/uploads\/2014\/10\/restaurant-de-canet-esporles-restaurant-mallorca.jpg","type":"image\/jpeg"}],"twitter_card":"summary_large_image","twitter_site":"@gastronomicamen","twitter_misc":{"Written by":"Redacci\u00f3"},"schema":{"@context":"https:\/\/schema.org","@graph":[{"@type":"WebPage","@id":"https:\/\/gastronomicament.cat\/en\/restaurant\/restaurant-de-canet-esporles","url":"https:\/\/gastronomicament.cat\/en\/restaurant\/restaurant-de-canet-esporles","name":"Restaurant de Canet. Esporles","isPartOf":{"@id":"https:\/\/gastronomicament.cat\/en\/#website"},"primaryImageOfPage":{"@id":"https:\/\/gastronomicament.cat\/en\/restaurant\/restaurant-de-canet-esporles#primaryimage"},"image":{"@id":"https:\/\/gastronomicament.cat\/en\/restaurant\/restaurant-de-canet-esporles#primaryimage"},"thumbnailUrl":"https:\/\/gastronomicament.cat\/wp-content\/uploads\/2014\/10\/restaurant-de-canet-esporles-restaurant-mallorca.jpg","datePublished":"2014-10-21T08:30:58+00:00","dateModified":"2023-10-05T08:27:54+00:00","description":"Restaurant de Canet. Esporles","breadcrumb":{"@id":"https:\/\/gastronomicament.cat\/en\/restaurant\/restaurant-de-canet-esporles#breadcrumb"},"inLanguage":"en-US","potentialAction":[{"@type":"ReadAction","target":["https:\/\/gastronomicament.cat\/en\/restaurant\/restaurant-de-canet-esporles"]}]},{"@type":"ImageObject","inLanguage":"en-US","@id":"https:\/\/gastronomicament.cat\/en\/restaurant\/restaurant-de-canet-esporles#primaryimage","url":"https:\/\/gastronomicament.cat\/wp-content\/uploads\/2014\/10\/restaurant-de-canet-esporles-restaurant-mallorca.jpg","contentUrl":"https:\/\/gastronomicament.cat\/wp-content\/uploads\/2014\/10\/restaurant-de-canet-esporles-restaurant-mallorca.jpg","width":1800,"height":1013},{"@type":"BreadcrumbList","@id":"https:\/\/gastronomicament.cat\/en\/restaurant\/restaurant-de-canet-esporles#breadcrumb","itemListElement":[{"@type":"ListItem","position":1,"name":"Restaurants","item":"https:\/\/gastronomicament.cat\/en\/restaurants"},{"@type":"ListItem","position":2,"name":"Restaurant de Canet. Esporles"}]},{"@type":"WebSite","@id":"https:\/\/gastronomicament.cat\/en\/#website","url":"https:\/\/gastronomicament.cat\/en\/","name":"Gastron\u00f2micament","description":"Portal de restaurants, receptes i actualitat gastron\u00f2mica","publisher":{"@id":"https:\/\/gastronomicament.cat\/en\/#organization"},"potentialAction":[{"@type":"SearchAction","target":{"@type":"EntryPoint","urlTemplate":"https:\/\/gastronomicament.cat\/en\/?s={search_term_string}"},"query-input":{"@type":"PropertyValueSpecification","valueRequired":true,"valueName":"search_term_string"}}],"inLanguage":"en-US"},{"@type":"Organization","@id":"https:\/\/gastronomicament.cat\/en\/#organization","name":"Gastron\u00f2micament","url":"https:\/\/gastronomicament.cat\/en\/","logo":{"@type":"ImageObject","inLanguage":"en-US","@id":"https:\/\/gastronomicament.cat\/en\/#\/schema\/logo\/image\/","url":"https:\/\/gastronomicament.cat\/wp-content\/uploads\/2016\/09\/header-logo.jpg","contentUrl":"https:\/\/gastronomicament.cat\/wp-content\/uploads\/2016\/09\/header-logo.jpg","width":277,"height":39,"caption":"Gastron\u00f2micament"},"image":{"@id":"https:\/\/gastronomicament.cat\/en\/#\/schema\/logo\/image\/"},"sameAs":["https:\/\/x.com\/gastronomicamen"]}]}},"_links":{"self":[{"href":"https:\/\/gastronomicament.cat\/en\/wp-json\/wp\/v2\/restaurant\/71076","targetHints":{"allow":["GET"]}}],"collection":[{"href":"https:\/\/gastronomicament.cat\/en\/wp-json\/wp\/v2\/restaurant"}],"about":[{"href":"https:\/\/gastronomicament.cat\/en\/wp-json\/wp\/v2\/types\/restaurant"}],"author":[{"embeddable":true,"href":"https:\/\/gastronomicament.cat\/en\/wp-json\/wp\/v2\/users\/1"}],"replies":[{"embeddable":true,"href":"https:\/\/gastronomicament.cat\/en\/wp-json\/wp\/v2\/comments?post=71076"}],"version-history":[{"count":0,"href":"https:\/\/gastronomicament.cat\/en\/wp-json\/wp\/v2\/restaurant\/71076\/revisions"}],"wp:featuredmedia":[{"embeddable":true,"href":"https:\/\/gastronomicament.cat\/en\/wp-json\/wp\/v2\/media\/53177"}],"wp:attachment":[{"href":"https:\/\/gastronomicament.cat\/en\/wp-json\/wp\/v2\/media?parent=71076"}],"wp:term":[{"taxonomy":"category","embeddable":true,"href":"https:\/\/gastronomicament.cat\/en\/wp-json\/wp\/v2\/categories?post=71076"},{"taxonomy":"destacatper","embeddable":true,"href":"https:\/\/gastronomicament.cat\/en\/wp-json\/wp\/v2\/destacatper?post=71076"},{"taxonomy":"especialitat","embeddable":true,"href":"https:\/\/gastronomicament.cat\/en\/wp-json\/wp\/v2\/especialitat?post=71076"},{"taxonomy":"localitat","embeddable":true,"href":"https:\/\/gastronomicament.cat\/en\/wp-json\/wp\/v2\/localitat?post=71076"},{"taxonomy":"author","embeddable":true,"href":"https:\/\/gastronomicament.cat\/en\/wp-json\/wp\/v2\/coauthors?post=71076"}],"curies":[{"name":"wp","href":"https:\/\/api.w.org\/{rel}","templated":true}]}}

<p>El cuiner Bartomeu Cólero prepara els plats del Restaurant de Canet d&#8217;Esporles. Les especialitats són arròs brut, mitjana (chuletón) a la sal i els caragols. També hi fan altres especialitats de carn, peix, marisc i, sobretot, de cuina mallorquina.</p>
<p>El local és molt ampli i es divideix en dues sales amb capacitat total de 250 persones. Cal destacar la terrassa, ideal per dinar o sopar de barbacoa.<!--more--></p>

<p>El cuiner Bartomeu Cólero prepara els plats del Restaurant de Canet d&#8217;Esporles.</p>

[:ca]Dilluns tancat, excepte vigílies i festius [:en] Closed on Monday, except Bank Holidays and vigils.[:es]Lunes cerrado, excepto vigilias y festivos.

<!-- This site is optimized with the Yoast SEO plugin v27.4 - https://yoast.com/product/yoast-seo-wordpress/ -->
<title>Restaurant de Canet. Esporles</title>
<meta name="description" content="Restaurant de Canet. Esporles" />
<meta name="robots" content="index, follow, max-snippet:-1, max-image-preview:large, max-video-preview:-1" />
<link rel="canonical" href="https://gastronomicament.cat/en/restaurant/restaurant-de-canet-esporles" />
<meta property="og:locale" content="en_US" />
<meta property="og:type" content="article" />
<meta property="og:title" content="Restaurant de Canet. Esporles" />
<meta property="og:description" content="Restaurant de Canet. Esporles" />
<meta property="og:url" content="https://gastronomicament.cat/en/restaurant/restaurant-de-canet-esporles" />
<meta property="og:site_name" content="Gastronòmicament" />
<meta property="article:modified_time" content="2023-10-05T08:27:54+00:00" />
<meta property="og:image" content="https://gastronomicament.cat/wp-content/uploads/2014/10/restaurant-de-canet-esporles-restaurant-mallorca.jpg" />
	<meta property="og:image:width" content="1800" />
	<meta property="og:image:height" content="1013" />
	<meta property="og:image:type" content="image/jpeg" />
<meta name="twitter:card" content="summary_large_image" />
<meta name="twitter:site" content="@gastronomicamen" />
<meta name="twitter:label1" content="Written by" />
	<meta name="twitter:data1" content="Redacció" />
<script type="application/ld+json" class="yoast-schema-graph">{"@context":"https:\/\/schema.org","@graph":[{"@type":"WebPage","@id":"https:\/\/gastronomicament.cat\/en\/restaurant\/restaurant-de-canet-esporles","url":"https:\/\/gastronomicament.cat\/en\/restaurant\/restaurant-de-canet-esporles","name":"Restaurant de Canet. Esporles","isPartOf":{"@id":"https:\/\/gastronomicament.cat\/en\/#website"},"primaryImageOfPage":{"@id":"https:\/\/gastronomicament.cat\/en\/restaurant\/restaurant-de-canet-esporles#primaryimage"},"image":{"@id":"https:\/\/gastronomicament.cat\/en\/restaurant\/restaurant-de-canet-esporles#primaryimage"},"thumbnailUrl":"https:\/\/gastronomicament.cat\/wp-content\/uploads\/2014\/10\/restaurant-de-canet-esporles-restaurant-mallorca.jpg","datePublished":"2014-10-21T08:30:58+00:00","dateModified":"2023-10-05T08:27:54+00:00","description":"Restaurant de Canet. Esporles","breadcrumb":{"@id":"https:\/\/gastronomicament.cat\/en\/restaurant\/restaurant-de-canet-esporles#breadcrumb"},"inLanguage":"en-US","potentialAction":[{"@type":"ReadAction","target":["https:\/\/gastronomicament.cat\/en\/restaurant\/restaurant-de-canet-esporles"]}]},{"@type":"ImageObject","inLanguage":"en-US","@id":"https:\/\/gastronomicament.cat\/en\/restaurant\/restaurant-de-canet-esporles#primaryimage","url":"https:\/\/gastronomicament.cat\/wp-content\/uploads\/2014\/10\/restaurant-de-canet-esporles-restaurant-mallorca.jpg","contentUrl":"https:\/\/gastronomicament.cat\/wp-content\/uploads\/2014\/10\/restaurant-de-canet-esporles-restaurant-mallorca.jpg","width":1800,"height":1013},{"@type":"BreadcrumbList","@id":"https:\/\/gastronomicament.cat\/en\/restaurant\/restaurant-de-canet-esporles#breadcrumb","itemListElement":[{"@type":"ListItem","position":1,"name":"Restaurants","item":"https:\/\/gastronomicament.cat\/en\/restaurants"},{"@type":"ListItem","position":2,"name":"Restaurant de Canet. Esporles"}]},{"@type":"WebSite","@id":"https:\/\/gastronomicament.cat\/en\/#website","url":"https:\/\/gastronomicament.cat\/en\/","name":"Gastronòmicament","description":"Portal de restaurants, receptes i actualitat gastronòmica","publisher":{"@id":"https:\/\/gastronomicament.cat\/en\/#organization"},"potentialAction":[{"@type":"SearchAction","target":{"@type":"EntryPoint","urlTemplate":"https:\/\/gastronomicament.cat\/en\/?s={search_term_string}"},"query-input":{"@type":"PropertyValueSpecification","valueRequired":true,"valueName":"search_term_string"}}],"inLanguage":"en-US"},{"@type":"Organization","@id":"https:\/\/gastronomicament.cat\/en\/#organization","name":"Gastronòmicament","url":"https:\/\/gastronomicament.cat\/en\/","logo":{"@type":"ImageObject","inLanguage":"en-US","@id":"https:\/\/gastronomicament.cat\/en\/#\/schema\/logo\/image\/","url":"https:\/\/gastronomicament.cat\/wp-content\/uploads\/2016\/09\/header-logo.jpg","contentUrl":"https:\/\/gastronomicament.cat\/wp-content\/uploads\/2016\/09\/header-logo.jpg","width":277,"height":39,"caption":"Gastronòmicament"},"image":{"@id":"https:\/\/gastronomicament.cat\/en\/#\/schema\/logo\/image\/"},"sameAs":["https:\/\/x.com\/gastronomicamen"]}]}</script>
<!-- / Yoast SEO plugin. -->

Gastronòmicament

Redacció

Portal de restaurants, receptes i actualitat gastronòmica
