{"id":71653,"date":"2014-03-19T23:09:24","date_gmt":"2014-03-19T22:09:24","guid":{"rendered":"https:\/\/gastronomicament.cat\/restaurant\/aravell-restaurant"},"modified":"2024-08-28T11:48:22","modified_gmt":"2024-08-28T09:48:22","slug":"aravell-restaurant","status":"publish","type":"restaurant","link":"https:\/\/gastronomicament.cat\/en\/restaurant\/aravell-restaurant","title":{"rendered":"Aravell Restaurant"},"content":{"rendered":"<p>Restaurant creat l&#8217;any 1997 dins del club de Golf. A principis de l&#8217;any 2008, es crea la carta actual, especialitzada en productes de l&#8217;Alt Urgell, amb receptes populars i casolanes.<\/p>\n<h4>Plats caracter\u00edstics de l&#8217;Aravell Restaurant<\/h4>\n<p>Galtes de vedella Bruneta.<\/p>\n<p>Degustaci\u00f3 de formatges de l&#8217;Alt Urgell.<\/p>\n<p>Escalivada casolana.<\/p>\n<p>Sopa de ceba.<!--more--><\/p>\n","protected":false},"excerpt":{"rendered":"<p>Restaurant creat l&#8217;any 1997 dins del club de Golf. A principis de l&#8217;any 2008, es crea&hellip;<\/p>\n","protected":false},"author":81,"featured_media":0,"menu_order":0,"comment_status":"open","ping_status":"closed","template":"","format":"gallery","meta":{"_acf_changed":false,"_swt_meta_header_display":false,"_swt_meta_footer_display":false,"_swt_meta_site_title_display":false,"_swt_meta_sticky_header":false,"_swt_meta_transparent_header":false,"direccio":"Av. Cad\u00ed, 2. Aravell. L'Alt Urgell. Lleida","telefon":"973353682 \/ 973360066","web":"www.aravellgolfclub.com","horari":"[:ca]De 13 a 16h. Descans setmanal: Dimarts. Vacances: Del 6 al 29 de gener. [:en]De 13 a 16h. Descans setmanal: Dimarts. Vacances: Del 6 al 29 de gener. [:es]De 13 a 16h. Descanso semanal: Martes. Vacaciones: Del 6 al 29 de enero.","preumitja":"euros","observacions":"[:ca]Descans setmanal: Dimarts Vacances: Del 6 al 29 de gener[:en]Weekly rest: Dimarts Holidays: Del 6 al 29 de gener[:es]Descanso semanal: Martes Vacaciones: Del 6 al 29 de enero","footnotes":""},"categories":[1020],"destacatper":[],"especialitat":[1282],"localitat":[1825,1284],"coauthors":[2148],"class_list":["post-71653","restaurant","type-restaurant","status-publish","format-gallery","hentry","category-restaurants-es-en","especialitat-cuina-catalana-es-en","localitat-aravell-en","localitat-catalunya-es-en"],"acf":{"gallery":null,"home_date":{"home_begin_date":null,"home_end_date":null}},"yoast_head":"<!-- This site is optimized with the Yoast SEO plugin v27.4 - https:\/\/yoast.com\/product\/yoast-seo-wordpress\/ -->\n<title>Aravell Restaurant<\/title>\n<meta name=\"description\" content=\"Aravell Restaurant. - Aravell Restaurant.\" \/>\n<meta name=\"robots\" content=\"index, follow, max-snippet:-1, max-image-preview:large, max-video-preview:-1\" \/>\n<link rel=\"canonical\" href=\"https:\/\/gastronomicament.cat\/en\/restaurant\/aravell-restaurant\" \/>\n<meta property=\"og:locale\" content=\"en_US\" \/>\n<meta property=\"og:type\" content=\"article\" \/>\n<meta property=\"og:title\" content=\"Aravell Restaurant\" \/>\n<meta property=\"og:description\" content=\"Aravell Restaurant. - Aravell Restaurant.\" \/>\n<meta property=\"og:url\" content=\"https:\/\/gastronomicament.cat\/en\/restaurant\/aravell-restaurant\" \/>\n<meta property=\"og:site_name\" content=\"Gastron\u00f2micament\" \/>\n<meta property=\"article:modified_time\" content=\"2024-08-28T09:48:22+00:00\" \/>\n<meta name=\"twitter:card\" content=\"summary_large_image\" \/>\n<meta name=\"twitter:site\" content=\"@gastronomicamen\" \/>\n<meta name=\"twitter:label1\" content=\"Written by\" \/>\n\t<meta name=\"twitter:data1\" content=\"Fundaci\u00f3 Institut Catal\u00e0 de la Cuina i de la Cultura Gastron\u00f2mica\" \/>\n<script type=\"application\/ld+json\" class=\"yoast-schema-graph\">{\"@context\":\"https:\\\/\\\/schema.org\",\"@graph\":[{\"@type\":\"WebPage\",\"@id\":\"https:\\\/\\\/gastronomicament.cat\\\/en\\\/restaurant\\\/aravell-restaurant\",\"url\":\"https:\\\/\\\/gastronomicament.cat\\\/en\\\/restaurant\\\/aravell-restaurant\",\"name\":\"Aravell Restaurant\",\"isPartOf\":{\"@id\":\"https:\\\/\\\/gastronomicament.cat\\\/en\\\/#website\"},\"datePublished\":\"2014-03-19T22:09:24+00:00\",\"dateModified\":\"2024-08-28T09:48:22+00:00\",\"description\":\"Aravell Restaurant. - Aravell Restaurant.\",\"breadcrumb\":{\"@id\":\"https:\\\/\\\/gastronomicament.cat\\\/en\\\/restaurant\\\/aravell-restaurant#breadcrumb\"},\"inLanguage\":\"en-US\",\"potentialAction\":[{\"@type\":\"ReadAction\",\"target\":[\"https:\\\/\\\/gastronomicament.cat\\\/en\\\/restaurant\\\/aravell-restaurant\"]}]},{\"@type\":\"BreadcrumbList\",\"@id\":\"https:\\\/\\\/gastronomicament.cat\\\/en\\\/restaurant\\\/aravell-restaurant#breadcrumb\",\"itemListElement\":[{\"@type\":\"ListItem\",\"position\":1,\"name\":\"Restaurants\",\"item\":\"https:\\\/\\\/gastronomicament.cat\\\/en\\\/restaurants\"},{\"@type\":\"ListItem\",\"position\":2,\"name\":\"Aravell Restaurant\"}]},{\"@type\":\"WebSite\",\"@id\":\"https:\\\/\\\/gastronomicament.cat\\\/en\\\/#website\",\"url\":\"https:\\\/\\\/gastronomicament.cat\\\/en\\\/\",\"name\":\"Gastron\u00f2micament\",\"description\":\"Portal de restaurants, receptes i actualitat gastron\u00f2mica\",\"publisher\":{\"@id\":\"https:\\\/\\\/gastronomicament.cat\\\/en\\\/#organization\"},\"potentialAction\":[{\"@type\":\"SearchAction\",\"target\":{\"@type\":\"EntryPoint\",\"urlTemplate\":\"https:\\\/\\\/gastronomicament.cat\\\/en\\\/?s={search_term_string}\"},\"query-input\":{\"@type\":\"PropertyValueSpecification\",\"valueRequired\":true,\"valueName\":\"search_term_string\"}}],\"inLanguage\":\"en-US\"},{\"@type\":\"Organization\",\"@id\":\"https:\\\/\\\/gastronomicament.cat\\\/en\\\/#organization\",\"name\":\"Gastron\u00f2micament\",\"url\":\"https:\\\/\\\/gastronomicament.cat\\\/en\\\/\",\"logo\":{\"@type\":\"ImageObject\",\"inLanguage\":\"en-US\",\"@id\":\"https:\\\/\\\/gastronomicament.cat\\\/en\\\/#\\\/schema\\\/logo\\\/image\\\/\",\"url\":\"https:\\\/\\\/gastronomicament.cat\\\/wp-content\\\/uploads\\\/2016\\\/09\\\/header-logo.jpg\",\"contentUrl\":\"https:\\\/\\\/gastronomicament.cat\\\/wp-content\\\/uploads\\\/2016\\\/09\\\/header-logo.jpg\",\"width\":277,\"height\":39,\"caption\":\"Gastron\u00f2micament\"},\"image\":{\"@id\":\"https:\\\/\\\/gastronomicament.cat\\\/en\\\/#\\\/schema\\\/logo\\\/image\\\/\"},\"sameAs\":[\"https:\\\/\\\/x.com\\\/gastronomicamen\"]}]}<\/script>\n<!-- \/ Yoast SEO plugin. -->","yoast_head_json":{"title":"Aravell Restaurant","description":"Aravell Restaurant. - Aravell Restaurant.","robots":{"index":"index","follow":"follow","max-snippet":"max-snippet:-1","max-image-preview":"max-image-preview:large","max-video-preview":"max-video-preview:-1"},"canonical":"https:\/\/gastronomicament.cat\/en\/restaurant\/aravell-restaurant","og_locale":"en_US","og_type":"article","og_title":"Aravell Restaurant","og_description":"Aravell Restaurant. - Aravell Restaurant.","og_url":"https:\/\/gastronomicament.cat\/en\/restaurant\/aravell-restaurant","og_site_name":"Gastron\u00f2micament","article_modified_time":"2024-08-28T09:48:22+00:00","twitter_card":"summary_large_image","twitter_site":"@gastronomicamen","twitter_misc":{"Written by":"Fundaci\u00f3 Institut Catal\u00e0 de la Cuina i de la Cultura Gastron\u00f2mica"},"schema":{"@context":"https:\/\/schema.org","@graph":[{"@type":"WebPage","@id":"https:\/\/gastronomicament.cat\/en\/restaurant\/aravell-restaurant","url":"https:\/\/gastronomicament.cat\/en\/restaurant\/aravell-restaurant","name":"Aravell Restaurant","isPartOf":{"@id":"https:\/\/gastronomicament.cat\/en\/#website"},"datePublished":"2014-03-19T22:09:24+00:00","dateModified":"2024-08-28T09:48:22+00:00","description":"Aravell Restaurant. - Aravell Restaurant.","breadcrumb":{"@id":"https:\/\/gastronomicament.cat\/en\/restaurant\/aravell-restaurant#breadcrumb"},"inLanguage":"en-US","potentialAction":[{"@type":"ReadAction","target":["https:\/\/gastronomicament.cat\/en\/restaurant\/aravell-restaurant"]}]},{"@type":"BreadcrumbList","@id":"https:\/\/gastronomicament.cat\/en\/restaurant\/aravell-restaurant#breadcrumb","itemListElement":[{"@type":"ListItem","position":1,"name":"Restaurants","item":"https:\/\/gastronomicament.cat\/en\/restaurants"},{"@type":"ListItem","position":2,"name":"Aravell Restaurant"}]},{"@type":"WebSite","@id":"https:\/\/gastronomicament.cat\/en\/#website","url":"https:\/\/gastronomicament.cat\/en\/","name":"Gastron\u00f2micament","description":"Portal de restaurants, receptes i actualitat gastron\u00f2mica","publisher":{"@id":"https:\/\/gastronomicament.cat\/en\/#organization"},"potentialAction":[{"@type":"SearchAction","target":{"@type":"EntryPoint","urlTemplate":"https:\/\/gastronomicament.cat\/en\/?s={search_term_string}"},"query-input":{"@type":"PropertyValueSpecification","valueRequired":true,"valueName":"search_term_string"}}],"inLanguage":"en-US"},{"@type":"Organization","@id":"https:\/\/gastronomicament.cat\/en\/#organization","name":"Gastron\u00f2micament","url":"https:\/\/gastronomicament.cat\/en\/","logo":{"@type":"ImageObject","inLanguage":"en-US","@id":"https:\/\/gastronomicament.cat\/en\/#\/schema\/logo\/image\/","url":"https:\/\/gastronomicament.cat\/wp-content\/uploads\/2016\/09\/header-logo.jpg","contentUrl":"https:\/\/gastronomicament.cat\/wp-content\/uploads\/2016\/09\/header-logo.jpg","width":277,"height":39,"caption":"Gastron\u00f2micament"},"image":{"@id":"https:\/\/gastronomicament.cat\/en\/#\/schema\/logo\/image\/"},"sameAs":["https:\/\/x.com\/gastronomicamen"]}]}},"_links":{"self":[{"href":"https:\/\/gastronomicament.cat\/en\/wp-json\/wp\/v2\/restaurant\/71653","targetHints":{"allow":["GET"]}}],"collection":[{"href":"https:\/\/gastronomicament.cat\/en\/wp-json\/wp\/v2\/restaurant"}],"about":[{"href":"https:\/\/gastronomicament.cat\/en\/wp-json\/wp\/v2\/types\/restaurant"}],"author":[{"embeddable":true,"href":"https:\/\/gastronomicament.cat\/en\/wp-json\/wp\/v2\/users\/81"}],"replies":[{"embeddable":true,"href":"https:\/\/gastronomicament.cat\/en\/wp-json\/wp\/v2\/comments?post=71653"}],"version-history":[{"count":0,"href":"https:\/\/gastronomicament.cat\/en\/wp-json\/wp\/v2\/restaurant\/71653\/revisions"}],"wp:attachment":[{"href":"https:\/\/gastronomicament.cat\/en\/wp-json\/wp\/v2\/media?parent=71653"}],"wp:term":[{"taxonomy":"category","embeddable":true,"href":"https:\/\/gastronomicament.cat\/en\/wp-json\/wp\/v2\/categories?post=71653"},{"taxonomy":"destacatper","embeddable":true,"href":"https:\/\/gastronomicament.cat\/en\/wp-json\/wp\/v2\/destacatper?post=71653"},{"taxonomy":"especialitat","embeddable":true,"href":"https:\/\/gastronomicament.cat\/en\/wp-json\/wp\/v2\/especialitat?post=71653"},{"taxonomy":"localitat","embeddable":true,"href":"https:\/\/gastronomicament.cat\/en\/wp-json\/wp\/v2\/localitat?post=71653"},{"taxonomy":"author","embeddable":true,"href":"https:\/\/gastronomicament.cat\/en\/wp-json\/wp\/v2\/coauthors?post=71653"}],"curies":[{"name":"wp","href":"https:\/\/api.w.org\/{rel}","templated":true}]}}

<p>Restaurant creat l&#8217;any 1997 dins del club de Golf. A principis de l&#8217;any 2008, es crea la carta actual, especialitzada en productes de l&#8217;Alt Urgell, amb receptes populars i casolanes.</p>
<h4>Plats característics de l&#8217;Aravell Restaurant</h4>
<p>Galtes de vedella Bruneta.</p>
<p>Degustació de formatges de l&#8217;Alt Urgell.</p>
<p>Escalivada casolana.</p>
<p>Sopa de ceba.<!--more--></p>

Av. Cadí, 2. Aravell. L'Alt Urgell. Lleida

<!-- This site is optimized with the Yoast SEO plugin v27.4 - https://yoast.com/product/yoast-seo-wordpress/ -->
<title>Aravell Restaurant</title>
<meta name="description" content="Aravell Restaurant. - Aravell Restaurant." />
<meta name="robots" content="index, follow, max-snippet:-1, max-image-preview:large, max-video-preview:-1" />
<link rel="canonical" href="https://gastronomicament.cat/en/restaurant/aravell-restaurant" />
<meta property="og:locale" content="en_US" />
<meta property="og:type" content="article" />
<meta property="og:title" content="Aravell Restaurant" />
<meta property="og:description" content="Aravell Restaurant. - Aravell Restaurant." />
<meta property="og:url" content="https://gastronomicament.cat/en/restaurant/aravell-restaurant" />
<meta property="og:site_name" content="Gastronòmicament" />
<meta property="article:modified_time" content="2024-08-28T09:48:22+00:00" />
<meta name="twitter:card" content="summary_large_image" />
<meta name="twitter:site" content="@gastronomicamen" />
<meta name="twitter:label1" content="Written by" />
	<meta name="twitter:data1" content="Fundació Institut Català de la Cuina i de la Cultura Gastronòmica" />
<script type="application/ld+json" class="yoast-schema-graph">{"@context":"https:\/\/schema.org","@graph":[{"@type":"WebPage","@id":"https:\/\/gastronomicament.cat\/en\/restaurant\/aravell-restaurant","url":"https:\/\/gastronomicament.cat\/en\/restaurant\/aravell-restaurant","name":"Aravell Restaurant","isPartOf":{"@id":"https:\/\/gastronomicament.cat\/en\/#website"},"datePublished":"2014-03-19T22:09:24+00:00","dateModified":"2024-08-28T09:48:22+00:00","description":"Aravell Restaurant. - Aravell Restaurant.","breadcrumb":{"@id":"https:\/\/gastronomicament.cat\/en\/restaurant\/aravell-restaurant#breadcrumb"},"inLanguage":"en-US","potentialAction":[{"@type":"ReadAction","target":["https:\/\/gastronomicament.cat\/en\/restaurant\/aravell-restaurant"]}]},{"@type":"BreadcrumbList","@id":"https:\/\/gastronomicament.cat\/en\/restaurant\/aravell-restaurant#breadcrumb","itemListElement":[{"@type":"ListItem","position":1,"name":"Restaurants","item":"https:\/\/gastronomicament.cat\/en\/restaurants"},{"@type":"ListItem","position":2,"name":"Aravell Restaurant"}]},{"@type":"WebSite","@id":"https:\/\/gastronomicament.cat\/en\/#website","url":"https:\/\/gastronomicament.cat\/en\/","name":"Gastronòmicament","description":"Portal de restaurants, receptes i actualitat gastronòmica","publisher":{"@id":"https:\/\/gastronomicament.cat\/en\/#organization"},"potentialAction":[{"@type":"SearchAction","target":{"@type":"EntryPoint","urlTemplate":"https:\/\/gastronomicament.cat\/en\/?s={search_term_string}"},"query-input":{"@type":"PropertyValueSpecification","valueRequired":true,"valueName":"search_term_string"}}],"inLanguage":"en-US"},{"@type":"Organization","@id":"https:\/\/gastronomicament.cat\/en\/#organization","name":"Gastronòmicament","url":"https:\/\/gastronomicament.cat\/en\/","logo":{"@type":"ImageObject","inLanguage":"en-US","@id":"https:\/\/gastronomicament.cat\/en\/#\/schema\/logo\/image\/","url":"https:\/\/gastronomicament.cat\/wp-content\/uploads\/2016\/09\/header-logo.jpg","contentUrl":"https:\/\/gastronomicament.cat\/wp-content\/uploads\/2016\/09\/header-logo.jpg","width":277,"height":39,"caption":"Gastronòmicament"},"image":{"@id":"https:\/\/gastronomicament.cat\/en\/#\/schema\/logo\/image\/"},"sameAs":["https:\/\/x.com\/gastronomicamen"]}]}</script>
<!-- / Yoast SEO plugin. -->

Gastronòmicament

Fundació Institut Català de la Cuina i de la Cultura Gastronòmica

Portal de restaurants, receptes i actualitat gastronòmica
