{"id":74221,"date":"2012-03-14T10:35:14","date_gmt":"2012-03-14T09:35:14","guid":{"rendered":"https:\/\/gastronomicament.cat\/restaurant\/restaurant-cafe-la-llonja"},"modified":"2023-10-05T14:30:58","modified_gmt":"2023-10-05T12:30:58","slug":"restaurant-cafe-la-llonja","status":"publish","type":"restaurant","link":"https:\/\/gastronomicament.cat\/en\/restaurant\/restaurant-cafe-la-llonja","title":{"rendered":"Caf\u00e8 La Llonja"},"content":{"rendered":"<p>L\u00b4ambientaci\u00f3 remet als caf\u00e8s de final del segle XIX i comen\u00e7ament del XX. T\u00e9 una sala per als que fumen i per als que no, on hi podreu tastar els seus famosos garrotins de magret d\u00b4\u00e0nec, de sobrassada amb mel, etc. De tapes, petites per\u00f2 bones, hi ha aladrocs, d\u00e0tils amb bacon, pebres del Padron, entre d\u00b4altres. Roman obert des del 1986, en el que era una ag\u00e8ncia de transports.<\/p>\n","protected":false},"excerpt":{"rendered":"<p>L\u00b4ambientaci\u00f3 remet als caf\u00e8s de final del segle XIX i comen\u00e7ament del XX. T\u00e9 una sala per als que fumen i per als que no, on hi podreu tastar els seus famosos garrotins de magret d\u00b4\u00e0nec, de sobrassada amb mel, etc. De tapes, petites per\u00f2 bones, hi ha aladrocs, d\u00e0tils amb bacon, pebres del Padron, [&hellip;]<\/p>\n","protected":false},"author":1,"featured_media":44823,"menu_order":0,"comment_status":"open","ping_status":"closed","template":"","format":"gallery","meta":{"_acf_changed":false,"_swt_meta_header_display":false,"_swt_meta_footer_display":false,"_swt_meta_site_title_display":false,"_swt_meta_sticky_header":false,"_swt_meta_transparent_header":false,"direccio":"Carrer de la Llonja del Mar, 6","telefon":"971 72 27 99","web":"","horari":"Obert de dilluns a dissabte","preumitja":"12-15 euros","observacions":"","footnotes":""},"categories":[],"destacatper":[],"especialitat":[1048],"localitat":[1246,1025],"coauthors":[],"class_list":["post-74221","restaurant","type-restaurant","status-publish","format-gallery","has-post-thumbnail","hentry","especialitat-tapes-en","localitat-la-llonja-palma-en","localitat-palma-en","preu-entre-10-i-20-euros-en"],"acf":{"gallery":null,"home_date":{"home_begin_date":null,"home_end_date":null}},"yoast_head":"<!-- This site is optimized with the Yoast SEO plugin v27.4 - https:\/\/yoast.com\/product\/yoast-seo-wordpress\/ -->\n<title>Caf\u00e8 La Llonja - Gastron\u00f2micament<\/title>\n<meta name=\"robots\" content=\"index, follow, max-snippet:-1, max-image-preview:large, max-video-preview:-1\" \/>\n<link rel=\"canonical\" href=\"https:\/\/gastronomicament.cat\/en\/restaurant\/restaurant-cafe-la-llonja\" \/>\n<meta property=\"og:locale\" content=\"en_US\" \/>\n<meta property=\"og:type\" content=\"article\" \/>\n<meta property=\"og:title\" content=\"Caf\u00e8 La Llonja - Gastron\u00f2micament\" \/>\n<meta property=\"og:description\" content=\"L\u00b4ambientaci\u00f3 remet als caf\u00e8s de final del segle XIX i comen\u00e7ament del XX. T\u00e9 una sala per als que fumen i per als que no, on hi podreu tastar els seus famosos garrotins de magret d\u00b4\u00e0nec, de sobrassada amb mel, etc. De tapes, petites per\u00f2 bones, hi ha aladrocs, d\u00e0tils amb bacon, pebres del Padron, [&hellip;]\" \/>\n<meta property=\"og:url\" content=\"https:\/\/gastronomicament.cat\/en\/restaurant\/restaurant-cafe-la-llonja\" \/>\n<meta property=\"og:site_name\" content=\"Gastron\u00f2micament\" \/>\n<meta property=\"article:modified_time\" content=\"2023-10-05T12:30:58+00:00\" \/>\n<meta property=\"og:image\" content=\"https:\/\/gastronomicament.cat\/wp-content\/uploads\/2012\/03\/111\/1118_original2.JPG\" \/>\n\t<meta property=\"og:image:width\" content=\"1000\" \/>\n\t<meta property=\"og:image:height\" content=\"750\" \/>\n\t<meta property=\"og:image:type\" content=\"image\/jpeg\" \/>\n<meta name=\"twitter:card\" content=\"summary_large_image\" \/>\n<meta name=\"twitter:site\" content=\"@gastronomicamen\" \/>\n<meta name=\"twitter:label1\" content=\"Written by\" \/>\n\t<meta name=\"twitter:data1\" content=\"Redacci\u00f3\" \/>\n<script type=\"application\/ld+json\" class=\"yoast-schema-graph\">{\"@context\":\"https:\\\/\\\/schema.org\",\"@graph\":[{\"@type\":\"WebPage\",\"@id\":\"https:\\\/\\\/gastronomicament.cat\\\/en\\\/restaurant\\\/restaurant-cafe-la-llonja\",\"url\":\"https:\\\/\\\/gastronomicament.cat\\\/en\\\/restaurant\\\/restaurant-cafe-la-llonja\",\"name\":\"Caf\u00e8 La Llonja - Gastron\u00f2micament\",\"isPartOf\":{\"@id\":\"https:\\\/\\\/gastronomicament.cat\\\/en\\\/#website\"},\"primaryImageOfPage\":{\"@id\":\"https:\\\/\\\/gastronomicament.cat\\\/en\\\/restaurant\\\/restaurant-cafe-la-llonja#primaryimage\"},\"image\":{\"@id\":\"https:\\\/\\\/gastronomicament.cat\\\/en\\\/restaurant\\\/restaurant-cafe-la-llonja#primaryimage\"},\"thumbnailUrl\":\"https:\\\/\\\/gastronomicament.cat\\\/wp-content\\\/uploads\\\/2012\\\/03\\\/111\\\/1118_original2.JPG\",\"datePublished\":\"2012-03-14T09:35:14+00:00\",\"dateModified\":\"2023-10-05T12:30:58+00:00\",\"breadcrumb\":{\"@id\":\"https:\\\/\\\/gastronomicament.cat\\\/en\\\/restaurant\\\/restaurant-cafe-la-llonja#breadcrumb\"},\"inLanguage\":\"en-US\",\"potentialAction\":[{\"@type\":\"ReadAction\",\"target\":[\"https:\\\/\\\/gastronomicament.cat\\\/en\\\/restaurant\\\/restaurant-cafe-la-llonja\"]}]},{\"@type\":\"ImageObject\",\"inLanguage\":\"en-US\",\"@id\":\"https:\\\/\\\/gastronomicament.cat\\\/en\\\/restaurant\\\/restaurant-cafe-la-llonja#primaryimage\",\"url\":\"https:\\\/\\\/gastronomicament.cat\\\/wp-content\\\/uploads\\\/2012\\\/03\\\/111\\\/1118_original2.JPG\",\"contentUrl\":\"https:\\\/\\\/gastronomicament.cat\\\/wp-content\\\/uploads\\\/2012\\\/03\\\/111\\\/1118_original2.JPG\",\"width\":1000,\"height\":750},{\"@type\":\"BreadcrumbList\",\"@id\":\"https:\\\/\\\/gastronomicament.cat\\\/en\\\/restaurant\\\/restaurant-cafe-la-llonja#breadcrumb\",\"itemListElement\":[{\"@type\":\"ListItem\",\"position\":1,\"name\":\"Restaurants\",\"item\":\"https:\\\/\\\/gastronomicament.cat\\\/en\\\/restaurants\"},{\"@type\":\"ListItem\",\"position\":2,\"name\":\"Caf\u00e8 La Llonja\"}]},{\"@type\":\"WebSite\",\"@id\":\"https:\\\/\\\/gastronomicament.cat\\\/en\\\/#website\",\"url\":\"https:\\\/\\\/gastronomicament.cat\\\/en\\\/\",\"name\":\"Gastron\u00f2micament\",\"description\":\"Portal de restaurants, receptes i actualitat gastron\u00f2mica\",\"publisher\":{\"@id\":\"https:\\\/\\\/gastronomicament.cat\\\/en\\\/#organization\"},\"potentialAction\":[{\"@type\":\"SearchAction\",\"target\":{\"@type\":\"EntryPoint\",\"urlTemplate\":\"https:\\\/\\\/gastronomicament.cat\\\/en\\\/?s={search_term_string}\"},\"query-input\":{\"@type\":\"PropertyValueSpecification\",\"valueRequired\":true,\"valueName\":\"search_term_string\"}}],\"inLanguage\":\"en-US\"},{\"@type\":\"Organization\",\"@id\":\"https:\\\/\\\/gastronomicament.cat\\\/en\\\/#organization\",\"name\":\"Gastron\u00f2micament\",\"url\":\"https:\\\/\\\/gastronomicament.cat\\\/en\\\/\",\"logo\":{\"@type\":\"ImageObject\",\"inLanguage\":\"en-US\",\"@id\":\"https:\\\/\\\/gastronomicament.cat\\\/en\\\/#\\\/schema\\\/logo\\\/image\\\/\",\"url\":\"https:\\\/\\\/gastronomicament.cat\\\/wp-content\\\/uploads\\\/2016\\\/09\\\/header-logo.jpg\",\"contentUrl\":\"https:\\\/\\\/gastronomicament.cat\\\/wp-content\\\/uploads\\\/2016\\\/09\\\/header-logo.jpg\",\"width\":277,\"height\":39,\"caption\":\"Gastron\u00f2micament\"},\"image\":{\"@id\":\"https:\\\/\\\/gastronomicament.cat\\\/en\\\/#\\\/schema\\\/logo\\\/image\\\/\"},\"sameAs\":[\"https:\\\/\\\/x.com\\\/gastronomicamen\"]}]}<\/script>\n<!-- \/ Yoast SEO plugin. -->","yoast_head_json":{"title":"Caf\u00e8 La Llonja - Gastron\u00f2micament","robots":{"index":"index","follow":"follow","max-snippet":"max-snippet:-1","max-image-preview":"max-image-preview:large","max-video-preview":"max-video-preview:-1"},"canonical":"https:\/\/gastronomicament.cat\/en\/restaurant\/restaurant-cafe-la-llonja","og_locale":"en_US","og_type":"article","og_title":"Caf\u00e8 La Llonja - Gastron\u00f2micament","og_description":"L\u00b4ambientaci\u00f3 remet als caf\u00e8s de final del segle XIX i comen\u00e7ament del XX. T\u00e9 una sala per als que fumen i per als que no, on hi podreu tastar els seus famosos garrotins de magret d\u00b4\u00e0nec, de sobrassada amb mel, etc. De tapes, petites per\u00f2 bones, hi ha aladrocs, d\u00e0tils amb bacon, pebres del Padron, [&hellip;]","og_url":"https:\/\/gastronomicament.cat\/en\/restaurant\/restaurant-cafe-la-llonja","og_site_name":"Gastron\u00f2micament","article_modified_time":"2023-10-05T12:30:58+00:00","og_image":[{"width":1000,"height":750,"url":"https:\/\/gastronomicament.cat\/wp-content\/uploads\/2012\/03\/111\/1118_original2.JPG","type":"image\/jpeg"}],"twitter_card":"summary_large_image","twitter_site":"@gastronomicamen","twitter_misc":{"Written by":"Redacci\u00f3"},"schema":{"@context":"https:\/\/schema.org","@graph":[{"@type":"WebPage","@id":"https:\/\/gastronomicament.cat\/en\/restaurant\/restaurant-cafe-la-llonja","url":"https:\/\/gastronomicament.cat\/en\/restaurant\/restaurant-cafe-la-llonja","name":"Caf\u00e8 La Llonja - Gastron\u00f2micament","isPartOf":{"@id":"https:\/\/gastronomicament.cat\/en\/#website"},"primaryImageOfPage":{"@id":"https:\/\/gastronomicament.cat\/en\/restaurant\/restaurant-cafe-la-llonja#primaryimage"},"image":{"@id":"https:\/\/gastronomicament.cat\/en\/restaurant\/restaurant-cafe-la-llonja#primaryimage"},"thumbnailUrl":"https:\/\/gastronomicament.cat\/wp-content\/uploads\/2012\/03\/111\/1118_original2.JPG","datePublished":"2012-03-14T09:35:14+00:00","dateModified":"2023-10-05T12:30:58+00:00","breadcrumb":{"@id":"https:\/\/gastronomicament.cat\/en\/restaurant\/restaurant-cafe-la-llonja#breadcrumb"},"inLanguage":"en-US","potentialAction":[{"@type":"ReadAction","target":["https:\/\/gastronomicament.cat\/en\/restaurant\/restaurant-cafe-la-llonja"]}]},{"@type":"ImageObject","inLanguage":"en-US","@id":"https:\/\/gastronomicament.cat\/en\/restaurant\/restaurant-cafe-la-llonja#primaryimage","url":"https:\/\/gastronomicament.cat\/wp-content\/uploads\/2012\/03\/111\/1118_original2.JPG","contentUrl":"https:\/\/gastronomicament.cat\/wp-content\/uploads\/2012\/03\/111\/1118_original2.JPG","width":1000,"height":750},{"@type":"BreadcrumbList","@id":"https:\/\/gastronomicament.cat\/en\/restaurant\/restaurant-cafe-la-llonja#breadcrumb","itemListElement":[{"@type":"ListItem","position":1,"name":"Restaurants","item":"https:\/\/gastronomicament.cat\/en\/restaurants"},{"@type":"ListItem","position":2,"name":"Caf\u00e8 La Llonja"}]},{"@type":"WebSite","@id":"https:\/\/gastronomicament.cat\/en\/#website","url":"https:\/\/gastronomicament.cat\/en\/","name":"Gastron\u00f2micament","description":"Portal de restaurants, receptes i actualitat gastron\u00f2mica","publisher":{"@id":"https:\/\/gastronomicament.cat\/en\/#organization"},"potentialAction":[{"@type":"SearchAction","target":{"@type":"EntryPoint","urlTemplate":"https:\/\/gastronomicament.cat\/en\/?s={search_term_string}"},"query-input":{"@type":"PropertyValueSpecification","valueRequired":true,"valueName":"search_term_string"}}],"inLanguage":"en-US"},{"@type":"Organization","@id":"https:\/\/gastronomicament.cat\/en\/#organization","name":"Gastron\u00f2micament","url":"https:\/\/gastronomicament.cat\/en\/","logo":{"@type":"ImageObject","inLanguage":"en-US","@id":"https:\/\/gastronomicament.cat\/en\/#\/schema\/logo\/image\/","url":"https:\/\/gastronomicament.cat\/wp-content\/uploads\/2016\/09\/header-logo.jpg","contentUrl":"https:\/\/gastronomicament.cat\/wp-content\/uploads\/2016\/09\/header-logo.jpg","width":277,"height":39,"caption":"Gastron\u00f2micament"},"image":{"@id":"https:\/\/gastronomicament.cat\/en\/#\/schema\/logo\/image\/"},"sameAs":["https:\/\/x.com\/gastronomicamen"]}]}},"_links":{"self":[{"href":"https:\/\/gastronomicament.cat\/en\/wp-json\/wp\/v2\/restaurant\/74221","targetHints":{"allow":["GET"]}}],"collection":[{"href":"https:\/\/gastronomicament.cat\/en\/wp-json\/wp\/v2\/restaurant"}],"about":[{"href":"https:\/\/gastronomicament.cat\/en\/wp-json\/wp\/v2\/types\/restaurant"}],"author":[{"embeddable":true,"href":"https:\/\/gastronomicament.cat\/en\/wp-json\/wp\/v2\/users\/1"}],"replies":[{"embeddable":true,"href":"https:\/\/gastronomicament.cat\/en\/wp-json\/wp\/v2\/comments?post=74221"}],"version-history":[{"count":0,"href":"https:\/\/gastronomicament.cat\/en\/wp-json\/wp\/v2\/restaurant\/74221\/revisions"}],"wp:featuredmedia":[{"embeddable":true,"href":"https:\/\/gastronomicament.cat\/en\/wp-json\/wp\/v2\/media\/44823"}],"wp:attachment":[{"href":"https:\/\/gastronomicament.cat\/en\/wp-json\/wp\/v2\/media?parent=74221"}],"wp:term":[{"taxonomy":"category","embeddable":true,"href":"https:\/\/gastronomicament.cat\/en\/wp-json\/wp\/v2\/categories?post=74221"},{"taxonomy":"destacatper","embeddable":true,"href":"https:\/\/gastronomicament.cat\/en\/wp-json\/wp\/v2\/destacatper?post=74221"},{"taxonomy":"especialitat","embeddable":true,"href":"https:\/\/gastronomicament.cat\/en\/wp-json\/wp\/v2\/especialitat?post=74221"},{"taxonomy":"localitat","embeddable":true,"href":"https:\/\/gastronomicament.cat\/en\/wp-json\/wp\/v2\/localitat?post=74221"},{"taxonomy":"author","embeddable":true,"href":"https:\/\/gastronomicament.cat\/en\/wp-json\/wp\/v2\/coauthors?post=74221"}],"curies":[{"name":"wp","href":"https:\/\/api.w.org\/{rel}","templated":true}]}}

Cafè La Llonja

<p>L´ambientació remet als cafès de final del segle XIX i començament del XX. Té una sala per als que fumen i per als que no, on hi podreu tastar els seus famosos garrotins de magret d´ànec, de sobrassada amb mel, etc. De tapes, petites però bones, hi ha aladrocs, dàtils amb bacon, pebres del Padron, entre d´altres. Roman obert des del 1986, en el que era una agència de transports.</p>

<p>L´ambientació remet als cafès de final del segle XIX i començament del XX. Té una sala per als que fumen i per als que no, on hi podreu tastar els seus famosos garrotins de magret d´ànec, de sobrassada amb mel, etc. De tapes, petites però bones, hi ha aladrocs, dàtils amb bacon, pebres del Padron, [&hellip;]</p>

<!-- This site is optimized with the Yoast SEO plugin v27.4 - https://yoast.com/product/yoast-seo-wordpress/ -->
<title>Cafè La Llonja - Gastronòmicament</title>
<meta name="robots" content="index, follow, max-snippet:-1, max-image-preview:large, max-video-preview:-1" />
<link rel="canonical" href="https://gastronomicament.cat/en/restaurant/restaurant-cafe-la-llonja" />
<meta property="og:locale" content="en_US" />
<meta property="og:type" content="article" />
<meta property="og:title" content="Cafè La Llonja - Gastronòmicament" />
<meta property="og:description" content="L´ambientació remet als cafès de final del segle XIX i començament del XX. Té una sala per als que fumen i per als que no, on hi podreu tastar els seus famosos garrotins de magret d´ànec, de sobrassada amb mel, etc. De tapes, petites però bones, hi ha aladrocs, dàtils amb bacon, pebres del Padron, [&hellip;]" />
<meta property="og:url" content="https://gastronomicament.cat/en/restaurant/restaurant-cafe-la-llonja" />
<meta property="og:site_name" content="Gastronòmicament" />
<meta property="article:modified_time" content="2023-10-05T12:30:58+00:00" />
<meta property="og:image" content="https://gastronomicament.cat/wp-content/uploads/2012/03/111/1118_original2.JPG" />
	<meta property="og:image:width" content="1000" />
	<meta property="og:image:height" content="750" />
	<meta property="og:image:type" content="image/jpeg" />
<meta name="twitter:card" content="summary_large_image" />
<meta name="twitter:site" content="@gastronomicamen" />
<meta name="twitter:label1" content="Written by" />
	<meta name="twitter:data1" content="Redacció" />
<script type="application/ld+json" class="yoast-schema-graph">{"@context":"https:\/\/schema.org","@graph":[{"@type":"WebPage","@id":"https:\/\/gastronomicament.cat\/en\/restaurant\/restaurant-cafe-la-llonja","url":"https:\/\/gastronomicament.cat\/en\/restaurant\/restaurant-cafe-la-llonja","name":"Cafè La Llonja - Gastronòmicament","isPartOf":{"@id":"https:\/\/gastronomicament.cat\/en\/#website"},"primaryImageOfPage":{"@id":"https:\/\/gastronomicament.cat\/en\/restaurant\/restaurant-cafe-la-llonja#primaryimage"},"image":{"@id":"https:\/\/gastronomicament.cat\/en\/restaurant\/restaurant-cafe-la-llonja#primaryimage"},"thumbnailUrl":"https:\/\/gastronomicament.cat\/wp-content\/uploads\/2012\/03\/111\/1118_original2.JPG","datePublished":"2012-03-14T09:35:14+00:00","dateModified":"2023-10-05T12:30:58+00:00","breadcrumb":{"@id":"https:\/\/gastronomicament.cat\/en\/restaurant\/restaurant-cafe-la-llonja#breadcrumb"},"inLanguage":"en-US","potentialAction":[{"@type":"ReadAction","target":["https:\/\/gastronomicament.cat\/en\/restaurant\/restaurant-cafe-la-llonja"]}]},{"@type":"ImageObject","inLanguage":"en-US","@id":"https:\/\/gastronomicament.cat\/en\/restaurant\/restaurant-cafe-la-llonja#primaryimage","url":"https:\/\/gastronomicament.cat\/wp-content\/uploads\/2012\/03\/111\/1118_original2.JPG","contentUrl":"https:\/\/gastronomicament.cat\/wp-content\/uploads\/2012\/03\/111\/1118_original2.JPG","width":1000,"height":750},{"@type":"BreadcrumbList","@id":"https:\/\/gastronomicament.cat\/en\/restaurant\/restaurant-cafe-la-llonja#breadcrumb","itemListElement":[{"@type":"ListItem","position":1,"name":"Restaurants","item":"https:\/\/gastronomicament.cat\/en\/restaurants"},{"@type":"ListItem","position":2,"name":"Cafè La Llonja"}]},{"@type":"WebSite","@id":"https:\/\/gastronomicament.cat\/en\/#website","url":"https:\/\/gastronomicament.cat\/en\/","name":"Gastronòmicament","description":"Portal de restaurants, receptes i actualitat gastronòmica","publisher":{"@id":"https:\/\/gastronomicament.cat\/en\/#organization"},"potentialAction":[{"@type":"SearchAction","target":{"@type":"EntryPoint","urlTemplate":"https:\/\/gastronomicament.cat\/en\/?s={search_term_string}"},"query-input":{"@type":"PropertyValueSpecification","valueRequired":true,"valueName":"search_term_string"}}],"inLanguage":"en-US"},{"@type":"Organization","@id":"https:\/\/gastronomicament.cat\/en\/#organization","name":"Gastronòmicament","url":"https:\/\/gastronomicament.cat\/en\/","logo":{"@type":"ImageObject","inLanguage":"en-US","@id":"https:\/\/gastronomicament.cat\/en\/#\/schema\/logo\/image\/","url":"https:\/\/gastronomicament.cat\/wp-content\/uploads\/2016\/09\/header-logo.jpg","contentUrl":"https:\/\/gastronomicament.cat\/wp-content\/uploads\/2016\/09\/header-logo.jpg","width":277,"height":39,"caption":"Gastronòmicament"},"image":{"@id":"https:\/\/gastronomicament.cat\/en\/#\/schema\/logo\/image\/"},"sameAs":["https:\/\/x.com\/gastronomicamen"]}]}</script>
<!-- / Yoast SEO plugin. -->

Cafè La Llonja - Gastronòmicament

L´ambientació remet als cafès de final del segle XIX i començament del XX. Té una sala per als que fumen i per als que no, on hi podreu tastar els seus famosos garrotins de magret d´ànec, de sobrassada amb mel, etc. De tapes, petites però bones, hi ha aladrocs, dàtils amb bacon, pebres del Padron, [&hellip;]

Gastronòmicament

Redacció

Portal de restaurants, receptes i actualitat gastronòmica
