{"id":80355,"date":"2023-01-10T10:46:18","date_gmt":"2023-01-10T09:46:18","guid":{"rendered":"https:\/\/gastronomicament.cat\/restaurant\/ramen-otaku"},"modified":"2023-10-04T14:12:38","modified_gmt":"2023-10-04T12:12:38","slug":"ramen-otaku","status":"publish","type":"restaurant","link":"https:\/\/gastronomicament.cat\/en\/restaurant\/ramen-otaku","title":{"rendered":"Ramen Otaku"},"content":{"rendered":"<p>El restaurant<strong>\u00a0Ramen Otak<\/strong>u es troba al centre de Palma. Com el seu nom indica, est\u00e0 especialitzat en ramen, \u00e9s a dir, en sopa de fideus. Tot i que \u00e9s un plat xin\u00e8s, tamb\u00e9 es troba a la cultura japonesa, d&#8217;on s&#8217;ha fet popular a Europa especialment gr\u00e0cies als c\u00f2mics manga.<\/p>\n<p>El secret del ramen s\u00f3n les hores de cocci\u00f3 del brou. A Ramen Otaku, en trobareu de diferents, com ara el ramen Tonkotsu, fet amb carn de porc, amb una cocci\u00f3 de 24 hores, que es cuina amb gingebre, ou bullit i oli d&#8217;all negre. Tamb\u00e9 n&#8217;hi ha de vegetarians, amb tom\u00e0tigues seques, bolets i carabassa. A m\u00e9s de ramen, tamb\u00e9 hi fan crestes japoneses (giozes) i gambes arrebossades, entre d&#8217;altres propostes.<\/p>\n<p>El\u00a0<strong>creador\u00a0<\/strong>d&#8217;aquest restaurant \u00e9s l&#8217;alemany<strong>\u00a0Bjoern Heibuelt<\/strong>, que va quedar enamorat del ramen despr\u00e9s de viatjar al Jap\u00f3 amb son pare, un cuiner amb estrella Michelin. Anys m\u00e9s tard, volia crear el seu propi restaurant de ramen, per aix\u00f2, es va formar al Jap\u00f3, concretament a T\u00f2quio, en una escola de ramen, amb un dels cuiners del grup\u00a0Rajuko Lab. Despr\u00e9s d&#8217;aquesta fase, l&#8217;any\u00a0<strong>2019<\/strong>, va obrir les portes del restaurant Ramen Otaku a Palma.<\/p>\n","protected":false},"excerpt":{"rendered":"<p>El restaurant\u00a0Ramen Otaku es troba al centre de Palma. Com el seu nom indica, est\u00e0 especialitzat&hellip;<\/p>\n","protected":false},"author":1,"featured_media":80339,"menu_order":0,"comment_status":"open","ping_status":"closed","template":"","format":"gallery","meta":{"_acf_changed":false,"_swt_meta_header_display":false,"_swt_meta_footer_display":false,"_swt_meta_site_title_display":false,"_swt_meta_sticky_header":false,"_swt_meta_transparent_header":false,"direccio":"C\/ de la Volta de la Merc\u00e8, 2\r\n","telefon":"871 02 25 18","web":"","horari":"[:ca]Obert de dilluns a dissabte[:en]Open from Monday to Saturday[:es]Abierto de lunes a s\u00e1bado[:de]Ge\u00f6ffnet von Montag bis Samstag\r\n","preumitja":"","observacions":"","footnotes":""},"categories":[1020],"destacatper":[],"especialitat":[1141],"localitat":[1059,1024,1025],"coauthors":[2053],"class_list":["post-80355","restaurant","type-restaurant","status-publish","format-gallery","has-post-thumbnail","hentry","category-restaurants-es-en","especialitat-cuina-japonesa-en","localitat-centre-palma-en","localitat-mallorca-en","localitat-palma-en","preu-entre-20-i-30-euros-en"],"acf":{"gallery":null,"home_date":{"home_begin_date":null,"home_end_date":null}},"yoast_head":"<!-- This site is optimized with the Yoast SEO plugin v27.4 - https:\/\/yoast.com\/product\/yoast-seo-wordpress\/ -->\n<title>Ramen Otaku - Gastron\u00f2micament<\/title>\n<meta name=\"robots\" content=\"index, follow, max-snippet:-1, max-image-preview:large, max-video-preview:-1\" \/>\n<link rel=\"canonical\" href=\"https:\/\/gastronomicament.cat\/en\/restaurant\/ramen-otaku\" \/>\n<meta property=\"og:locale\" content=\"en_US\" \/>\n<meta property=\"og:type\" content=\"article\" \/>\n<meta property=\"og:title\" content=\"Ramen Otaku - Gastron\u00f2micament\" \/>\n<meta property=\"og:description\" content=\"El restaurant\u00a0Ramen Otaku es troba al centre de Palma. Com el seu nom indica, est\u00e0 especialitzat&hellip;\" \/>\n<meta property=\"og:url\" content=\"https:\/\/gastronomicament.cat\/en\/restaurant\/ramen-otaku\" \/>\n<meta property=\"og:site_name\" content=\"Gastron\u00f2micament\" \/>\n<meta property=\"article:modified_time\" content=\"2023-10-04T12:12:38+00:00\" \/>\n<meta property=\"og:image\" content=\"https:\/\/gastronomicament.cat\/wp-content\/uploads\/2023\/01\/Ramen-Otaku-Palma.jpg\" \/>\n\t<meta property=\"og:image:width\" content=\"1800\" \/>\n\t<meta property=\"og:image:height\" content=\"1350\" \/>\n\t<meta property=\"og:image:type\" content=\"image\/jpeg\" \/>\n<meta name=\"twitter:card\" content=\"summary_large_image\" \/>\n<meta name=\"twitter:site\" content=\"@gastronomicamen\" \/>\n<meta name=\"twitter:label1\" content=\"Est. reading time\" \/>\n\t<meta name=\"twitter:data1\" content=\"2 minutes\" \/>\n\t<meta name=\"twitter:label2\" content=\"Written by\" \/>\n\t<meta name=\"twitter:data2\" content=\"Redacci\u00f3\" \/>\n<script type=\"application\/ld+json\" class=\"yoast-schema-graph\">{\"@context\":\"https:\\\/\\\/schema.org\",\"@graph\":[{\"@type\":\"WebPage\",\"@id\":\"https:\\\/\\\/gastronomicament.cat\\\/en\\\/restaurant\\\/ramen-otaku\",\"url\":\"https:\\\/\\\/gastronomicament.cat\\\/en\\\/restaurant\\\/ramen-otaku\",\"name\":\"Ramen Otaku - Gastron\u00f2micament\",\"isPartOf\":{\"@id\":\"https:\\\/\\\/gastronomicament.cat\\\/en\\\/#website\"},\"primaryImageOfPage\":{\"@id\":\"https:\\\/\\\/gastronomicament.cat\\\/en\\\/restaurant\\\/ramen-otaku#primaryimage\"},\"image\":{\"@id\":\"https:\\\/\\\/gastronomicament.cat\\\/en\\\/restaurant\\\/ramen-otaku#primaryimage\"},\"thumbnailUrl\":\"https:\\\/\\\/gastronomicament.cat\\\/wp-content\\\/uploads\\\/2023\\\/01\\\/Ramen-Otaku-Palma.jpg\",\"datePublished\":\"2023-01-10T09:46:18+00:00\",\"dateModified\":\"2023-10-04T12:12:38+00:00\",\"breadcrumb\":{\"@id\":\"https:\\\/\\\/gastronomicament.cat\\\/en\\\/restaurant\\\/ramen-otaku#breadcrumb\"},\"inLanguage\":\"en-US\",\"potentialAction\":[{\"@type\":\"ReadAction\",\"target\":[\"https:\\\/\\\/gastronomicament.cat\\\/en\\\/restaurant\\\/ramen-otaku\"]}]},{\"@type\":\"ImageObject\",\"inLanguage\":\"en-US\",\"@id\":\"https:\\\/\\\/gastronomicament.cat\\\/en\\\/restaurant\\\/ramen-otaku#primaryimage\",\"url\":\"https:\\\/\\\/gastronomicament.cat\\\/wp-content\\\/uploads\\\/2023\\\/01\\\/Ramen-Otaku-Palma.jpg\",\"contentUrl\":\"https:\\\/\\\/gastronomicament.cat\\\/wp-content\\\/uploads\\\/2023\\\/01\\\/Ramen-Otaku-Palma.jpg\",\"width\":1800,\"height\":1350},{\"@type\":\"BreadcrumbList\",\"@id\":\"https:\\\/\\\/gastronomicament.cat\\\/en\\\/restaurant\\\/ramen-otaku#breadcrumb\",\"itemListElement\":[{\"@type\":\"ListItem\",\"position\":1,\"name\":\"Restaurants\",\"item\":\"https:\\\/\\\/gastronomicament.cat\\\/en\\\/restaurants\"},{\"@type\":\"ListItem\",\"position\":2,\"name\":\"Ramen Otaku\"}]},{\"@type\":\"WebSite\",\"@id\":\"https:\\\/\\\/gastronomicament.cat\\\/en\\\/#website\",\"url\":\"https:\\\/\\\/gastronomicament.cat\\\/en\\\/\",\"name\":\"Gastron\u00f2micament\",\"description\":\"Portal de restaurants, receptes i actualitat gastron\u00f2mica\",\"publisher\":{\"@id\":\"https:\\\/\\\/gastronomicament.cat\\\/en\\\/#organization\"},\"potentialAction\":[{\"@type\":\"SearchAction\",\"target\":{\"@type\":\"EntryPoint\",\"urlTemplate\":\"https:\\\/\\\/gastronomicament.cat\\\/en\\\/?s={search_term_string}\"},\"query-input\":{\"@type\":\"PropertyValueSpecification\",\"valueRequired\":true,\"valueName\":\"search_term_string\"}}],\"inLanguage\":\"en-US\"},{\"@type\":\"Organization\",\"@id\":\"https:\\\/\\\/gastronomicament.cat\\\/en\\\/#organization\",\"name\":\"Gastron\u00f2micament\",\"url\":\"https:\\\/\\\/gastronomicament.cat\\\/en\\\/\",\"logo\":{\"@type\":\"ImageObject\",\"inLanguage\":\"en-US\",\"@id\":\"https:\\\/\\\/gastronomicament.cat\\\/en\\\/#\\\/schema\\\/logo\\\/image\\\/\",\"url\":\"https:\\\/\\\/gastronomicament.cat\\\/wp-content\\\/uploads\\\/2016\\\/09\\\/header-logo.jpg\",\"contentUrl\":\"https:\\\/\\\/gastronomicament.cat\\\/wp-content\\\/uploads\\\/2016\\\/09\\\/header-logo.jpg\",\"width\":277,\"height\":39,\"caption\":\"Gastron\u00f2micament\"},\"image\":{\"@id\":\"https:\\\/\\\/gastronomicament.cat\\\/en\\\/#\\\/schema\\\/logo\\\/image\\\/\"},\"sameAs\":[\"https:\\\/\\\/x.com\\\/gastronomicamen\"]}]}<\/script>\n<!-- \/ Yoast SEO plugin. -->","yoast_head_json":{"title":"Ramen Otaku - Gastron\u00f2micament","robots":{"index":"index","follow":"follow","max-snippet":"max-snippet:-1","max-image-preview":"max-image-preview:large","max-video-preview":"max-video-preview:-1"},"canonical":"https:\/\/gastronomicament.cat\/en\/restaurant\/ramen-otaku","og_locale":"en_US","og_type":"article","og_title":"Ramen Otaku - Gastron\u00f2micament","og_description":"El restaurant\u00a0Ramen Otaku es troba al centre de Palma. Com el seu nom indica, est\u00e0 especialitzat&hellip;","og_url":"https:\/\/gastronomicament.cat\/en\/restaurant\/ramen-otaku","og_site_name":"Gastron\u00f2micament","article_modified_time":"2023-10-04T12:12:38+00:00","og_image":[{"width":1800,"height":1350,"url":"https:\/\/gastronomicament.cat\/wp-content\/uploads\/2023\/01\/Ramen-Otaku-Palma.jpg","type":"image\/jpeg"}],"twitter_card":"summary_large_image","twitter_site":"@gastronomicamen","twitter_misc":{"Est. reading time":"2 minutes","Written by":"Redacci\u00f3"},"schema":{"@context":"https:\/\/schema.org","@graph":[{"@type":"WebPage","@id":"https:\/\/gastronomicament.cat\/en\/restaurant\/ramen-otaku","url":"https:\/\/gastronomicament.cat\/en\/restaurant\/ramen-otaku","name":"Ramen Otaku - Gastron\u00f2micament","isPartOf":{"@id":"https:\/\/gastronomicament.cat\/en\/#website"},"primaryImageOfPage":{"@id":"https:\/\/gastronomicament.cat\/en\/restaurant\/ramen-otaku#primaryimage"},"image":{"@id":"https:\/\/gastronomicament.cat\/en\/restaurant\/ramen-otaku#primaryimage"},"thumbnailUrl":"https:\/\/gastronomicament.cat\/wp-content\/uploads\/2023\/01\/Ramen-Otaku-Palma.jpg","datePublished":"2023-01-10T09:46:18+00:00","dateModified":"2023-10-04T12:12:38+00:00","breadcrumb":{"@id":"https:\/\/gastronomicament.cat\/en\/restaurant\/ramen-otaku#breadcrumb"},"inLanguage":"en-US","potentialAction":[{"@type":"ReadAction","target":["https:\/\/gastronomicament.cat\/en\/restaurant\/ramen-otaku"]}]},{"@type":"ImageObject","inLanguage":"en-US","@id":"https:\/\/gastronomicament.cat\/en\/restaurant\/ramen-otaku#primaryimage","url":"https:\/\/gastronomicament.cat\/wp-content\/uploads\/2023\/01\/Ramen-Otaku-Palma.jpg","contentUrl":"https:\/\/gastronomicament.cat\/wp-content\/uploads\/2023\/01\/Ramen-Otaku-Palma.jpg","width":1800,"height":1350},{"@type":"BreadcrumbList","@id":"https:\/\/gastronomicament.cat\/en\/restaurant\/ramen-otaku#breadcrumb","itemListElement":[{"@type":"ListItem","position":1,"name":"Restaurants","item":"https:\/\/gastronomicament.cat\/en\/restaurants"},{"@type":"ListItem","position":2,"name":"Ramen Otaku"}]},{"@type":"WebSite","@id":"https:\/\/gastronomicament.cat\/en\/#website","url":"https:\/\/gastronomicament.cat\/en\/","name":"Gastron\u00f2micament","description":"Portal de restaurants, receptes i actualitat gastron\u00f2mica","publisher":{"@id":"https:\/\/gastronomicament.cat\/en\/#organization"},"potentialAction":[{"@type":"SearchAction","target":{"@type":"EntryPoint","urlTemplate":"https:\/\/gastronomicament.cat\/en\/?s={search_term_string}"},"query-input":{"@type":"PropertyValueSpecification","valueRequired":true,"valueName":"search_term_string"}}],"inLanguage":"en-US"},{"@type":"Organization","@id":"https:\/\/gastronomicament.cat\/en\/#organization","name":"Gastron\u00f2micament","url":"https:\/\/gastronomicament.cat\/en\/","logo":{"@type":"ImageObject","inLanguage":"en-US","@id":"https:\/\/gastronomicament.cat\/en\/#\/schema\/logo\/image\/","url":"https:\/\/gastronomicament.cat\/wp-content\/uploads\/2016\/09\/header-logo.jpg","contentUrl":"https:\/\/gastronomicament.cat\/wp-content\/uploads\/2016\/09\/header-logo.jpg","width":277,"height":39,"caption":"Gastron\u00f2micament"},"image":{"@id":"https:\/\/gastronomicament.cat\/en\/#\/schema\/logo\/image\/"},"sameAs":["https:\/\/x.com\/gastronomicamen"]}]}},"_links":{"self":[{"href":"https:\/\/gastronomicament.cat\/en\/wp-json\/wp\/v2\/restaurant\/80355","targetHints":{"allow":["GET"]}}],"collection":[{"href":"https:\/\/gastronomicament.cat\/en\/wp-json\/wp\/v2\/restaurant"}],"about":[{"href":"https:\/\/gastronomicament.cat\/en\/wp-json\/wp\/v2\/types\/restaurant"}],"author":[{"embeddable":true,"href":"https:\/\/gastronomicament.cat\/en\/wp-json\/wp\/v2\/users\/1"}],"replies":[{"embeddable":true,"href":"https:\/\/gastronomicament.cat\/en\/wp-json\/wp\/v2\/comments?post=80355"}],"version-history":[{"count":0,"href":"https:\/\/gastronomicament.cat\/en\/wp-json\/wp\/v2\/restaurant\/80355\/revisions"}],"wp:featuredmedia":[{"embeddable":true,"href":"https:\/\/gastronomicament.cat\/en\/wp-json\/wp\/v2\/media\/80339"}],"wp:attachment":[{"href":"https:\/\/gastronomicament.cat\/en\/wp-json\/wp\/v2\/media?parent=80355"}],"wp:term":[{"taxonomy":"category","embeddable":true,"href":"https:\/\/gastronomicament.cat\/en\/wp-json\/wp\/v2\/categories?post=80355"},{"taxonomy":"destacatper","embeddable":true,"href":"https:\/\/gastronomicament.cat\/en\/wp-json\/wp\/v2\/destacatper?post=80355"},{"taxonomy":"especialitat","embeddable":true,"href":"https:\/\/gastronomicament.cat\/en\/wp-json\/wp\/v2\/especialitat?post=80355"},{"taxonomy":"localitat","embeddable":true,"href":"https:\/\/gastronomicament.cat\/en\/wp-json\/wp\/v2\/localitat?post=80355"},{"taxonomy":"author","embeddable":true,"href":"https:\/\/gastronomicament.cat\/en\/wp-json\/wp\/v2\/coauthors?post=80355"}],"curies":[{"name":"wp","href":"https:\/\/api.w.org\/{rel}","templated":true}]}}

<p>El restaurant<strong> Ramen Otak</strong>u es troba al centre de Palma. Com el seu nom indica, està especialitzat en ramen, és a dir, en sopa de fideus. Tot i que és un plat xinès, també es troba a la cultura japonesa, d&#8217;on s&#8217;ha fet popular a Europa especialment gràcies als còmics manga.</p>
<p>El secret del ramen són les hores de cocció del brou. A Ramen Otaku, en trobareu de diferents, com ara el ramen Tonkotsu, fet amb carn de porc, amb una cocció de 24 hores, que es cuina amb gingebre, ou bullit i oli d&#8217;all negre. També n&#8217;hi ha de vegetarians, amb tomàtigues seques, bolets i carabassa. A més de ramen, també hi fan crestes japoneses (giozes) i gambes arrebossades, entre d&#8217;altres propostes.</p>
<p>El <strong>creador </strong>d&#8217;aquest restaurant és l&#8217;alemany<strong> Bjoern Heibuelt</strong>, que va quedar enamorat del ramen després de viatjar al Japó amb son pare, un cuiner amb estrella Michelin. Anys més tard, volia crear el seu propi restaurant de ramen, per això, es va formar al Japó, concretament a Tòquio, en una escola de ramen, amb un dels cuiners del grup Rajuko Lab. Després d&#8217;aquesta fase, l&#8217;any <strong>2019</strong>, va obrir les portes del restaurant Ramen Otaku a Palma.</p>

<p>El restaurant Ramen Otaku es troba al centre de Palma. Com el seu nom indica, està especialitzat&hellip;</p>

C/ de la Volta de la Mercè, 2

[:ca]Obert de dilluns a dissabte[:en]Open from Monday to Saturday[:es]Abierto de lunes a sábado[:de]Geöffnet von Montag bis Samstag

<!-- This site is optimized with the Yoast SEO plugin v27.4 - https://yoast.com/product/yoast-seo-wordpress/ -->
<title>Ramen Otaku - Gastronòmicament</title>
<meta name="robots" content="index, follow, max-snippet:-1, max-image-preview:large, max-video-preview:-1" />
<link rel="canonical" href="https://gastronomicament.cat/en/restaurant/ramen-otaku" />
<meta property="og:locale" content="en_US" />
<meta property="og:type" content="article" />
<meta property="og:title" content="Ramen Otaku - Gastronòmicament" />
<meta property="og:description" content="El restaurant Ramen Otaku es troba al centre de Palma. Com el seu nom indica, està especialitzat&hellip;" />
<meta property="og:url" content="https://gastronomicament.cat/en/restaurant/ramen-otaku" />
<meta property="og:site_name" content="Gastronòmicament" />
<meta property="article:modified_time" content="2023-10-04T12:12:38+00:00" />
<meta property="og:image" content="https://gastronomicament.cat/wp-content/uploads/2023/01/Ramen-Otaku-Palma.jpg" />
	<meta property="og:image:width" content="1800" />
	<meta property="og:image:height" content="1350" />
	<meta property="og:image:type" content="image/jpeg" />
<meta name="twitter:card" content="summary_large_image" />
<meta name="twitter:site" content="@gastronomicamen" />
<meta name="twitter:label1" content="Est. reading time" />
	<meta name="twitter:data1" content="2 minutes" />
	<meta name="twitter:label2" content="Written by" />
	<meta name="twitter:data2" content="Redacció" />
<script type="application/ld+json" class="yoast-schema-graph">{"@context":"https:\/\/schema.org","@graph":[{"@type":"WebPage","@id":"https:\/\/gastronomicament.cat\/en\/restaurant\/ramen-otaku","url":"https:\/\/gastronomicament.cat\/en\/restaurant\/ramen-otaku","name":"Ramen Otaku - Gastronòmicament","isPartOf":{"@id":"https:\/\/gastronomicament.cat\/en\/#website"},"primaryImageOfPage":{"@id":"https:\/\/gastronomicament.cat\/en\/restaurant\/ramen-otaku#primaryimage"},"image":{"@id":"https:\/\/gastronomicament.cat\/en\/restaurant\/ramen-otaku#primaryimage"},"thumbnailUrl":"https:\/\/gastronomicament.cat\/wp-content\/uploads\/2023\/01\/Ramen-Otaku-Palma.jpg","datePublished":"2023-01-10T09:46:18+00:00","dateModified":"2023-10-04T12:12:38+00:00","breadcrumb":{"@id":"https:\/\/gastronomicament.cat\/en\/restaurant\/ramen-otaku#breadcrumb"},"inLanguage":"en-US","potentialAction":[{"@type":"ReadAction","target":["https:\/\/gastronomicament.cat\/en\/restaurant\/ramen-otaku"]}]},{"@type":"ImageObject","inLanguage":"en-US","@id":"https:\/\/gastronomicament.cat\/en\/restaurant\/ramen-otaku#primaryimage","url":"https:\/\/gastronomicament.cat\/wp-content\/uploads\/2023\/01\/Ramen-Otaku-Palma.jpg","contentUrl":"https:\/\/gastronomicament.cat\/wp-content\/uploads\/2023\/01\/Ramen-Otaku-Palma.jpg","width":1800,"height":1350},{"@type":"BreadcrumbList","@id":"https:\/\/gastronomicament.cat\/en\/restaurant\/ramen-otaku#breadcrumb","itemListElement":[{"@type":"ListItem","position":1,"name":"Restaurants","item":"https:\/\/gastronomicament.cat\/en\/restaurants"},{"@type":"ListItem","position":2,"name":"Ramen Otaku"}]},{"@type":"WebSite","@id":"https:\/\/gastronomicament.cat\/en\/#website","url":"https:\/\/gastronomicament.cat\/en\/","name":"Gastronòmicament","description":"Portal de restaurants, receptes i actualitat gastronòmica","publisher":{"@id":"https:\/\/gastronomicament.cat\/en\/#organization"},"potentialAction":[{"@type":"SearchAction","target":{"@type":"EntryPoint","urlTemplate":"https:\/\/gastronomicament.cat\/en\/?s={search_term_string}"},"query-input":{"@type":"PropertyValueSpecification","valueRequired":true,"valueName":"search_term_string"}}],"inLanguage":"en-US"},{"@type":"Organization","@id":"https:\/\/gastronomicament.cat\/en\/#organization","name":"Gastronòmicament","url":"https:\/\/gastronomicament.cat\/en\/","logo":{"@type":"ImageObject","inLanguage":"en-US","@id":"https:\/\/gastronomicament.cat\/en\/#\/schema\/logo\/image\/","url":"https:\/\/gastronomicament.cat\/wp-content\/uploads\/2016\/09\/header-logo.jpg","contentUrl":"https:\/\/gastronomicament.cat\/wp-content\/uploads\/2016\/09\/header-logo.jpg","width":277,"height":39,"caption":"Gastronòmicament"},"image":{"@id":"https:\/\/gastronomicament.cat\/en\/#\/schema\/logo\/image\/"},"sameAs":["https:\/\/x.com\/gastronomicamen"]}]}</script>
<!-- / Yoast SEO plugin. -->

Ramen Otaku - Gastronòmicament

El restaurant Ramen Otaku es troba al centre de Palma. Com el seu nom indica, està especialitzat&hellip;

Gastronòmicament

Redacció

Portal de restaurants, receptes i actualitat gastronòmica
