{"id":72544,"date":"2013-08-21T10:56:10","date_gmt":"2013-08-21T08:56:10","guid":{"rendered":"https:\/\/gastronomicament.cat\/recepta\/polo-de-pressec-paraguaio"},"modified":"2022-04-09T11:54:31","modified_gmt":"2022-04-09T09:54:31","slug":"polo-de-pressec-paraguaio","status":"publish","type":"recepta","link":"https:\/\/gastronomicament.cat\/es\/recepta\/polo-de-pressec-paraguaio","title":{"rendered":"Polo de pr\u00e8ssec paraguaio"},"content":{"rendered":"<p><strong>Ingredients<\/strong><br \/>&#8211; 4 pr\u00e8ssecs paraguaios<br \/>\n&#8211; 200 ml de llet condensada<br \/>\n&#8211; 200 ml d&#8217;aigua<br \/><strong>Elaboraci&oacute;<\/strong><br \/>Tritutar 4 pr\u00e8ssecs paraguaios amb 200ml de llet condensada i 200 ml d&#8217;aigua. Posar el resultat en motlles i congelar.<\/p>\n","protected":false},"excerpt":{"rendered":"<p>Tritutar 4 pr\u00e8ssecs paraguaios amb 200ml de llet condensada i 200 ml d&#8217;aigua. Posar el resultat&hellip;<\/p>\n","protected":false},"author":30,"featured_media":36992,"menu_order":0,"comment_status":"open","ping_status":"closed","template":"","format":"standard","meta":{"_acf_changed":false,"_swt_meta_header_display":false,"_swt_meta_footer_display":false,"_swt_meta_site_title_display":false,"_swt_meta_sticky_header":false,"_swt_meta_transparent_header":false,"footnotes":""},"categories":[1006],"concurs-mossegades":[766],"dificultat":[1498],"ingredient":[1931],"plat":[1007],"preu-per-racio":[],"receptes-tematiques":[],"temps-de-preparacio":[],"coauthors":[],"class_list":["post-72544","recepta","type-recepta","status-publish","format-standard","has-post-thumbnail","hentry","category-receptes-es","concurs_receptes_mossegades-concurs-receptes-agost-2013","dificultat-baixa-es","ingredient-gelats-es","plat-postres-es"],"acf":{"gallery":null,"home_date":{"home_begin_date":null,"home_end_date":null}},"yoast_head":"<!-- This site is optimized with the Yoast SEO plugin v27.4 - https:\/\/yoast.com\/product\/yoast-seo-wordpress\/ -->\n<title>Polo de pr\u00e8ssec paraguaio - Gastron\u00f2micament<\/title>\n<meta name=\"robots\" content=\"index, follow, max-snippet:-1, max-image-preview:large, max-video-preview:-1\" \/>\n<link rel=\"canonical\" href=\"https:\/\/gastronomicament.cat\/es\/recepta\/polo-de-pressec-paraguaio\" \/>\n<meta property=\"og:locale\" content=\"es_ES\" \/>\n<meta property=\"og:type\" content=\"article\" \/>\n<meta property=\"og:title\" content=\"Polo de pr\u00e8ssec paraguaio - Gastron\u00f2micament\" \/>\n<meta property=\"og:description\" content=\"Tritutar 4 pr\u00e8ssecs paraguaios amb 200ml de llet condensada i 200 ml d&#039;aigua. Posar el resultat&hellip;\" \/>\n<meta property=\"og:url\" content=\"https:\/\/gastronomicament.cat\/es\/recepta\/polo-de-pressec-paraguaio\" \/>\n<meta property=\"og:site_name\" content=\"Gastron\u00f2micament\" \/>\n<meta property=\"article:modified_time\" content=\"2022-04-09T09:54:31+00:00\" \/>\n<meta property=\"og:image\" content=\"https:\/\/gastronomicament.cat\/wp-content\/uploads\/2013\/08\/pr\u00e8ssec-paraguaio.jpg\" \/>\n\t<meta property=\"og:image:width\" content=\"768\" \/>\n\t<meta property=\"og:image:height\" content=\"1024\" \/>\n\t<meta property=\"og:image:type\" content=\"image\/jpeg\" \/>\n<meta name=\"twitter:card\" content=\"summary_large_image\" \/>\n<meta name=\"twitter:site\" content=\"@gastronomicamen\" \/>\n<meta name=\"twitter:label1\" content=\"Written by\" \/>\n\t<meta name=\"twitter:data1\" content=\"Joan F. Jerez\" \/>\n<script type=\"application\/ld+json\" class=\"yoast-schema-graph\">{\"@context\":\"https:\\\/\\\/schema.org\",\"@graph\":[{\"@type\":\"WebPage\",\"@id\":\"https:\\\/\\\/gastronomicament.cat\\\/es\\\/recepta\\\/polo-de-pressec-paraguaio\",\"url\":\"https:\\\/\\\/gastronomicament.cat\\\/es\\\/recepta\\\/polo-de-pressec-paraguaio\",\"name\":\"Polo de pr\u00e8ssec paraguaio - Gastron\u00f2micament\",\"isPartOf\":{\"@id\":\"https:\\\/\\\/gastronomicament.cat\\\/es\\\/#website\"},\"primaryImageOfPage\":{\"@id\":\"https:\\\/\\\/gastronomicament.cat\\\/es\\\/recepta\\\/polo-de-pressec-paraguaio#primaryimage\"},\"image\":{\"@id\":\"https:\\\/\\\/gastronomicament.cat\\\/es\\\/recepta\\\/polo-de-pressec-paraguaio#primaryimage\"},\"thumbnailUrl\":\"https:\\\/\\\/gastronomicament.cat\\\/wp-content\\\/uploads\\\/2013\\\/08\\\/pr\u00e8ssec-paraguaio.jpg\",\"datePublished\":\"2013-08-21T08:56:10+00:00\",\"dateModified\":\"2022-04-09T09:54:31+00:00\",\"breadcrumb\":{\"@id\":\"https:\\\/\\\/gastronomicament.cat\\\/es\\\/recepta\\\/polo-de-pressec-paraguaio#breadcrumb\"},\"inLanguage\":\"es\",\"potentialAction\":[{\"@type\":\"ReadAction\",\"target\":[\"https:\\\/\\\/gastronomicament.cat\\\/es\\\/recepta\\\/polo-de-pressec-paraguaio\"]}]},{\"@type\":\"ImageObject\",\"inLanguage\":\"es\",\"@id\":\"https:\\\/\\\/gastronomicament.cat\\\/es\\\/recepta\\\/polo-de-pressec-paraguaio#primaryimage\",\"url\":\"https:\\\/\\\/gastronomicament.cat\\\/wp-content\\\/uploads\\\/2013\\\/08\\\/pr\u00e8ssec-paraguaio.jpg\",\"contentUrl\":\"https:\\\/\\\/gastronomicament.cat\\\/wp-content\\\/uploads\\\/2013\\\/08\\\/pr\u00e8ssec-paraguaio.jpg\",\"width\":768,\"height\":1024},{\"@type\":\"BreadcrumbList\",\"@id\":\"https:\\\/\\\/gastronomicament.cat\\\/es\\\/recepta\\\/polo-de-pressec-paraguaio#breadcrumb\",\"itemListElement\":[{\"@type\":\"ListItem\",\"position\":1,\"name\":\"Receptes\",\"item\":\"https:\\\/\\\/gastronomicament.cat\\\/es\\\/receptes\"},{\"@type\":\"ListItem\",\"position\":2,\"name\":\"Polo de pr\u00e8ssec paraguaio\"}]},{\"@type\":\"WebSite\",\"@id\":\"https:\\\/\\\/gastronomicament.cat\\\/es\\\/#website\",\"url\":\"https:\\\/\\\/gastronomicament.cat\\\/es\\\/\",\"name\":\"Gastron\u00f2micament\",\"description\":\"Portal de restaurants, receptes i actualitat gastron\u00f2mica\",\"publisher\":{\"@id\":\"https:\\\/\\\/gastronomicament.cat\\\/es\\\/#organization\"},\"potentialAction\":[{\"@type\":\"SearchAction\",\"target\":{\"@type\":\"EntryPoint\",\"urlTemplate\":\"https:\\\/\\\/gastronomicament.cat\\\/es\\\/?s={search_term_string}\"},\"query-input\":{\"@type\":\"PropertyValueSpecification\",\"valueRequired\":true,\"valueName\":\"search_term_string\"}}],\"inLanguage\":\"es\"},{\"@type\":\"Organization\",\"@id\":\"https:\\\/\\\/gastronomicament.cat\\\/es\\\/#organization\",\"name\":\"Gastron\u00f2micament\",\"url\":\"https:\\\/\\\/gastronomicament.cat\\\/es\\\/\",\"logo\":{\"@type\":\"ImageObject\",\"inLanguage\":\"es\",\"@id\":\"https:\\\/\\\/gastronomicament.cat\\\/es\\\/#\\\/schema\\\/logo\\\/image\\\/\",\"url\":\"https:\\\/\\\/gastronomicament.cat\\\/wp-content\\\/uploads\\\/2016\\\/09\\\/header-logo.jpg\",\"contentUrl\":\"https:\\\/\\\/gastronomicament.cat\\\/wp-content\\\/uploads\\\/2016\\\/09\\\/header-logo.jpg\",\"width\":277,\"height\":39,\"caption\":\"Gastron\u00f2micament\"},\"image\":{\"@id\":\"https:\\\/\\\/gastronomicament.cat\\\/es\\\/#\\\/schema\\\/logo\\\/image\\\/\"},\"sameAs\":[\"https:\\\/\\\/x.com\\\/gastronomicamen\"]}]}<\/script>\n<!-- \/ Yoast SEO plugin. -->","yoast_head_json":{"title":"Polo de pr\u00e8ssec paraguaio - Gastron\u00f2micament","robots":{"index":"index","follow":"follow","max-snippet":"max-snippet:-1","max-image-preview":"max-image-preview:large","max-video-preview":"max-video-preview:-1"},"canonical":"https:\/\/gastronomicament.cat\/es\/recepta\/polo-de-pressec-paraguaio","og_locale":"es_ES","og_type":"article","og_title":"Polo de pr\u00e8ssec paraguaio - Gastron\u00f2micament","og_description":"Tritutar 4 pr\u00e8ssecs paraguaios amb 200ml de llet condensada i 200 ml d'aigua. Posar el resultat&hellip;","og_url":"https:\/\/gastronomicament.cat\/es\/recepta\/polo-de-pressec-paraguaio","og_site_name":"Gastron\u00f2micament","article_modified_time":"2022-04-09T09:54:31+00:00","og_image":[{"width":768,"height":1024,"url":"https:\/\/gastronomicament.cat\/wp-content\/uploads\/2013\/08\/pr\u00e8ssec-paraguaio.jpg","type":"image\/jpeg"}],"twitter_card":"summary_large_image","twitter_site":"@gastronomicamen","twitter_misc":{"Written by":"Joan F. Jerez"},"schema":{"@context":"https:\/\/schema.org","@graph":[{"@type":"WebPage","@id":"https:\/\/gastronomicament.cat\/es\/recepta\/polo-de-pressec-paraguaio","url":"https:\/\/gastronomicament.cat\/es\/recepta\/polo-de-pressec-paraguaio","name":"Polo de pr\u00e8ssec paraguaio - Gastron\u00f2micament","isPartOf":{"@id":"https:\/\/gastronomicament.cat\/es\/#website"},"primaryImageOfPage":{"@id":"https:\/\/gastronomicament.cat\/es\/recepta\/polo-de-pressec-paraguaio#primaryimage"},"image":{"@id":"https:\/\/gastronomicament.cat\/es\/recepta\/polo-de-pressec-paraguaio#primaryimage"},"thumbnailUrl":"https:\/\/gastronomicament.cat\/wp-content\/uploads\/2013\/08\/pr\u00e8ssec-paraguaio.jpg","datePublished":"2013-08-21T08:56:10+00:00","dateModified":"2022-04-09T09:54:31+00:00","breadcrumb":{"@id":"https:\/\/gastronomicament.cat\/es\/recepta\/polo-de-pressec-paraguaio#breadcrumb"},"inLanguage":"es","potentialAction":[{"@type":"ReadAction","target":["https:\/\/gastronomicament.cat\/es\/recepta\/polo-de-pressec-paraguaio"]}]},{"@type":"ImageObject","inLanguage":"es","@id":"https:\/\/gastronomicament.cat\/es\/recepta\/polo-de-pressec-paraguaio#primaryimage","url":"https:\/\/gastronomicament.cat\/wp-content\/uploads\/2013\/08\/pr\u00e8ssec-paraguaio.jpg","contentUrl":"https:\/\/gastronomicament.cat\/wp-content\/uploads\/2013\/08\/pr\u00e8ssec-paraguaio.jpg","width":768,"height":1024},{"@type":"BreadcrumbList","@id":"https:\/\/gastronomicament.cat\/es\/recepta\/polo-de-pressec-paraguaio#breadcrumb","itemListElement":[{"@type":"ListItem","position":1,"name":"Receptes","item":"https:\/\/gastronomicament.cat\/es\/receptes"},{"@type":"ListItem","position":2,"name":"Polo de pr\u00e8ssec paraguaio"}]},{"@type":"WebSite","@id":"https:\/\/gastronomicament.cat\/es\/#website","url":"https:\/\/gastronomicament.cat\/es\/","name":"Gastron\u00f2micament","description":"Portal de restaurants, receptes i actualitat gastron\u00f2mica","publisher":{"@id":"https:\/\/gastronomicament.cat\/es\/#organization"},"potentialAction":[{"@type":"SearchAction","target":{"@type":"EntryPoint","urlTemplate":"https:\/\/gastronomicament.cat\/es\/?s={search_term_string}"},"query-input":{"@type":"PropertyValueSpecification","valueRequired":true,"valueName":"search_term_string"}}],"inLanguage":"es"},{"@type":"Organization","@id":"https:\/\/gastronomicament.cat\/es\/#organization","name":"Gastron\u00f2micament","url":"https:\/\/gastronomicament.cat\/es\/","logo":{"@type":"ImageObject","inLanguage":"es","@id":"https:\/\/gastronomicament.cat\/es\/#\/schema\/logo\/image\/","url":"https:\/\/gastronomicament.cat\/wp-content\/uploads\/2016\/09\/header-logo.jpg","contentUrl":"https:\/\/gastronomicament.cat\/wp-content\/uploads\/2016\/09\/header-logo.jpg","width":277,"height":39,"caption":"Gastron\u00f2micament"},"image":{"@id":"https:\/\/gastronomicament.cat\/es\/#\/schema\/logo\/image\/"},"sameAs":["https:\/\/x.com\/gastronomicamen"]}]}},"_links":{"self":[{"href":"https:\/\/gastronomicament.cat\/es\/wp-json\/wp\/v2\/recepta\/72544","targetHints":{"allow":["GET"]}}],"collection":[{"href":"https:\/\/gastronomicament.cat\/es\/wp-json\/wp\/v2\/recepta"}],"about":[{"href":"https:\/\/gastronomicament.cat\/es\/wp-json\/wp\/v2\/types\/recepta"}],"author":[{"embeddable":true,"href":"https:\/\/gastronomicament.cat\/es\/wp-json\/wp\/v2\/users\/30"}],"replies":[{"embeddable":true,"href":"https:\/\/gastronomicament.cat\/es\/wp-json\/wp\/v2\/comments?post=72544"}],"version-history":[{"count":0,"href":"https:\/\/gastronomicament.cat\/es\/wp-json\/wp\/v2\/recepta\/72544\/revisions"}],"wp:featuredmedia":[{"embeddable":true,"href":"https:\/\/gastronomicament.cat\/es\/wp-json\/wp\/v2\/media\/36992"}],"wp:attachment":[{"href":"https:\/\/gastronomicament.cat\/es\/wp-json\/wp\/v2\/media?parent=72544"}],"wp:term":[{"taxonomy":"category","embeddable":true,"href":"https:\/\/gastronomicament.cat\/es\/wp-json\/wp\/v2\/categories?post=72544"},{"taxonomy":"concurs_receptes_mossegades","embeddable":true,"href":"https:\/\/gastronomicament.cat\/es\/wp-json\/wp\/v2\/concurs-mossegades?post=72544"},{"taxonomy":"dificultat","embeddable":true,"href":"https:\/\/gastronomicament.cat\/es\/wp-json\/wp\/v2\/dificultat?post=72544"},{"taxonomy":"ingredient","embeddable":true,"href":"https:\/\/gastronomicament.cat\/es\/wp-json\/wp\/v2\/ingredient?post=72544"},{"taxonomy":"plat","embeddable":true,"href":"https:\/\/gastronomicament.cat\/es\/wp-json\/wp\/v2\/plat?post=72544"},{"taxonomy":"preu_per_racio","embeddable":true,"href":"https:\/\/gastronomicament.cat\/es\/wp-json\/wp\/v2\/preu-per-racio?post=72544"},{"taxonomy":"tematica","embeddable":true,"href":"https:\/\/gastronomicament.cat\/es\/wp-json\/wp\/v2\/receptes-tematiques?post=72544"},{"taxonomy":"temps_de_preparacio","embeddable":true,"href":"https:\/\/gastronomicament.cat\/es\/wp-json\/wp\/v2\/temps-de-preparacio?post=72544"},{"taxonomy":"author","embeddable":true,"href":"https:\/\/gastronomicament.cat\/es\/wp-json\/wp\/v2\/coauthors?post=72544"}],"curies":[{"name":"wp","href":"https:\/\/api.w.org\/{rel}","templated":true}]}}

Polo de prèssec paraguaio

<p><strong>Ingredients</strong><br />&#8211; 4 prèssecs paraguaios<br />
&#8211; 200 ml de llet condensada<br />
&#8211; 200 ml d&#8217;aigua<br /><strong>Elaboraci&oacute;</strong><br />Tritutar 4 prèssecs paraguaios amb 200ml de llet condensada i 200 ml d&#8217;aigua. Posar el resultat en motlles i congelar.</p>

<p>Tritutar 4 prèssecs paraguaios amb 200ml de llet condensada i 200 ml d&#8217;aigua. Posar el resultat&hellip;</p>

<!-- This site is optimized with the Yoast SEO plugin v27.4 - https://yoast.com/product/yoast-seo-wordpress/ -->
<title>Polo de prèssec paraguaio - Gastronòmicament</title>
<meta name="robots" content="index, follow, max-snippet:-1, max-image-preview:large, max-video-preview:-1" />
<link rel="canonical" href="https://gastronomicament.cat/es/recepta/polo-de-pressec-paraguaio" />
<meta property="og:locale" content="es_ES" />
<meta property="og:type" content="article" />
<meta property="og:title" content="Polo de prèssec paraguaio - Gastronòmicament" />
<meta property="og:description" content="Tritutar 4 prèssecs paraguaios amb 200ml de llet condensada i 200 ml d&#039;aigua. Posar el resultat&hellip;" />
<meta property="og:url" content="https://gastronomicament.cat/es/recepta/polo-de-pressec-paraguaio" />
<meta property="og:site_name" content="Gastronòmicament" />
<meta property="article:modified_time" content="2022-04-09T09:54:31+00:00" />
<meta property="og:image" content="https://gastronomicament.cat/wp-content/uploads/2013/08/prèssec-paraguaio.jpg" />
	<meta property="og:image:width" content="768" />
	<meta property="og:image:height" content="1024" />
	<meta property="og:image:type" content="image/jpeg" />
<meta name="twitter:card" content="summary_large_image" />
<meta name="twitter:site" content="@gastronomicamen" />
<meta name="twitter:label1" content="Written by" />
	<meta name="twitter:data1" content="Joan F. Jerez" />
<script type="application/ld+json" class="yoast-schema-graph">{"@context":"https:\/\/schema.org","@graph":[{"@type":"WebPage","@id":"https:\/\/gastronomicament.cat\/es\/recepta\/polo-de-pressec-paraguaio","url":"https:\/\/gastronomicament.cat\/es\/recepta\/polo-de-pressec-paraguaio","name":"Polo de prèssec paraguaio - Gastronòmicament","isPartOf":{"@id":"https:\/\/gastronomicament.cat\/es\/#website"},"primaryImageOfPage":{"@id":"https:\/\/gastronomicament.cat\/es\/recepta\/polo-de-pressec-paraguaio#primaryimage"},"image":{"@id":"https:\/\/gastronomicament.cat\/es\/recepta\/polo-de-pressec-paraguaio#primaryimage"},"thumbnailUrl":"https:\/\/gastronomicament.cat\/wp-content\/uploads\/2013\/08\/prèssec-paraguaio.jpg","datePublished":"2013-08-21T08:56:10+00:00","dateModified":"2022-04-09T09:54:31+00:00","breadcrumb":{"@id":"https:\/\/gastronomicament.cat\/es\/recepta\/polo-de-pressec-paraguaio#breadcrumb"},"inLanguage":"es","potentialAction":[{"@type":"ReadAction","target":["https:\/\/gastronomicament.cat\/es\/recepta\/polo-de-pressec-paraguaio"]}]},{"@type":"ImageObject","inLanguage":"es","@id":"https:\/\/gastronomicament.cat\/es\/recepta\/polo-de-pressec-paraguaio#primaryimage","url":"https:\/\/gastronomicament.cat\/wp-content\/uploads\/2013\/08\/prèssec-paraguaio.jpg","contentUrl":"https:\/\/gastronomicament.cat\/wp-content\/uploads\/2013\/08\/prèssec-paraguaio.jpg","width":768,"height":1024},{"@type":"BreadcrumbList","@id":"https:\/\/gastronomicament.cat\/es\/recepta\/polo-de-pressec-paraguaio#breadcrumb","itemListElement":[{"@type":"ListItem","position":1,"name":"Receptes","item":"https:\/\/gastronomicament.cat\/es\/receptes"},{"@type":"ListItem","position":2,"name":"Polo de prèssec paraguaio"}]},{"@type":"WebSite","@id":"https:\/\/gastronomicament.cat\/es\/#website","url":"https:\/\/gastronomicament.cat\/es\/","name":"Gastronòmicament","description":"Portal de restaurants, receptes i actualitat gastronòmica","publisher":{"@id":"https:\/\/gastronomicament.cat\/es\/#organization"},"potentialAction":[{"@type":"SearchAction","target":{"@type":"EntryPoint","urlTemplate":"https:\/\/gastronomicament.cat\/es\/?s={search_term_string}"},"query-input":{"@type":"PropertyValueSpecification","valueRequired":true,"valueName":"search_term_string"}}],"inLanguage":"es"},{"@type":"Organization","@id":"https:\/\/gastronomicament.cat\/es\/#organization","name":"Gastronòmicament","url":"https:\/\/gastronomicament.cat\/es\/","logo":{"@type":"ImageObject","inLanguage":"es","@id":"https:\/\/gastronomicament.cat\/es\/#\/schema\/logo\/image\/","url":"https:\/\/gastronomicament.cat\/wp-content\/uploads\/2016\/09\/header-logo.jpg","contentUrl":"https:\/\/gastronomicament.cat\/wp-content\/uploads\/2016\/09\/header-logo.jpg","width":277,"height":39,"caption":"Gastronòmicament"},"image":{"@id":"https:\/\/gastronomicament.cat\/es\/#\/schema\/logo\/image\/"},"sameAs":["https:\/\/x.com\/gastronomicamen"]}]}</script>
<!-- / Yoast SEO plugin. -->

Polo de prèssec paraguaio - Gastronòmicament

Tritutar 4 prèssecs paraguaios amb 200ml de llet condensada i 200 ml d'aigua. Posar el resultat&hellip;

Gastronòmicament

https://gastronomicament.cat/wp-content/uploads/2013/08/prèssec-paraguaio.jpg

Portal de restaurants, receptes i actualitat gastronòmica
