{"id":54220,"date":"2015-12-29T18:53:51","date_gmt":"2015-12-29T17:53:51","guid":{"rendered":"https:\/\/gastronomicament.cat\/restaurant\/es-pontet-algaida-hort-cultura"},"modified":"2024-10-17T11:03:21","modified_gmt":"2024-10-17T09:03:21","slug":"es-pontet-algaida-hort-cultura","status":"publish","type":"restaurant","link":"https:\/\/gastronomicament.cat\/es\/restaurant\/es-pontet-algaida-hort-cultura","title":{"rendered":"Es Pontet Algaida: Hort i Cultura"},"content":{"rendered":"<p>Es Pontet d&#8217;Algaida \u00e9s hort i cultura. Hi sembren fruites i hortalisses de temporada, com les tom\u00e0tigues, alberg\u00ednies, carabasses, cebes i molt m\u00e9s! A la finca de Es Pontet hi podeu comprar els aliments i tamb\u00e9 a la parada que solen posar al mercat setmanal d&#8217;Algaida. Una de les creadores d&#8217;aquest espai \u00e9s S\u00edlvia Pons, qui ha regentat establiments com Kaskai (al Portitxol) o Na (al puig de na Burguesa de Palma).<\/p>\n<p>En aquest projecte, es treballa la terra i s&#8217;imparteixen cursos de cer\u00e0mica, apicultura, horticultura i molt m\u00e9s. Per cert, per enc\u00e0rrec, hi podeu dinar o sopar de degustacions.<!--more--><\/p>\n","protected":false},"excerpt":{"rendered":"<p>Hi sembren fruites i hortalisses de temporada, com les tom\u00e0tigues, alberg\u00ednies, carabasses, cebes i molt m\u00e9s!<\/p>\n","protected":false},"author":1,"featured_media":38891,"menu_order":0,"comment_status":"open","ping_status":"closed","template":"","format":"gallery","meta":{"_acf_changed":false,"_swt_meta_header_display":false,"_swt_meta_footer_display":false,"_swt_meta_site_title_display":false,"_swt_meta_sticky_header":false,"_swt_meta_transparent_header":false,"direccio":"Ctra vella Palma-Manacor km 22","telefon":"630 39 39 52","web":"www.espontet.com","horari":"[:ca]Obert de dilluns a diumenge[:en] Open from Monday to Sunday  [:es]Abierto de lunes a domingo [:de]Ge\u00f6ffnet: Montags-Sonntag","preumitja":"","observacions":"","footnotes":""},"categories":[999],"destacatper":[],"especialitat":[],"localitat":[],"coauthors":[2053],"class_list":["post-54220","restaurant","type-restaurant","status-publish","format-gallery","has-post-thumbnail","hentry","category-restaurants-es"],"acf":{"gallery":null,"home_date":{"home_begin_date":null,"home_end_date":null}},"yoast_head":"<!-- This site is optimized with the Yoast SEO plugin v27.4 - https:\/\/yoast.com\/product\/yoast-seo-wordpress\/ -->\n<title>Es Pontet Algaida: Hort i Cultura<\/title>\n<meta name=\"description\" content=\"Es Pontet Algaida: Hort i Cultura\" \/>\n<meta name=\"robots\" content=\"index, follow, max-snippet:-1, max-image-preview:large, max-video-preview:-1\" \/>\n<link rel=\"canonical\" href=\"https:\/\/gastronomicament.cat\/es\/restaurant\/es-pontet-algaida-hort-cultura\" \/>\n<meta property=\"og:locale\" content=\"es_ES\" \/>\n<meta property=\"og:type\" content=\"article\" \/>\n<meta property=\"og:title\" content=\"Es Pontet Algaida: Hort i Cultura\" \/>\n<meta property=\"og:description\" content=\"Es Pontet Algaida: Hort i Cultura\" \/>\n<meta property=\"og:url\" content=\"https:\/\/gastronomicament.cat\/es\/restaurant\/es-pontet-algaida-hort-cultura\" \/>\n<meta property=\"og:site_name\" content=\"Gastron\u00f2micament\" \/>\n<meta property=\"article:modified_time\" content=\"2024-10-17T09:03:21+00:00\" \/>\n<meta property=\"og:image\" content=\"https:\/\/gastronomicament.cat\/wp-content\/uploads\/2015\/12\/equip-es-pontet-algaida.jpg\" \/>\n\t<meta property=\"og:image:width\" content=\"1800\" \/>\n\t<meta property=\"og:image:height\" content=\"1350\" \/>\n\t<meta property=\"og:image:type\" content=\"image\/jpeg\" \/>\n<meta name=\"twitter:card\" content=\"summary_large_image\" \/>\n<meta name=\"twitter:site\" content=\"@gastronomicamen\" \/>\n<meta name=\"twitter:label1\" content=\"Tiempo de lectura\" \/>\n\t<meta name=\"twitter:data1\" content=\"1 minuto\" \/>\n\t<meta name=\"twitter:label2\" content=\"Written by\" \/>\n\t<meta name=\"twitter:data2\" content=\"Redacci\u00f3\" \/>\n<script type=\"application\/ld+json\" class=\"yoast-schema-graph\">{\"@context\":\"https:\\\/\\\/schema.org\",\"@graph\":[{\"@type\":\"WebPage\",\"@id\":\"https:\\\/\\\/gastronomicament.cat\\\/es\\\/restaurant\\\/es-pontet-algaida-hort-cultura\",\"url\":\"https:\\\/\\\/gastronomicament.cat\\\/es\\\/restaurant\\\/es-pontet-algaida-hort-cultura\",\"name\":\"Es Pontet Algaida: Hort i Cultura\",\"isPartOf\":{\"@id\":\"https:\\\/\\\/gastronomicament.cat\\\/es\\\/#website\"},\"primaryImageOfPage\":{\"@id\":\"https:\\\/\\\/gastronomicament.cat\\\/es\\\/restaurant\\\/es-pontet-algaida-hort-cultura#primaryimage\"},\"image\":{\"@id\":\"https:\\\/\\\/gastronomicament.cat\\\/es\\\/restaurant\\\/es-pontet-algaida-hort-cultura#primaryimage\"},\"thumbnailUrl\":\"https:\\\/\\\/gastronomicament.cat\\\/wp-content\\\/uploads\\\/2015\\\/12\\\/equip-es-pontet-algaida.jpg\",\"datePublished\":\"2015-12-29T17:53:51+00:00\",\"dateModified\":\"2024-10-17T09:03:21+00:00\",\"description\":\"Es Pontet Algaida: Hort i Cultura\",\"breadcrumb\":{\"@id\":\"https:\\\/\\\/gastronomicament.cat\\\/es\\\/restaurant\\\/es-pontet-algaida-hort-cultura#breadcrumb\"},\"inLanguage\":\"es\",\"potentialAction\":[{\"@type\":\"ReadAction\",\"target\":[\"https:\\\/\\\/gastronomicament.cat\\\/es\\\/restaurant\\\/es-pontet-algaida-hort-cultura\"]}]},{\"@type\":\"ImageObject\",\"inLanguage\":\"es\",\"@id\":\"https:\\\/\\\/gastronomicament.cat\\\/es\\\/restaurant\\\/es-pontet-algaida-hort-cultura#primaryimage\",\"url\":\"https:\\\/\\\/gastronomicament.cat\\\/wp-content\\\/uploads\\\/2015\\\/12\\\/equip-es-pontet-algaida.jpg\",\"contentUrl\":\"https:\\\/\\\/gastronomicament.cat\\\/wp-content\\\/uploads\\\/2015\\\/12\\\/equip-es-pontet-algaida.jpg\",\"width\":1800,\"height\":1350},{\"@type\":\"BreadcrumbList\",\"@id\":\"https:\\\/\\\/gastronomicament.cat\\\/es\\\/restaurant\\\/es-pontet-algaida-hort-cultura#breadcrumb\",\"itemListElement\":[{\"@type\":\"ListItem\",\"position\":1,\"name\":\"Restaurants\",\"item\":\"https:\\\/\\\/gastronomicament.cat\\\/es\\\/restaurants\"},{\"@type\":\"ListItem\",\"position\":2,\"name\":\"Es Pontet Algaida: Hort i Cultura\"}]},{\"@type\":\"WebSite\",\"@id\":\"https:\\\/\\\/gastronomicament.cat\\\/es\\\/#website\",\"url\":\"https:\\\/\\\/gastronomicament.cat\\\/es\\\/\",\"name\":\"Gastron\u00f2micament\",\"description\":\"Portal de restaurants, receptes i actualitat gastron\u00f2mica\",\"publisher\":{\"@id\":\"https:\\\/\\\/gastronomicament.cat\\\/es\\\/#organization\"},\"potentialAction\":[{\"@type\":\"SearchAction\",\"target\":{\"@type\":\"EntryPoint\",\"urlTemplate\":\"https:\\\/\\\/gastronomicament.cat\\\/es\\\/?s={search_term_string}\"},\"query-input\":{\"@type\":\"PropertyValueSpecification\",\"valueRequired\":true,\"valueName\":\"search_term_string\"}}],\"inLanguage\":\"es\"},{\"@type\":\"Organization\",\"@id\":\"https:\\\/\\\/gastronomicament.cat\\\/es\\\/#organization\",\"name\":\"Gastron\u00f2micament\",\"url\":\"https:\\\/\\\/gastronomicament.cat\\\/es\\\/\",\"logo\":{\"@type\":\"ImageObject\",\"inLanguage\":\"es\",\"@id\":\"https:\\\/\\\/gastronomicament.cat\\\/es\\\/#\\\/schema\\\/logo\\\/image\\\/\",\"url\":\"https:\\\/\\\/gastronomicament.cat\\\/wp-content\\\/uploads\\\/2016\\\/09\\\/header-logo.jpg\",\"contentUrl\":\"https:\\\/\\\/gastronomicament.cat\\\/wp-content\\\/uploads\\\/2016\\\/09\\\/header-logo.jpg\",\"width\":277,\"height\":39,\"caption\":\"Gastron\u00f2micament\"},\"image\":{\"@id\":\"https:\\\/\\\/gastronomicament.cat\\\/es\\\/#\\\/schema\\\/logo\\\/image\\\/\"},\"sameAs\":[\"https:\\\/\\\/x.com\\\/gastronomicamen\"]}]}<\/script>\n<!-- \/ Yoast SEO plugin. -->","yoast_head_json":{"title":"Es Pontet Algaida: Hort i Cultura","description":"Es Pontet Algaida: Hort i Cultura","robots":{"index":"index","follow":"follow","max-snippet":"max-snippet:-1","max-image-preview":"max-image-preview:large","max-video-preview":"max-video-preview:-1"},"canonical":"https:\/\/gastronomicament.cat\/es\/restaurant\/es-pontet-algaida-hort-cultura","og_locale":"es_ES","og_type":"article","og_title":"Es Pontet Algaida: Hort i Cultura","og_description":"Es Pontet Algaida: Hort i Cultura","og_url":"https:\/\/gastronomicament.cat\/es\/restaurant\/es-pontet-algaida-hort-cultura","og_site_name":"Gastron\u00f2micament","article_modified_time":"2024-10-17T09:03:21+00:00","og_image":[{"width":1800,"height":1350,"url":"https:\/\/gastronomicament.cat\/wp-content\/uploads\/2015\/12\/equip-es-pontet-algaida.jpg","type":"image\/jpeg"}],"twitter_card":"summary_large_image","twitter_site":"@gastronomicamen","twitter_misc":{"Tiempo de lectura":"1 minuto","Written by":"Redacci\u00f3"},"schema":{"@context":"https:\/\/schema.org","@graph":[{"@type":"WebPage","@id":"https:\/\/gastronomicament.cat\/es\/restaurant\/es-pontet-algaida-hort-cultura","url":"https:\/\/gastronomicament.cat\/es\/restaurant\/es-pontet-algaida-hort-cultura","name":"Es Pontet Algaida: Hort i Cultura","isPartOf":{"@id":"https:\/\/gastronomicament.cat\/es\/#website"},"primaryImageOfPage":{"@id":"https:\/\/gastronomicament.cat\/es\/restaurant\/es-pontet-algaida-hort-cultura#primaryimage"},"image":{"@id":"https:\/\/gastronomicament.cat\/es\/restaurant\/es-pontet-algaida-hort-cultura#primaryimage"},"thumbnailUrl":"https:\/\/gastronomicament.cat\/wp-content\/uploads\/2015\/12\/equip-es-pontet-algaida.jpg","datePublished":"2015-12-29T17:53:51+00:00","dateModified":"2024-10-17T09:03:21+00:00","description":"Es Pontet Algaida: Hort i Cultura","breadcrumb":{"@id":"https:\/\/gastronomicament.cat\/es\/restaurant\/es-pontet-algaida-hort-cultura#breadcrumb"},"inLanguage":"es","potentialAction":[{"@type":"ReadAction","target":["https:\/\/gastronomicament.cat\/es\/restaurant\/es-pontet-algaida-hort-cultura"]}]},{"@type":"ImageObject","inLanguage":"es","@id":"https:\/\/gastronomicament.cat\/es\/restaurant\/es-pontet-algaida-hort-cultura#primaryimage","url":"https:\/\/gastronomicament.cat\/wp-content\/uploads\/2015\/12\/equip-es-pontet-algaida.jpg","contentUrl":"https:\/\/gastronomicament.cat\/wp-content\/uploads\/2015\/12\/equip-es-pontet-algaida.jpg","width":1800,"height":1350},{"@type":"BreadcrumbList","@id":"https:\/\/gastronomicament.cat\/es\/restaurant\/es-pontet-algaida-hort-cultura#breadcrumb","itemListElement":[{"@type":"ListItem","position":1,"name":"Restaurants","item":"https:\/\/gastronomicament.cat\/es\/restaurants"},{"@type":"ListItem","position":2,"name":"Es Pontet Algaida: Hort i Cultura"}]},{"@type":"WebSite","@id":"https:\/\/gastronomicament.cat\/es\/#website","url":"https:\/\/gastronomicament.cat\/es\/","name":"Gastron\u00f2micament","description":"Portal de restaurants, receptes i actualitat gastron\u00f2mica","publisher":{"@id":"https:\/\/gastronomicament.cat\/es\/#organization"},"potentialAction":[{"@type":"SearchAction","target":{"@type":"EntryPoint","urlTemplate":"https:\/\/gastronomicament.cat\/es\/?s={search_term_string}"},"query-input":{"@type":"PropertyValueSpecification","valueRequired":true,"valueName":"search_term_string"}}],"inLanguage":"es"},{"@type":"Organization","@id":"https:\/\/gastronomicament.cat\/es\/#organization","name":"Gastron\u00f2micament","url":"https:\/\/gastronomicament.cat\/es\/","logo":{"@type":"ImageObject","inLanguage":"es","@id":"https:\/\/gastronomicament.cat\/es\/#\/schema\/logo\/image\/","url":"https:\/\/gastronomicament.cat\/wp-content\/uploads\/2016\/09\/header-logo.jpg","contentUrl":"https:\/\/gastronomicament.cat\/wp-content\/uploads\/2016\/09\/header-logo.jpg","width":277,"height":39,"caption":"Gastron\u00f2micament"},"image":{"@id":"https:\/\/gastronomicament.cat\/es\/#\/schema\/logo\/image\/"},"sameAs":["https:\/\/x.com\/gastronomicamen"]}]}},"_links":{"self":[{"href":"https:\/\/gastronomicament.cat\/es\/wp-json\/wp\/v2\/restaurant\/54220","targetHints":{"allow":["GET"]}}],"collection":[{"href":"https:\/\/gastronomicament.cat\/es\/wp-json\/wp\/v2\/restaurant"}],"about":[{"href":"https:\/\/gastronomicament.cat\/es\/wp-json\/wp\/v2\/types\/restaurant"}],"author":[{"embeddable":true,"href":"https:\/\/gastronomicament.cat\/es\/wp-json\/wp\/v2\/users\/1"}],"replies":[{"embeddable":true,"href":"https:\/\/gastronomicament.cat\/es\/wp-json\/wp\/v2\/comments?post=54220"}],"version-history":[{"count":0,"href":"https:\/\/gastronomicament.cat\/es\/wp-json\/wp\/v2\/restaurant\/54220\/revisions"}],"wp:featuredmedia":[{"embeddable":true,"href":"https:\/\/gastronomicament.cat\/es\/wp-json\/wp\/v2\/media\/38891"}],"wp:attachment":[{"href":"https:\/\/gastronomicament.cat\/es\/wp-json\/wp\/v2\/media?parent=54220"}],"wp:term":[{"taxonomy":"category","embeddable":true,"href":"https:\/\/gastronomicament.cat\/es\/wp-json\/wp\/v2\/categories?post=54220"},{"taxonomy":"destacatper","embeddable":true,"href":"https:\/\/gastronomicament.cat\/es\/wp-json\/wp\/v2\/destacatper?post=54220"},{"taxonomy":"especialitat","embeddable":true,"href":"https:\/\/gastronomicament.cat\/es\/wp-json\/wp\/v2\/especialitat?post=54220"},{"taxonomy":"localitat","embeddable":true,"href":"https:\/\/gastronomicament.cat\/es\/wp-json\/wp\/v2\/localitat?post=54220"},{"taxonomy":"author","embeddable":true,"href":"https:\/\/gastronomicament.cat\/es\/wp-json\/wp\/v2\/coauthors?post=54220"}],"curies":[{"name":"wp","href":"https:\/\/api.w.org\/{rel}","templated":true}]}}

<p>Es Pontet d&#8217;Algaida és hort i cultura. Hi sembren fruites i hortalisses de temporada, com les tomàtigues, albergínies, carabasses, cebes i molt més! A la finca de Es Pontet hi podeu comprar els aliments i també a la parada que solen posar al mercat setmanal d&#8217;Algaida. Una de les creadores d&#8217;aquest espai és Sílvia Pons, qui ha regentat establiments com Kaskai (al Portitxol) o Na (al puig de na Burguesa de Palma).</p>
<p>En aquest projecte, es treballa la terra i s&#8217;imparteixen cursos de ceràmica, apicultura, horticultura i molt més. Per cert, per encàrrec, hi podeu dinar o sopar de degustacions.<!--more--></p>

<p>Hi sembren fruites i hortalisses de temporada, com les tomàtigues, albergínies, carabasses, cebes i molt més!</p>

[:ca]Obert de dilluns a diumenge[:en] Open from Monday to Sunday  [:es]Abierto de lunes a domingo [:de]Geöffnet: Montags-Sonntag

<!-- This site is optimized with the Yoast SEO plugin v27.4 - https://yoast.com/product/yoast-seo-wordpress/ -->
<title>Es Pontet Algaida: Hort i Cultura</title>
<meta name="description" content="Es Pontet Algaida: Hort i Cultura" />
<meta name="robots" content="index, follow, max-snippet:-1, max-image-preview:large, max-video-preview:-1" />
<link rel="canonical" href="https://gastronomicament.cat/es/restaurant/es-pontet-algaida-hort-cultura" />
<meta property="og:locale" content="es_ES" />
<meta property="og:type" content="article" />
<meta property="og:title" content="Es Pontet Algaida: Hort i Cultura" />
<meta property="og:description" content="Es Pontet Algaida: Hort i Cultura" />
<meta property="og:url" content="https://gastronomicament.cat/es/restaurant/es-pontet-algaida-hort-cultura" />
<meta property="og:site_name" content="Gastronòmicament" />
<meta property="article:modified_time" content="2024-10-17T09:03:21+00:00" />
<meta property="og:image" content="https://gastronomicament.cat/wp-content/uploads/2015/12/equip-es-pontet-algaida.jpg" />
	<meta property="og:image:width" content="1800" />
	<meta property="og:image:height" content="1350" />
	<meta property="og:image:type" content="image/jpeg" />
<meta name="twitter:card" content="summary_large_image" />
<meta name="twitter:site" content="@gastronomicamen" />
<meta name="twitter:label1" content="Tiempo de lectura" />
	<meta name="twitter:data1" content="1 minuto" />
	<meta name="twitter:label2" content="Written by" />
	<meta name="twitter:data2" content="Redacció" />
<script type="application/ld+json" class="yoast-schema-graph">{"@context":"https:\/\/schema.org","@graph":[{"@type":"WebPage","@id":"https:\/\/gastronomicament.cat\/es\/restaurant\/es-pontet-algaida-hort-cultura","url":"https:\/\/gastronomicament.cat\/es\/restaurant\/es-pontet-algaida-hort-cultura","name":"Es Pontet Algaida: Hort i Cultura","isPartOf":{"@id":"https:\/\/gastronomicament.cat\/es\/#website"},"primaryImageOfPage":{"@id":"https:\/\/gastronomicament.cat\/es\/restaurant\/es-pontet-algaida-hort-cultura#primaryimage"},"image":{"@id":"https:\/\/gastronomicament.cat\/es\/restaurant\/es-pontet-algaida-hort-cultura#primaryimage"},"thumbnailUrl":"https:\/\/gastronomicament.cat\/wp-content\/uploads\/2015\/12\/equip-es-pontet-algaida.jpg","datePublished":"2015-12-29T17:53:51+00:00","dateModified":"2024-10-17T09:03:21+00:00","description":"Es Pontet Algaida: Hort i Cultura","breadcrumb":{"@id":"https:\/\/gastronomicament.cat\/es\/restaurant\/es-pontet-algaida-hort-cultura#breadcrumb"},"inLanguage":"es","potentialAction":[{"@type":"ReadAction","target":["https:\/\/gastronomicament.cat\/es\/restaurant\/es-pontet-algaida-hort-cultura"]}]},{"@type":"ImageObject","inLanguage":"es","@id":"https:\/\/gastronomicament.cat\/es\/restaurant\/es-pontet-algaida-hort-cultura#primaryimage","url":"https:\/\/gastronomicament.cat\/wp-content\/uploads\/2015\/12\/equip-es-pontet-algaida.jpg","contentUrl":"https:\/\/gastronomicament.cat\/wp-content\/uploads\/2015\/12\/equip-es-pontet-algaida.jpg","width":1800,"height":1350},{"@type":"BreadcrumbList","@id":"https:\/\/gastronomicament.cat\/es\/restaurant\/es-pontet-algaida-hort-cultura#breadcrumb","itemListElement":[{"@type":"ListItem","position":1,"name":"Restaurants","item":"https:\/\/gastronomicament.cat\/es\/restaurants"},{"@type":"ListItem","position":2,"name":"Es Pontet Algaida: Hort i Cultura"}]},{"@type":"WebSite","@id":"https:\/\/gastronomicament.cat\/es\/#website","url":"https:\/\/gastronomicament.cat\/es\/","name":"Gastronòmicament","description":"Portal de restaurants, receptes i actualitat gastronòmica","publisher":{"@id":"https:\/\/gastronomicament.cat\/es\/#organization"},"potentialAction":[{"@type":"SearchAction","target":{"@type":"EntryPoint","urlTemplate":"https:\/\/gastronomicament.cat\/es\/?s={search_term_string}"},"query-input":{"@type":"PropertyValueSpecification","valueRequired":true,"valueName":"search_term_string"}}],"inLanguage":"es"},{"@type":"Organization","@id":"https:\/\/gastronomicament.cat\/es\/#organization","name":"Gastronòmicament","url":"https:\/\/gastronomicament.cat\/es\/","logo":{"@type":"ImageObject","inLanguage":"es","@id":"https:\/\/gastronomicament.cat\/es\/#\/schema\/logo\/image\/","url":"https:\/\/gastronomicament.cat\/wp-content\/uploads\/2016\/09\/header-logo.jpg","contentUrl":"https:\/\/gastronomicament.cat\/wp-content\/uploads\/2016\/09\/header-logo.jpg","width":277,"height":39,"caption":"Gastronòmicament"},"image":{"@id":"https:\/\/gastronomicament.cat\/es\/#\/schema\/logo\/image\/"},"sameAs":["https:\/\/x.com\/gastronomicamen"]}]}</script>
<!-- / Yoast SEO plugin. -->

Gastronòmicament

Redacció

Portal de restaurants, receptes i actualitat gastronòmica
