{"id":54247,"date":"2015-10-19T18:07:21","date_gmt":"2015-10-19T16:07:21","guid":{"rendered":"https:\/\/gastronomicament.cat\/restaurant\/la-mirona-palma"},"modified":"2023-10-05T10:03:00","modified_gmt":"2023-10-05T08:03:00","slug":"la-mirona-palma","status":"publish","type":"restaurant","link":"https:\/\/gastronomicament.cat\/es\/restaurant\/la-mirona-palma","title":{"rendered":"La Mirona Palma"},"content":{"rendered":"<p>A la Mirona hi trobareu un espai per gaudir del bon vi i del bon menjar a base d&#8217;una selecci\u00f3 de conserves gurmet. Pere i Am\u00e0lia han creat un espai per gaudir de propostes com les carxofes amb parmes\u00e0 i pernil, galtes de vedella amb fruits secs, ensalades, butzes de bacall\u00e0, a m\u00e9s de cap i pota i frit elaborats a Sineu. Tamb\u00e9 hi fan barquetes, que a La Mirona s&#8217;anomenen remolcs com el d&#8217;escalivada de bacall\u00e0 o el de sobrassada, pera i formatge.<\/p>\n<p>De postres, hi podeu tastar t\u00f2fones i, tamb\u00e9, Carol, un dol\u00e7 que ens transporta a la infantesa, a base de pa cruixent, sal de coc\u00f3, oli d&#8217;oliva i xocolata.<\/p>\n<p>Tot el que tenen, des de conserves a vins ho podeu comprar per menjar-ho a casa.<\/p>\n<p>Migdies, nom\u00e9s amb reserva.<\/p>\n<p>La Mirona \u00e9s un lloc de refer\u00e8ncia per fer vins i tapes a Palma.<\/p>\n","protected":false},"excerpt":{"rendered":"<p>Hi trobareu un espai per gaudir del bon vi i del bon menjar a base d&#8217;una&hellip;<\/p>\n","protected":false},"author":1,"featured_media":38812,"menu_order":0,"comment_status":"open","ping_status":"closed","template":"","format":"gallery","meta":{"_acf_changed":false,"_swt_meta_header_display":false,"_swt_meta_footer_display":false,"_swt_meta_site_title_display":false,"_swt_meta_sticky_header":false,"_swt_meta_transparent_header":false,"direccio":"Carrer de Sant Jaume, 21","telefon":"871 23 19 95","web":"","horari":"[:ca]Obert de dilluns a dissabte. A partir 18.30 hores [:en]Open from Monday to Saturday. From: 6.30 PM [:es]Abierto de lunes a s\u00e1bado. A partir 18.30 horas [:de]Ge\u00f6ffnet: Monntag-Samstags. Nur abends ge\u00f6ffnet","preumitja":"15-25 euros","observacions":"","footnotes":""},"categories":[999],"destacatper":[1107],"especialitat":[1055,1453],"localitat":[1065,1041,1042],"coauthors":[],"class_list":["post-54247","restaurant","type-restaurant","status-publish","format-gallery","has-post-thumbnail","hentry","category-restaurants-es","destacatper-celebracions-i-grups-es","especialitat-tapes-es","especialitat-vinoteca-es","localitat-centre-palma-es","localitat-mallorca-es","localitat-palma-es","preu-entre-20-i-30-euros-es"],"acf":{"gallery":null,"home_date":{"home_begin_date":null,"home_end_date":null}},"yoast_head":"<!-- This site is optimized with the Yoast SEO plugin v27.4 - https:\/\/yoast.com\/product\/yoast-seo-wordpress\/ -->\n<title>La Mirona Palma<\/title>\n<meta name=\"description\" content=\"La Mirona Palma - Vins i tapes - Vinos y tapas - Wines and Tapas\" \/>\n<meta name=\"robots\" content=\"index, follow, max-snippet:-1, max-image-preview:large, max-video-preview:-1\" \/>\n<link rel=\"canonical\" href=\"https:\/\/gastronomicament.cat\/es\/restaurant\/la-mirona-palma\" \/>\n<meta property=\"og:locale\" content=\"es_ES\" \/>\n<meta property=\"og:type\" content=\"article\" \/>\n<meta property=\"og:title\" content=\"La Mirona Palma\" \/>\n<meta property=\"og:description\" content=\"La Mirona Palma - Vins i tapes - Vinos y tapas - Wines and Tapas\" \/>\n<meta property=\"og:url\" content=\"https:\/\/gastronomicament.cat\/es\/restaurant\/la-mirona-palma\" \/>\n<meta property=\"og:site_name\" content=\"Gastron\u00f2micament\" \/>\n<meta property=\"article:modified_time\" content=\"2023-10-05T08:03:00+00:00\" \/>\n<meta property=\"og:image\" content=\"https:\/\/gastronomicament.cat\/wp-content\/uploads\/2015\/10\/la-mirona-vins-menjar-palma.jpg\" \/>\n\t<meta property=\"og:image:width\" content=\"1800\" \/>\n\t<meta property=\"og:image:height\" content=\"1196\" \/>\n\t<meta property=\"og:image:type\" content=\"image\/jpeg\" \/>\n<meta name=\"twitter:card\" content=\"summary_large_image\" \/>\n<meta name=\"twitter:site\" content=\"@gastronomicamen\" \/>\n<meta name=\"twitter:label1\" content=\"Tiempo de lectura\" \/>\n\t<meta name=\"twitter:data1\" content=\"1 minuto\" \/>\n\t<meta name=\"twitter:label2\" content=\"Written by\" \/>\n\t<meta name=\"twitter:data2\" content=\"Redacci\u00f3\" \/>\n<script type=\"application\/ld+json\" class=\"yoast-schema-graph\">{\"@context\":\"https:\\\/\\\/schema.org\",\"@graph\":[{\"@type\":\"WebPage\",\"@id\":\"https:\\\/\\\/gastronomicament.cat\\\/es\\\/restaurant\\\/la-mirona-palma\",\"url\":\"https:\\\/\\\/gastronomicament.cat\\\/es\\\/restaurant\\\/la-mirona-palma\",\"name\":\"La Mirona Palma\",\"isPartOf\":{\"@id\":\"https:\\\/\\\/gastronomicament.cat\\\/es\\\/#website\"},\"primaryImageOfPage\":{\"@id\":\"https:\\\/\\\/gastronomicament.cat\\\/es\\\/restaurant\\\/la-mirona-palma#primaryimage\"},\"image\":{\"@id\":\"https:\\\/\\\/gastronomicament.cat\\\/es\\\/restaurant\\\/la-mirona-palma#primaryimage\"},\"thumbnailUrl\":\"https:\\\/\\\/gastronomicament.cat\\\/wp-content\\\/uploads\\\/2015\\\/10\\\/la-mirona-vins-menjar-palma.jpg\",\"datePublished\":\"2015-10-19T16:07:21+00:00\",\"dateModified\":\"2023-10-05T08:03:00+00:00\",\"description\":\"La Mirona Palma - Vins i tapes - Vinos y tapas - Wines and Tapas\",\"breadcrumb\":{\"@id\":\"https:\\\/\\\/gastronomicament.cat\\\/es\\\/restaurant\\\/la-mirona-palma#breadcrumb\"},\"inLanguage\":\"es\",\"potentialAction\":[{\"@type\":\"ReadAction\",\"target\":[\"https:\\\/\\\/gastronomicament.cat\\\/es\\\/restaurant\\\/la-mirona-palma\"]}]},{\"@type\":\"ImageObject\",\"inLanguage\":\"es\",\"@id\":\"https:\\\/\\\/gastronomicament.cat\\\/es\\\/restaurant\\\/la-mirona-palma#primaryimage\",\"url\":\"https:\\\/\\\/gastronomicament.cat\\\/wp-content\\\/uploads\\\/2015\\\/10\\\/la-mirona-vins-menjar-palma.jpg\",\"contentUrl\":\"https:\\\/\\\/gastronomicament.cat\\\/wp-content\\\/uploads\\\/2015\\\/10\\\/la-mirona-vins-menjar-palma.jpg\",\"width\":1800,\"height\":1196},{\"@type\":\"BreadcrumbList\",\"@id\":\"https:\\\/\\\/gastronomicament.cat\\\/es\\\/restaurant\\\/la-mirona-palma#breadcrumb\",\"itemListElement\":[{\"@type\":\"ListItem\",\"position\":1,\"name\":\"Restaurants\",\"item\":\"https:\\\/\\\/gastronomicament.cat\\\/es\\\/restaurants\"},{\"@type\":\"ListItem\",\"position\":2,\"name\":\"La Mirona Palma\"}]},{\"@type\":\"WebSite\",\"@id\":\"https:\\\/\\\/gastronomicament.cat\\\/es\\\/#website\",\"url\":\"https:\\\/\\\/gastronomicament.cat\\\/es\\\/\",\"name\":\"Gastron\u00f2micament\",\"description\":\"Portal de restaurants, receptes i actualitat gastron\u00f2mica\",\"publisher\":{\"@id\":\"https:\\\/\\\/gastronomicament.cat\\\/es\\\/#organization\"},\"potentialAction\":[{\"@type\":\"SearchAction\",\"target\":{\"@type\":\"EntryPoint\",\"urlTemplate\":\"https:\\\/\\\/gastronomicament.cat\\\/es\\\/?s={search_term_string}\"},\"query-input\":{\"@type\":\"PropertyValueSpecification\",\"valueRequired\":true,\"valueName\":\"search_term_string\"}}],\"inLanguage\":\"es\"},{\"@type\":\"Organization\",\"@id\":\"https:\\\/\\\/gastronomicament.cat\\\/es\\\/#organization\",\"name\":\"Gastron\u00f2micament\",\"url\":\"https:\\\/\\\/gastronomicament.cat\\\/es\\\/\",\"logo\":{\"@type\":\"ImageObject\",\"inLanguage\":\"es\",\"@id\":\"https:\\\/\\\/gastronomicament.cat\\\/es\\\/#\\\/schema\\\/logo\\\/image\\\/\",\"url\":\"https:\\\/\\\/gastronomicament.cat\\\/wp-content\\\/uploads\\\/2016\\\/09\\\/header-logo.jpg\",\"contentUrl\":\"https:\\\/\\\/gastronomicament.cat\\\/wp-content\\\/uploads\\\/2016\\\/09\\\/header-logo.jpg\",\"width\":277,\"height\":39,\"caption\":\"Gastron\u00f2micament\"},\"image\":{\"@id\":\"https:\\\/\\\/gastronomicament.cat\\\/es\\\/#\\\/schema\\\/logo\\\/image\\\/\"},\"sameAs\":[\"https:\\\/\\\/x.com\\\/gastronomicamen\"]}]}<\/script>\n<!-- \/ Yoast SEO plugin. -->","yoast_head_json":{"title":"La Mirona Palma","description":"La Mirona Palma - Vins i tapes - Vinos y tapas - Wines and Tapas","robots":{"index":"index","follow":"follow","max-snippet":"max-snippet:-1","max-image-preview":"max-image-preview:large","max-video-preview":"max-video-preview:-1"},"canonical":"https:\/\/gastronomicament.cat\/es\/restaurant\/la-mirona-palma","og_locale":"es_ES","og_type":"article","og_title":"La Mirona Palma","og_description":"La Mirona Palma - Vins i tapes - Vinos y tapas - Wines and Tapas","og_url":"https:\/\/gastronomicament.cat\/es\/restaurant\/la-mirona-palma","og_site_name":"Gastron\u00f2micament","article_modified_time":"2023-10-05T08:03:00+00:00","og_image":[{"width":1800,"height":1196,"url":"https:\/\/gastronomicament.cat\/wp-content\/uploads\/2015\/10\/la-mirona-vins-menjar-palma.jpg","type":"image\/jpeg"}],"twitter_card":"summary_large_image","twitter_site":"@gastronomicamen","twitter_misc":{"Tiempo de lectura":"1 minuto","Written by":"Redacci\u00f3"},"schema":{"@context":"https:\/\/schema.org","@graph":[{"@type":"WebPage","@id":"https:\/\/gastronomicament.cat\/es\/restaurant\/la-mirona-palma","url":"https:\/\/gastronomicament.cat\/es\/restaurant\/la-mirona-palma","name":"La Mirona Palma","isPartOf":{"@id":"https:\/\/gastronomicament.cat\/es\/#website"},"primaryImageOfPage":{"@id":"https:\/\/gastronomicament.cat\/es\/restaurant\/la-mirona-palma#primaryimage"},"image":{"@id":"https:\/\/gastronomicament.cat\/es\/restaurant\/la-mirona-palma#primaryimage"},"thumbnailUrl":"https:\/\/gastronomicament.cat\/wp-content\/uploads\/2015\/10\/la-mirona-vins-menjar-palma.jpg","datePublished":"2015-10-19T16:07:21+00:00","dateModified":"2023-10-05T08:03:00+00:00","description":"La Mirona Palma - Vins i tapes - Vinos y tapas - Wines and Tapas","breadcrumb":{"@id":"https:\/\/gastronomicament.cat\/es\/restaurant\/la-mirona-palma#breadcrumb"},"inLanguage":"es","potentialAction":[{"@type":"ReadAction","target":["https:\/\/gastronomicament.cat\/es\/restaurant\/la-mirona-palma"]}]},{"@type":"ImageObject","inLanguage":"es","@id":"https:\/\/gastronomicament.cat\/es\/restaurant\/la-mirona-palma#primaryimage","url":"https:\/\/gastronomicament.cat\/wp-content\/uploads\/2015\/10\/la-mirona-vins-menjar-palma.jpg","contentUrl":"https:\/\/gastronomicament.cat\/wp-content\/uploads\/2015\/10\/la-mirona-vins-menjar-palma.jpg","width":1800,"height":1196},{"@type":"BreadcrumbList","@id":"https:\/\/gastronomicament.cat\/es\/restaurant\/la-mirona-palma#breadcrumb","itemListElement":[{"@type":"ListItem","position":1,"name":"Restaurants","item":"https:\/\/gastronomicament.cat\/es\/restaurants"},{"@type":"ListItem","position":2,"name":"La Mirona Palma"}]},{"@type":"WebSite","@id":"https:\/\/gastronomicament.cat\/es\/#website","url":"https:\/\/gastronomicament.cat\/es\/","name":"Gastron\u00f2micament","description":"Portal de restaurants, receptes i actualitat gastron\u00f2mica","publisher":{"@id":"https:\/\/gastronomicament.cat\/es\/#organization"},"potentialAction":[{"@type":"SearchAction","target":{"@type":"EntryPoint","urlTemplate":"https:\/\/gastronomicament.cat\/es\/?s={search_term_string}"},"query-input":{"@type":"PropertyValueSpecification","valueRequired":true,"valueName":"search_term_string"}}],"inLanguage":"es"},{"@type":"Organization","@id":"https:\/\/gastronomicament.cat\/es\/#organization","name":"Gastron\u00f2micament","url":"https:\/\/gastronomicament.cat\/es\/","logo":{"@type":"ImageObject","inLanguage":"es","@id":"https:\/\/gastronomicament.cat\/es\/#\/schema\/logo\/image\/","url":"https:\/\/gastronomicament.cat\/wp-content\/uploads\/2016\/09\/header-logo.jpg","contentUrl":"https:\/\/gastronomicament.cat\/wp-content\/uploads\/2016\/09\/header-logo.jpg","width":277,"height":39,"caption":"Gastron\u00f2micament"},"image":{"@id":"https:\/\/gastronomicament.cat\/es\/#\/schema\/logo\/image\/"},"sameAs":["https:\/\/x.com\/gastronomicamen"]}]}},"_links":{"self":[{"href":"https:\/\/gastronomicament.cat\/es\/wp-json\/wp\/v2\/restaurant\/54247","targetHints":{"allow":["GET"]}}],"collection":[{"href":"https:\/\/gastronomicament.cat\/es\/wp-json\/wp\/v2\/restaurant"}],"about":[{"href":"https:\/\/gastronomicament.cat\/es\/wp-json\/wp\/v2\/types\/restaurant"}],"author":[{"embeddable":true,"href":"https:\/\/gastronomicament.cat\/es\/wp-json\/wp\/v2\/users\/1"}],"replies":[{"embeddable":true,"href":"https:\/\/gastronomicament.cat\/es\/wp-json\/wp\/v2\/comments?post=54247"}],"version-history":[{"count":0,"href":"https:\/\/gastronomicament.cat\/es\/wp-json\/wp\/v2\/restaurant\/54247\/revisions"}],"wp:featuredmedia":[{"embeddable":true,"href":"https:\/\/gastronomicament.cat\/es\/wp-json\/wp\/v2\/media\/38812"}],"wp:attachment":[{"href":"https:\/\/gastronomicament.cat\/es\/wp-json\/wp\/v2\/media?parent=54247"}],"wp:term":[{"taxonomy":"category","embeddable":true,"href":"https:\/\/gastronomicament.cat\/es\/wp-json\/wp\/v2\/categories?post=54247"},{"taxonomy":"destacatper","embeddable":true,"href":"https:\/\/gastronomicament.cat\/es\/wp-json\/wp\/v2\/destacatper?post=54247"},{"taxonomy":"especialitat","embeddable":true,"href":"https:\/\/gastronomicament.cat\/es\/wp-json\/wp\/v2\/especialitat?post=54247"},{"taxonomy":"localitat","embeddable":true,"href":"https:\/\/gastronomicament.cat\/es\/wp-json\/wp\/v2\/localitat?post=54247"},{"taxonomy":"author","embeddable":true,"href":"https:\/\/gastronomicament.cat\/es\/wp-json\/wp\/v2\/coauthors?post=54247"}],"curies":[{"name":"wp","href":"https:\/\/api.w.org\/{rel}","templated":true}]}}

<p>A la Mirona hi trobareu un espai per gaudir del bon vi i del bon menjar a base d&#8217;una selecció de conserves gurmet. Pere i Amàlia han creat un espai per gaudir de propostes com les carxofes amb parmesà i pernil, galtes de vedella amb fruits secs, ensalades, butzes de bacallà, a més de cap i pota i frit elaborats a Sineu. També hi fan barquetes, que a La Mirona s&#8217;anomenen remolcs com el d&#8217;escalivada de bacallà o el de sobrassada, pera i formatge.</p>
<p>De postres, hi podeu tastar tòfones i, també, Carol, un dolç que ens transporta a la infantesa, a base de pa cruixent, sal de cocó, oli d&#8217;oliva i xocolata.</p>
<p>Tot el que tenen, des de conserves a vins ho podeu comprar per menjar-ho a casa.</p>
<p>Migdies, només amb reserva.</p>
<p>La Mirona és un lloc de referència per fer vins i tapes a Palma.</p>

[:ca]Obert de dilluns a dissabte. A partir 18.30 hores [:en]Open from Monday to Saturday. From: 6.30 PM [:es]Abierto de lunes a sábado. A partir 18.30 horas [:de]Geöffnet: Monntag-Samstags. Nur abends geöffnet

<!-- This site is optimized with the Yoast SEO plugin v27.4 - https://yoast.com/product/yoast-seo-wordpress/ -->
<title>La Mirona Palma</title>
<meta name="description" content="La Mirona Palma - Vins i tapes - Vinos y tapas - Wines and Tapas" />
<meta name="robots" content="index, follow, max-snippet:-1, max-image-preview:large, max-video-preview:-1" />
<link rel="canonical" href="https://gastronomicament.cat/es/restaurant/la-mirona-palma" />
<meta property="og:locale" content="es_ES" />
<meta property="og:type" content="article" />
<meta property="og:title" content="La Mirona Palma" />
<meta property="og:description" content="La Mirona Palma - Vins i tapes - Vinos y tapas - Wines and Tapas" />
<meta property="og:url" content="https://gastronomicament.cat/es/restaurant/la-mirona-palma" />
<meta property="og:site_name" content="Gastronòmicament" />
<meta property="article:modified_time" content="2023-10-05T08:03:00+00:00" />
<meta property="og:image" content="https://gastronomicament.cat/wp-content/uploads/2015/10/la-mirona-vins-menjar-palma.jpg" />
	<meta property="og:image:width" content="1800" />
	<meta property="og:image:height" content="1196" />
	<meta property="og:image:type" content="image/jpeg" />
<meta name="twitter:card" content="summary_large_image" />
<meta name="twitter:site" content="@gastronomicamen" />
<meta name="twitter:label1" content="Tiempo de lectura" />
	<meta name="twitter:data1" content="1 minuto" />
	<meta name="twitter:label2" content="Written by" />
	<meta name="twitter:data2" content="Redacció" />
<script type="application/ld+json" class="yoast-schema-graph">{"@context":"https:\/\/schema.org","@graph":[{"@type":"WebPage","@id":"https:\/\/gastronomicament.cat\/es\/restaurant\/la-mirona-palma","url":"https:\/\/gastronomicament.cat\/es\/restaurant\/la-mirona-palma","name":"La Mirona Palma","isPartOf":{"@id":"https:\/\/gastronomicament.cat\/es\/#website"},"primaryImageOfPage":{"@id":"https:\/\/gastronomicament.cat\/es\/restaurant\/la-mirona-palma#primaryimage"},"image":{"@id":"https:\/\/gastronomicament.cat\/es\/restaurant\/la-mirona-palma#primaryimage"},"thumbnailUrl":"https:\/\/gastronomicament.cat\/wp-content\/uploads\/2015\/10\/la-mirona-vins-menjar-palma.jpg","datePublished":"2015-10-19T16:07:21+00:00","dateModified":"2023-10-05T08:03:00+00:00","description":"La Mirona Palma - Vins i tapes - Vinos y tapas - Wines and Tapas","breadcrumb":{"@id":"https:\/\/gastronomicament.cat\/es\/restaurant\/la-mirona-palma#breadcrumb"},"inLanguage":"es","potentialAction":[{"@type":"ReadAction","target":["https:\/\/gastronomicament.cat\/es\/restaurant\/la-mirona-palma"]}]},{"@type":"ImageObject","inLanguage":"es","@id":"https:\/\/gastronomicament.cat\/es\/restaurant\/la-mirona-palma#primaryimage","url":"https:\/\/gastronomicament.cat\/wp-content\/uploads\/2015\/10\/la-mirona-vins-menjar-palma.jpg","contentUrl":"https:\/\/gastronomicament.cat\/wp-content\/uploads\/2015\/10\/la-mirona-vins-menjar-palma.jpg","width":1800,"height":1196},{"@type":"BreadcrumbList","@id":"https:\/\/gastronomicament.cat\/es\/restaurant\/la-mirona-palma#breadcrumb","itemListElement":[{"@type":"ListItem","position":1,"name":"Restaurants","item":"https:\/\/gastronomicament.cat\/es\/restaurants"},{"@type":"ListItem","position":2,"name":"La Mirona Palma"}]},{"@type":"WebSite","@id":"https:\/\/gastronomicament.cat\/es\/#website","url":"https:\/\/gastronomicament.cat\/es\/","name":"Gastronòmicament","description":"Portal de restaurants, receptes i actualitat gastronòmica","publisher":{"@id":"https:\/\/gastronomicament.cat\/es\/#organization"},"potentialAction":[{"@type":"SearchAction","target":{"@type":"EntryPoint","urlTemplate":"https:\/\/gastronomicament.cat\/es\/?s={search_term_string}"},"query-input":{"@type":"PropertyValueSpecification","valueRequired":true,"valueName":"search_term_string"}}],"inLanguage":"es"},{"@type":"Organization","@id":"https:\/\/gastronomicament.cat\/es\/#organization","name":"Gastronòmicament","url":"https:\/\/gastronomicament.cat\/es\/","logo":{"@type":"ImageObject","inLanguage":"es","@id":"https:\/\/gastronomicament.cat\/es\/#\/schema\/logo\/image\/","url":"https:\/\/gastronomicament.cat\/wp-content\/uploads\/2016\/09\/header-logo.jpg","contentUrl":"https:\/\/gastronomicament.cat\/wp-content\/uploads\/2016\/09\/header-logo.jpg","width":277,"height":39,"caption":"Gastronòmicament"},"image":{"@id":"https:\/\/gastronomicament.cat\/es\/#\/schema\/logo\/image\/"},"sameAs":["https:\/\/x.com\/gastronomicamen"]}]}</script>
<!-- / Yoast SEO plugin. -->

Gastronòmicament

Redacció

Portal de restaurants, receptes i actualitat gastronòmica
