{"id":71704,"date":"2014-03-11T01:03:46","date_gmt":"2014-03-11T00:03:46","guid":{"rendered":"https:\/\/gastronomicament.cat\/restaurant\/restaurant-ramon-santpedor"},"modified":"2023-10-05T10:38:56","modified_gmt":"2023-10-05T08:38:56","slug":"restaurant-ramon-santpedor","status":"publish","type":"restaurant","link":"https:\/\/gastronomicament.cat\/es\/restaurant\/restaurant-ramon-santpedor","title":{"rendered":"Restaurant Ramon"},"content":{"rendered":"<p>Xalet cl\u00e0ssic modern, familiar i molt acollidor, on els menjars s\u00f3n elaborats per la cinquena generaci\u00f3 de cuiners.<\/p>\n<h4>Plats caracter\u00edstics del restaurant Ramon<\/h4>\n<p>Canelons casolans a la Crema Gratinats.<\/p>\n<p>Bacall\u00e0 amb Tom\u00e0quet.<\/p>\n<p>Clo\u00efsses a la Marinera.<!--more--><\/p>\n","protected":false},"excerpt":{"rendered":"<p>Xalet cl\u00e0ssic modern, familiar i molt acollidor, on els menjars s\u00f3n elaborats per la cinquena generaci\u00f3 de cuiners. Plats caracter\u00edstics del restaurant Ramon Canelons casolans a la Crema Gratinats. Bacall\u00e0 amb Tom\u00e0quet. Clo\u00efsses a la Marinera.<\/p>\n","protected":false},"author":81,"featured_media":37890,"menu_order":0,"comment_status":"open","ping_status":"closed","template":"","format":"standard","meta":{"_acf_changed":false,"_swt_meta_header_display":false,"_swt_meta_footer_display":false,"_swt_meta_site_title_display":false,"_swt_meta_sticky_header":false,"_swt_meta_transparent_header":false,"direccio":"Cam\u00ed de Juncadella, s\/n, Carrer Cam\u00ed de Juncadella, 08251 Santpedor, Barcelona","telefon":"93 832 08 50","web":"www.restaurantramon.com","horari":"[:ca]De 13 a 16 h . Descans setmanal: Diumenges i festius al vespre. Vacances: No en fan. [:en]De 13 a 16 h . Descans setmanal: Diumenges i festius al vespre. Vacances: No en fan. [:es]De 13 a 16 h . Descanso semanal: Domingos y festivos noche. Vacaciones: No hacen.","preumitja":"50 euros","observacions":"[:ca]Descans setmanal: Diumenges i festius al vespre Vacances: [:en]Weekly rest: Diumenges i festius al vespre Holidays: [:es]Descanso semanal: Domingos y festivos noche Vacaciones:","footnotes":""},"categories":[999],"destacatper":[],"especialitat":[1000],"localitat":[1002,1843],"coauthors":[],"class_list":["post-71704","restaurant","type-restaurant","status-publish","format-standard","has-post-thumbnail","hentry","category-restaurants-es","especialitat-cuina-catalana-es","localitat-catalunya-es","localitat-santpedor-es"],"acf":{"gallery":null,"home_date":{"home_begin_date":null,"home_end_date":null}},"yoast_head":"<!-- This site is optimized with the Yoast SEO plugin v27.4 - https:\/\/yoast.com\/product\/yoast-seo-wordpress\/ -->\n<title>Restaurant Ramon. Santpedor<\/title>\n<meta name=\"description\" content=\"Restaurant Ramon. Santpedor - Restaurante Ramon. Santpedor\" \/>\n<meta name=\"robots\" content=\"index, follow, max-snippet:-1, max-image-preview:large, max-video-preview:-1\" \/>\n<link rel=\"canonical\" href=\"https:\/\/gastronomicament.cat\/es\/restaurant\/restaurant-ramon-santpedor\" \/>\n<meta property=\"og:locale\" content=\"es_ES\" \/>\n<meta property=\"og:type\" content=\"article\" \/>\n<meta property=\"og:title\" content=\"Restaurant Ramon. Santpedor\" \/>\n<meta property=\"og:description\" content=\"Restaurant Ramon. Santpedor - Restaurante Ramon. Santpedor\" \/>\n<meta property=\"og:url\" content=\"https:\/\/gastronomicament.cat\/es\/restaurant\/restaurant-ramon-santpedor\" \/>\n<meta property=\"og:site_name\" content=\"Gastron\u00f2micament\" \/>\n<meta property=\"article:modified_time\" content=\"2023-10-05T08:38:56+00:00\" \/>\n<meta property=\"og:image\" content=\"https:\/\/gastronomicament.cat\/wp-content\/uploads\/2014\/02\/cache_84ramon_1_540x390.jpg\" \/>\n\t<meta property=\"og:image:width\" content=\"540\" \/>\n\t<meta property=\"og:image:height\" content=\"390\" \/>\n\t<meta property=\"og:image:type\" content=\"image\/jpeg\" \/>\n<meta name=\"twitter:card\" content=\"summary_large_image\" \/>\n<meta name=\"twitter:site\" content=\"@gastronomicamen\" \/>\n<meta name=\"twitter:label1\" content=\"Written by\" \/>\n\t<meta name=\"twitter:data1\" content=\"Fundaci\u00f3 Institut Catal\u00e0 de la Cuina i de la Cultura Gastron\u00f2mica\" \/>\n<script type=\"application\/ld+json\" class=\"yoast-schema-graph\">{\"@context\":\"https:\\\/\\\/schema.org\",\"@graph\":[{\"@type\":\"WebPage\",\"@id\":\"https:\\\/\\\/gastronomicament.cat\\\/es\\\/restaurant\\\/restaurant-ramon-santpedor\",\"url\":\"https:\\\/\\\/gastronomicament.cat\\\/es\\\/restaurant\\\/restaurant-ramon-santpedor\",\"name\":\"Restaurant Ramon. Santpedor\",\"isPartOf\":{\"@id\":\"https:\\\/\\\/gastronomicament.cat\\\/es\\\/#website\"},\"primaryImageOfPage\":{\"@id\":\"https:\\\/\\\/gastronomicament.cat\\\/es\\\/restaurant\\\/restaurant-ramon-santpedor#primaryimage\"},\"image\":{\"@id\":\"https:\\\/\\\/gastronomicament.cat\\\/es\\\/restaurant\\\/restaurant-ramon-santpedor#primaryimage\"},\"thumbnailUrl\":\"https:\\\/\\\/gastronomicament.cat\\\/wp-content\\\/uploads\\\/2014\\\/02\\\/cache_84ramon_1_540x390.jpg\",\"datePublished\":\"2014-03-11T00:03:46+00:00\",\"dateModified\":\"2023-10-05T08:38:56+00:00\",\"description\":\"Restaurant Ramon. Santpedor - Restaurante Ramon. Santpedor\",\"breadcrumb\":{\"@id\":\"https:\\\/\\\/gastronomicament.cat\\\/es\\\/restaurant\\\/restaurant-ramon-santpedor#breadcrumb\"},\"inLanguage\":\"es\",\"potentialAction\":[{\"@type\":\"ReadAction\",\"target\":[\"https:\\\/\\\/gastronomicament.cat\\\/es\\\/restaurant\\\/restaurant-ramon-santpedor\"]}]},{\"@type\":\"ImageObject\",\"inLanguage\":\"es\",\"@id\":\"https:\\\/\\\/gastronomicament.cat\\\/es\\\/restaurant\\\/restaurant-ramon-santpedor#primaryimage\",\"url\":\"https:\\\/\\\/gastronomicament.cat\\\/wp-content\\\/uploads\\\/2014\\\/02\\\/cache_84ramon_1_540x390.jpg\",\"contentUrl\":\"https:\\\/\\\/gastronomicament.cat\\\/wp-content\\\/uploads\\\/2014\\\/02\\\/cache_84ramon_1_540x390.jpg\",\"width\":540,\"height\":390},{\"@type\":\"BreadcrumbList\",\"@id\":\"https:\\\/\\\/gastronomicament.cat\\\/es\\\/restaurant\\\/restaurant-ramon-santpedor#breadcrumb\",\"itemListElement\":[{\"@type\":\"ListItem\",\"position\":1,\"name\":\"Restaurants\",\"item\":\"https:\\\/\\\/gastronomicament.cat\\\/es\\\/restaurants\"},{\"@type\":\"ListItem\",\"position\":2,\"name\":\"Restaurant Ramon\"}]},{\"@type\":\"WebSite\",\"@id\":\"https:\\\/\\\/gastronomicament.cat\\\/es\\\/#website\",\"url\":\"https:\\\/\\\/gastronomicament.cat\\\/es\\\/\",\"name\":\"Gastron\u00f2micament\",\"description\":\"Portal de restaurants, receptes i actualitat gastron\u00f2mica\",\"publisher\":{\"@id\":\"https:\\\/\\\/gastronomicament.cat\\\/es\\\/#organization\"},\"potentialAction\":[{\"@type\":\"SearchAction\",\"target\":{\"@type\":\"EntryPoint\",\"urlTemplate\":\"https:\\\/\\\/gastronomicament.cat\\\/es\\\/?s={search_term_string}\"},\"query-input\":{\"@type\":\"PropertyValueSpecification\",\"valueRequired\":true,\"valueName\":\"search_term_string\"}}],\"inLanguage\":\"es\"},{\"@type\":\"Organization\",\"@id\":\"https:\\\/\\\/gastronomicament.cat\\\/es\\\/#organization\",\"name\":\"Gastron\u00f2micament\",\"url\":\"https:\\\/\\\/gastronomicament.cat\\\/es\\\/\",\"logo\":{\"@type\":\"ImageObject\",\"inLanguage\":\"es\",\"@id\":\"https:\\\/\\\/gastronomicament.cat\\\/es\\\/#\\\/schema\\\/logo\\\/image\\\/\",\"url\":\"https:\\\/\\\/gastronomicament.cat\\\/wp-content\\\/uploads\\\/2016\\\/09\\\/header-logo.jpg\",\"contentUrl\":\"https:\\\/\\\/gastronomicament.cat\\\/wp-content\\\/uploads\\\/2016\\\/09\\\/header-logo.jpg\",\"width\":277,\"height\":39,\"caption\":\"Gastron\u00f2micament\"},\"image\":{\"@id\":\"https:\\\/\\\/gastronomicament.cat\\\/es\\\/#\\\/schema\\\/logo\\\/image\\\/\"},\"sameAs\":[\"https:\\\/\\\/x.com\\\/gastronomicamen\"]}]}<\/script>\n<!-- \/ Yoast SEO plugin. -->","yoast_head_json":{"title":"Restaurant Ramon. Santpedor","description":"Restaurant Ramon. Santpedor - Restaurante Ramon. Santpedor","robots":{"index":"index","follow":"follow","max-snippet":"max-snippet:-1","max-image-preview":"max-image-preview:large","max-video-preview":"max-video-preview:-1"},"canonical":"https:\/\/gastronomicament.cat\/es\/restaurant\/restaurant-ramon-santpedor","og_locale":"es_ES","og_type":"article","og_title":"Restaurant Ramon. Santpedor","og_description":"Restaurant Ramon. Santpedor - Restaurante Ramon. Santpedor","og_url":"https:\/\/gastronomicament.cat\/es\/restaurant\/restaurant-ramon-santpedor","og_site_name":"Gastron\u00f2micament","article_modified_time":"2023-10-05T08:38:56+00:00","og_image":[{"width":540,"height":390,"url":"https:\/\/gastronomicament.cat\/wp-content\/uploads\/2014\/02\/cache_84ramon_1_540x390.jpg","type":"image\/jpeg"}],"twitter_card":"summary_large_image","twitter_site":"@gastronomicamen","twitter_misc":{"Written by":"Fundaci\u00f3 Institut Catal\u00e0 de la Cuina i de la Cultura Gastron\u00f2mica"},"schema":{"@context":"https:\/\/schema.org","@graph":[{"@type":"WebPage","@id":"https:\/\/gastronomicament.cat\/es\/restaurant\/restaurant-ramon-santpedor","url":"https:\/\/gastronomicament.cat\/es\/restaurant\/restaurant-ramon-santpedor","name":"Restaurant Ramon. Santpedor","isPartOf":{"@id":"https:\/\/gastronomicament.cat\/es\/#website"},"primaryImageOfPage":{"@id":"https:\/\/gastronomicament.cat\/es\/restaurant\/restaurant-ramon-santpedor#primaryimage"},"image":{"@id":"https:\/\/gastronomicament.cat\/es\/restaurant\/restaurant-ramon-santpedor#primaryimage"},"thumbnailUrl":"https:\/\/gastronomicament.cat\/wp-content\/uploads\/2014\/02\/cache_84ramon_1_540x390.jpg","datePublished":"2014-03-11T00:03:46+00:00","dateModified":"2023-10-05T08:38:56+00:00","description":"Restaurant Ramon. Santpedor - Restaurante Ramon. Santpedor","breadcrumb":{"@id":"https:\/\/gastronomicament.cat\/es\/restaurant\/restaurant-ramon-santpedor#breadcrumb"},"inLanguage":"es","potentialAction":[{"@type":"ReadAction","target":["https:\/\/gastronomicament.cat\/es\/restaurant\/restaurant-ramon-santpedor"]}]},{"@type":"ImageObject","inLanguage":"es","@id":"https:\/\/gastronomicament.cat\/es\/restaurant\/restaurant-ramon-santpedor#primaryimage","url":"https:\/\/gastronomicament.cat\/wp-content\/uploads\/2014\/02\/cache_84ramon_1_540x390.jpg","contentUrl":"https:\/\/gastronomicament.cat\/wp-content\/uploads\/2014\/02\/cache_84ramon_1_540x390.jpg","width":540,"height":390},{"@type":"BreadcrumbList","@id":"https:\/\/gastronomicament.cat\/es\/restaurant\/restaurant-ramon-santpedor#breadcrumb","itemListElement":[{"@type":"ListItem","position":1,"name":"Restaurants","item":"https:\/\/gastronomicament.cat\/es\/restaurants"},{"@type":"ListItem","position":2,"name":"Restaurant Ramon"}]},{"@type":"WebSite","@id":"https:\/\/gastronomicament.cat\/es\/#website","url":"https:\/\/gastronomicament.cat\/es\/","name":"Gastron\u00f2micament","description":"Portal de restaurants, receptes i actualitat gastron\u00f2mica","publisher":{"@id":"https:\/\/gastronomicament.cat\/es\/#organization"},"potentialAction":[{"@type":"SearchAction","target":{"@type":"EntryPoint","urlTemplate":"https:\/\/gastronomicament.cat\/es\/?s={search_term_string}"},"query-input":{"@type":"PropertyValueSpecification","valueRequired":true,"valueName":"search_term_string"}}],"inLanguage":"es"},{"@type":"Organization","@id":"https:\/\/gastronomicament.cat\/es\/#organization","name":"Gastron\u00f2micament","url":"https:\/\/gastronomicament.cat\/es\/","logo":{"@type":"ImageObject","inLanguage":"es","@id":"https:\/\/gastronomicament.cat\/es\/#\/schema\/logo\/image\/","url":"https:\/\/gastronomicament.cat\/wp-content\/uploads\/2016\/09\/header-logo.jpg","contentUrl":"https:\/\/gastronomicament.cat\/wp-content\/uploads\/2016\/09\/header-logo.jpg","width":277,"height":39,"caption":"Gastron\u00f2micament"},"image":{"@id":"https:\/\/gastronomicament.cat\/es\/#\/schema\/logo\/image\/"},"sameAs":["https:\/\/x.com\/gastronomicamen"]}]}},"_links":{"self":[{"href":"https:\/\/gastronomicament.cat\/es\/wp-json\/wp\/v2\/restaurant\/71704","targetHints":{"allow":["GET"]}}],"collection":[{"href":"https:\/\/gastronomicament.cat\/es\/wp-json\/wp\/v2\/restaurant"}],"about":[{"href":"https:\/\/gastronomicament.cat\/es\/wp-json\/wp\/v2\/types\/restaurant"}],"author":[{"embeddable":true,"href":"https:\/\/gastronomicament.cat\/es\/wp-json\/wp\/v2\/users\/81"}],"replies":[{"embeddable":true,"href":"https:\/\/gastronomicament.cat\/es\/wp-json\/wp\/v2\/comments?post=71704"}],"version-history":[{"count":0,"href":"https:\/\/gastronomicament.cat\/es\/wp-json\/wp\/v2\/restaurant\/71704\/revisions"}],"wp:featuredmedia":[{"embeddable":true,"href":"https:\/\/gastronomicament.cat\/es\/wp-json\/wp\/v2\/media\/37890"}],"wp:attachment":[{"href":"https:\/\/gastronomicament.cat\/es\/wp-json\/wp\/v2\/media?parent=71704"}],"wp:term":[{"taxonomy":"category","embeddable":true,"href":"https:\/\/gastronomicament.cat\/es\/wp-json\/wp\/v2\/categories?post=71704"},{"taxonomy":"destacatper","embeddable":true,"href":"https:\/\/gastronomicament.cat\/es\/wp-json\/wp\/v2\/destacatper?post=71704"},{"taxonomy":"especialitat","embeddable":true,"href":"https:\/\/gastronomicament.cat\/es\/wp-json\/wp\/v2\/especialitat?post=71704"},{"taxonomy":"localitat","embeddable":true,"href":"https:\/\/gastronomicament.cat\/es\/wp-json\/wp\/v2\/localitat?post=71704"},{"taxonomy":"author","embeddable":true,"href":"https:\/\/gastronomicament.cat\/es\/wp-json\/wp\/v2\/coauthors?post=71704"}],"curies":[{"name":"wp","href":"https:\/\/api.w.org\/{rel}","templated":true}]}}

<p>Xalet clàssic modern, familiar i molt acollidor, on els menjars són elaborats per la cinquena generació de cuiners.</p>
<h4>Plats característics del restaurant Ramon</h4>
<p>Canelons casolans a la Crema Gratinats.</p>
<p>Bacallà amb Tomàquet.</p>
<p>Cloïsses a la Marinera.<!--more--></p>

<p>Xalet clàssic modern, familiar i molt acollidor, on els menjars són elaborats per la cinquena generació de cuiners. Plats característics del restaurant Ramon Canelons casolans a la Crema Gratinats. Bacallà amb Tomàquet. Cloïsses a la Marinera.</p>

Camí de Juncadella, s/n, Carrer Camí de Juncadella, 08251 Santpedor, Barcelona

<!-- This site is optimized with the Yoast SEO plugin v27.4 - https://yoast.com/product/yoast-seo-wordpress/ -->
<title>Restaurant Ramon. Santpedor</title>
<meta name="description" content="Restaurant Ramon. Santpedor - Restaurante Ramon. Santpedor" />
<meta name="robots" content="index, follow, max-snippet:-1, max-image-preview:large, max-video-preview:-1" />
<link rel="canonical" href="https://gastronomicament.cat/es/restaurant/restaurant-ramon-santpedor" />
<meta property="og:locale" content="es_ES" />
<meta property="og:type" content="article" />
<meta property="og:title" content="Restaurant Ramon. Santpedor" />
<meta property="og:description" content="Restaurant Ramon. Santpedor - Restaurante Ramon. Santpedor" />
<meta property="og:url" content="https://gastronomicament.cat/es/restaurant/restaurant-ramon-santpedor" />
<meta property="og:site_name" content="Gastronòmicament" />
<meta property="article:modified_time" content="2023-10-05T08:38:56+00:00" />
<meta property="og:image" content="https://gastronomicament.cat/wp-content/uploads/2014/02/cache_84ramon_1_540x390.jpg" />
	<meta property="og:image:width" content="540" />
	<meta property="og:image:height" content="390" />
	<meta property="og:image:type" content="image/jpeg" />
<meta name="twitter:card" content="summary_large_image" />
<meta name="twitter:site" content="@gastronomicamen" />
<meta name="twitter:label1" content="Written by" />
	<meta name="twitter:data1" content="Fundació Institut Català de la Cuina i de la Cultura Gastronòmica" />
<script type="application/ld+json" class="yoast-schema-graph">{"@context":"https:\/\/schema.org","@graph":[{"@type":"WebPage","@id":"https:\/\/gastronomicament.cat\/es\/restaurant\/restaurant-ramon-santpedor","url":"https:\/\/gastronomicament.cat\/es\/restaurant\/restaurant-ramon-santpedor","name":"Restaurant Ramon. Santpedor","isPartOf":{"@id":"https:\/\/gastronomicament.cat\/es\/#website"},"primaryImageOfPage":{"@id":"https:\/\/gastronomicament.cat\/es\/restaurant\/restaurant-ramon-santpedor#primaryimage"},"image":{"@id":"https:\/\/gastronomicament.cat\/es\/restaurant\/restaurant-ramon-santpedor#primaryimage"},"thumbnailUrl":"https:\/\/gastronomicament.cat\/wp-content\/uploads\/2014\/02\/cache_84ramon_1_540x390.jpg","datePublished":"2014-03-11T00:03:46+00:00","dateModified":"2023-10-05T08:38:56+00:00","description":"Restaurant Ramon. Santpedor - Restaurante Ramon. Santpedor","breadcrumb":{"@id":"https:\/\/gastronomicament.cat\/es\/restaurant\/restaurant-ramon-santpedor#breadcrumb"},"inLanguage":"es","potentialAction":[{"@type":"ReadAction","target":["https:\/\/gastronomicament.cat\/es\/restaurant\/restaurant-ramon-santpedor"]}]},{"@type":"ImageObject","inLanguage":"es","@id":"https:\/\/gastronomicament.cat\/es\/restaurant\/restaurant-ramon-santpedor#primaryimage","url":"https:\/\/gastronomicament.cat\/wp-content\/uploads\/2014\/02\/cache_84ramon_1_540x390.jpg","contentUrl":"https:\/\/gastronomicament.cat\/wp-content\/uploads\/2014\/02\/cache_84ramon_1_540x390.jpg","width":540,"height":390},{"@type":"BreadcrumbList","@id":"https:\/\/gastronomicament.cat\/es\/restaurant\/restaurant-ramon-santpedor#breadcrumb","itemListElement":[{"@type":"ListItem","position":1,"name":"Restaurants","item":"https:\/\/gastronomicament.cat\/es\/restaurants"},{"@type":"ListItem","position":2,"name":"Restaurant Ramon"}]},{"@type":"WebSite","@id":"https:\/\/gastronomicament.cat\/es\/#website","url":"https:\/\/gastronomicament.cat\/es\/","name":"Gastronòmicament","description":"Portal de restaurants, receptes i actualitat gastronòmica","publisher":{"@id":"https:\/\/gastronomicament.cat\/es\/#organization"},"potentialAction":[{"@type":"SearchAction","target":{"@type":"EntryPoint","urlTemplate":"https:\/\/gastronomicament.cat\/es\/?s={search_term_string}"},"query-input":{"@type":"PropertyValueSpecification","valueRequired":true,"valueName":"search_term_string"}}],"inLanguage":"es"},{"@type":"Organization","@id":"https:\/\/gastronomicament.cat\/es\/#organization","name":"Gastronòmicament","url":"https:\/\/gastronomicament.cat\/es\/","logo":{"@type":"ImageObject","inLanguage":"es","@id":"https:\/\/gastronomicament.cat\/es\/#\/schema\/logo\/image\/","url":"https:\/\/gastronomicament.cat\/wp-content\/uploads\/2016\/09\/header-logo.jpg","contentUrl":"https:\/\/gastronomicament.cat\/wp-content\/uploads\/2016\/09\/header-logo.jpg","width":277,"height":39,"caption":"Gastronòmicament"},"image":{"@id":"https:\/\/gastronomicament.cat\/es\/#\/schema\/logo\/image\/"},"sameAs":["https:\/\/x.com\/gastronomicamen"]}]}</script>
<!-- / Yoast SEO plugin. -->

Gastronòmicament

Fundació Institut Català de la Cuina i de la Cultura Gastronòmica

Portal de restaurants, receptes i actualitat gastronòmica
