{"id":73552,"date":"2012-11-08T01:05:55","date_gmt":"2012-11-08T00:05:55","guid":{"rendered":"https:\/\/gastronomicament.cat\/restaurant\/restaurant-aqua-by-richard-nussel"},"modified":"2023-10-05T10:49:23","modified_gmt":"2023-10-05T08:49:23","slug":"restaurant-aqua-by-richard-nussel","status":"publish","type":"restaurant","link":"https:\/\/gastronomicament.cat\/es\/restaurant\/restaurant-aqua-by-richard-nussel","title":{"rendered":"Restaurant Aqua by Richard Nussel [TANCAT]"},"content":{"rendered":"<p style=\"text-align: center;\"><strong>[TANCAT]<\/strong><\/p>\n<p style=\"text-align: justify;\">Al restaurant Aqua de Ciutat Jard\u00ed, hi podeu tastar sorprenents i atrevides creacions culin\u00e0ries gr\u00e0cies al talent del xef alemany Richard Nussel. Hi v\u00e0rem tenir el plaer de tastar plats com la sopa fresca de cogombre amb llam\u00e0ntol, els molls amb rissotto negre de xampany amb fonoll i tom\u00e0tiga i les textures de colflori amb tallades de carn de vedella en salsa Madeira.<\/p>\n<p style=\"text-align: justify;\">Cal destacar l&#8217;excel\u00b7lent ubicaci\u00f3, a primera l\u00ednia de la mar, i el bon servei que el caracteritza.<\/p>\n<p><!--more--><\/p>\n","protected":false},"excerpt":{"rendered":"<p>[TANCAT] Al restaurant Aqua de Ciutat Jard\u00ed, hi podeu tastar sorprenents i atrevides creacions culin\u00e0ries gr\u00e0cies al talent del xef alemany Richard Nussel. Hi v\u00e0rem tenir el plaer de tastar plats com la sopa fresca de cogombre amb llam\u00e0ntol, els molls amb rissotto negre de xampany amb fonoll i tom\u00e0tiga i les textures de colflori [&hellip;]<\/p>\n","protected":false},"author":1,"featured_media":36218,"menu_order":0,"comment_status":"open","ping_status":"closed","template":"","format":"gallery","meta":{"_acf_changed":false,"_swt_meta_header_display":false,"_swt_meta_footer_display":false,"_swt_meta_site_title_display":false,"_swt_meta_sticky_header":false,"_swt_meta_transparent_header":false,"direccio":"Carrer Illa de Rodes, 24. Ciutat Jard\u00ed. Palma","telefon":"","web":"http:\/\/www.richardnussel.com\/restaurants\/restaurant-aqua\/","horari":"[:ca]Dimarts tancat[:en]Closed on Tuesday","preumitja":"30-50 euros","observacions":"","footnotes":""},"categories":[999,1446],"destacatper":[],"especialitat":[],"localitat":[],"coauthors":[],"class_list":["post-73552","restaurant","type-restaurant","status-publish","format-gallery","has-post-thumbnail","hentry","category-restaurants-es","category-tancat-es"],"acf":{"gallery":null,"home_date":{"home_begin_date":null,"home_end_date":null}},"yoast_head":"<!-- This site is optimized with the Yoast SEO plugin v27.4 - https:\/\/yoast.com\/product\/yoast-seo-wordpress\/ -->\n<title>Restaurant Aqua by Richard Nussel. Ciutat Jard\u00ed. Palma<\/title>\n<meta name=\"description\" content=\"Restaurant Aqua by Richard Nussel. Ciutat Jard\u00ed. Palma\" \/>\n<meta name=\"robots\" content=\"index, follow, max-snippet:-1, max-image-preview:large, max-video-preview:-1\" \/>\n<link rel=\"canonical\" href=\"https:\/\/gastronomicament.cat\/es\/restaurant\/restaurant-aqua-by-richard-nussel\" \/>\n<meta property=\"og:locale\" content=\"es_ES\" \/>\n<meta property=\"og:type\" content=\"article\" \/>\n<meta property=\"og:title\" content=\"Restaurant Aqua by Richard Nussel. Ciutat Jard\u00ed. Palma\" \/>\n<meta property=\"og:description\" content=\"Restaurant Aqua by Richard Nussel. Ciutat Jard\u00ed. Palma\" \/>\n<meta property=\"og:url\" content=\"https:\/\/gastronomicament.cat\/es\/restaurant\/restaurant-aqua-by-richard-nussel\" \/>\n<meta property=\"og:site_name\" content=\"Gastron\u00f2micament\" \/>\n<meta property=\"article:modified_time\" content=\"2023-10-05T08:49:23+00:00\" \/>\n<meta property=\"og:image\" content=\"https:\/\/gastronomicament.cat\/wp-content\/uploads\/2012\/11\/Per-compartir-ho-tot-davant-la-mar.jpg\" \/>\n\t<meta property=\"og:image:width\" content=\"940\" \/>\n\t<meta property=\"og:image:height\" content=\"412\" \/>\n\t<meta property=\"og:image:type\" content=\"image\/jpeg\" \/>\n<meta name=\"twitter:card\" content=\"summary_large_image\" \/>\n<meta name=\"twitter:site\" content=\"@gastronomicamen\" \/>\n<meta name=\"twitter:label1\" content=\"Written by\" \/>\n\t<meta name=\"twitter:data1\" content=\"Redacci\u00f3\" \/>\n<script type=\"application\/ld+json\" class=\"yoast-schema-graph\">{\"@context\":\"https:\\\/\\\/schema.org\",\"@graph\":[{\"@type\":\"WebPage\",\"@id\":\"https:\\\/\\\/gastronomicament.cat\\\/es\\\/restaurant\\\/restaurant-aqua-by-richard-nussel\",\"url\":\"https:\\\/\\\/gastronomicament.cat\\\/es\\\/restaurant\\\/restaurant-aqua-by-richard-nussel\",\"name\":\"Restaurant Aqua by Richard Nussel. Ciutat Jard\u00ed. Palma\",\"isPartOf\":{\"@id\":\"https:\\\/\\\/gastronomicament.cat\\\/es\\\/#website\"},\"primaryImageOfPage\":{\"@id\":\"https:\\\/\\\/gastronomicament.cat\\\/es\\\/restaurant\\\/restaurant-aqua-by-richard-nussel#primaryimage\"},\"image\":{\"@id\":\"https:\\\/\\\/gastronomicament.cat\\\/es\\\/restaurant\\\/restaurant-aqua-by-richard-nussel#primaryimage\"},\"thumbnailUrl\":\"https:\\\/\\\/gastronomicament.cat\\\/wp-content\\\/uploads\\\/2012\\\/11\\\/Per-compartir-ho-tot-davant-la-mar.jpg\",\"datePublished\":\"2012-11-08T00:05:55+00:00\",\"dateModified\":\"2023-10-05T08:49:23+00:00\",\"description\":\"Restaurant Aqua by Richard Nussel. Ciutat Jard\u00ed. Palma\",\"breadcrumb\":{\"@id\":\"https:\\\/\\\/gastronomicament.cat\\\/es\\\/restaurant\\\/restaurant-aqua-by-richard-nussel#breadcrumb\"},\"inLanguage\":\"es\",\"potentialAction\":[{\"@type\":\"ReadAction\",\"target\":[\"https:\\\/\\\/gastronomicament.cat\\\/es\\\/restaurant\\\/restaurant-aqua-by-richard-nussel\"]}]},{\"@type\":\"ImageObject\",\"inLanguage\":\"es\",\"@id\":\"https:\\\/\\\/gastronomicament.cat\\\/es\\\/restaurant\\\/restaurant-aqua-by-richard-nussel#primaryimage\",\"url\":\"https:\\\/\\\/gastronomicament.cat\\\/wp-content\\\/uploads\\\/2012\\\/11\\\/Per-compartir-ho-tot-davant-la-mar.jpg\",\"contentUrl\":\"https:\\\/\\\/gastronomicament.cat\\\/wp-content\\\/uploads\\\/2012\\\/11\\\/Per-compartir-ho-tot-davant-la-mar.jpg\",\"width\":940,\"height\":412},{\"@type\":\"BreadcrumbList\",\"@id\":\"https:\\\/\\\/gastronomicament.cat\\\/es\\\/restaurant\\\/restaurant-aqua-by-richard-nussel#breadcrumb\",\"itemListElement\":[{\"@type\":\"ListItem\",\"position\":1,\"name\":\"Restaurants\",\"item\":\"https:\\\/\\\/gastronomicament.cat\\\/es\\\/restaurants\"},{\"@type\":\"ListItem\",\"position\":2,\"name\":\"Restaurant Aqua by Richard Nussel [TANCAT]\"}]},{\"@type\":\"WebSite\",\"@id\":\"https:\\\/\\\/gastronomicament.cat\\\/es\\\/#website\",\"url\":\"https:\\\/\\\/gastronomicament.cat\\\/es\\\/\",\"name\":\"Gastron\u00f2micament\",\"description\":\"Portal de restaurants, receptes i actualitat gastron\u00f2mica\",\"publisher\":{\"@id\":\"https:\\\/\\\/gastronomicament.cat\\\/es\\\/#organization\"},\"potentialAction\":[{\"@type\":\"SearchAction\",\"target\":{\"@type\":\"EntryPoint\",\"urlTemplate\":\"https:\\\/\\\/gastronomicament.cat\\\/es\\\/?s={search_term_string}\"},\"query-input\":{\"@type\":\"PropertyValueSpecification\",\"valueRequired\":true,\"valueName\":\"search_term_string\"}}],\"inLanguage\":\"es\"},{\"@type\":\"Organization\",\"@id\":\"https:\\\/\\\/gastronomicament.cat\\\/es\\\/#organization\",\"name\":\"Gastron\u00f2micament\",\"url\":\"https:\\\/\\\/gastronomicament.cat\\\/es\\\/\",\"logo\":{\"@type\":\"ImageObject\",\"inLanguage\":\"es\",\"@id\":\"https:\\\/\\\/gastronomicament.cat\\\/es\\\/#\\\/schema\\\/logo\\\/image\\\/\",\"url\":\"https:\\\/\\\/gastronomicament.cat\\\/wp-content\\\/uploads\\\/2016\\\/09\\\/header-logo.jpg\",\"contentUrl\":\"https:\\\/\\\/gastronomicament.cat\\\/wp-content\\\/uploads\\\/2016\\\/09\\\/header-logo.jpg\",\"width\":277,\"height\":39,\"caption\":\"Gastron\u00f2micament\"},\"image\":{\"@id\":\"https:\\\/\\\/gastronomicament.cat\\\/es\\\/#\\\/schema\\\/logo\\\/image\\\/\"},\"sameAs\":[\"https:\\\/\\\/x.com\\\/gastronomicamen\"]}]}<\/script>\n<!-- \/ Yoast SEO plugin. -->","yoast_head_json":{"title":"Restaurant Aqua by Richard Nussel. Ciutat Jard\u00ed. Palma","description":"Restaurant Aqua by Richard Nussel. Ciutat Jard\u00ed. Palma","robots":{"index":"index","follow":"follow","max-snippet":"max-snippet:-1","max-image-preview":"max-image-preview:large","max-video-preview":"max-video-preview:-1"},"canonical":"https:\/\/gastronomicament.cat\/es\/restaurant\/restaurant-aqua-by-richard-nussel","og_locale":"es_ES","og_type":"article","og_title":"Restaurant Aqua by Richard Nussel. Ciutat Jard\u00ed. Palma","og_description":"Restaurant Aqua by Richard Nussel. Ciutat Jard\u00ed. Palma","og_url":"https:\/\/gastronomicament.cat\/es\/restaurant\/restaurant-aqua-by-richard-nussel","og_site_name":"Gastron\u00f2micament","article_modified_time":"2023-10-05T08:49:23+00:00","og_image":[{"width":940,"height":412,"url":"https:\/\/gastronomicament.cat\/wp-content\/uploads\/2012\/11\/Per-compartir-ho-tot-davant-la-mar.jpg","type":"image\/jpeg"}],"twitter_card":"summary_large_image","twitter_site":"@gastronomicamen","twitter_misc":{"Written by":"Redacci\u00f3"},"schema":{"@context":"https:\/\/schema.org","@graph":[{"@type":"WebPage","@id":"https:\/\/gastronomicament.cat\/es\/restaurant\/restaurant-aqua-by-richard-nussel","url":"https:\/\/gastronomicament.cat\/es\/restaurant\/restaurant-aqua-by-richard-nussel","name":"Restaurant Aqua by Richard Nussel. Ciutat Jard\u00ed. Palma","isPartOf":{"@id":"https:\/\/gastronomicament.cat\/es\/#website"},"primaryImageOfPage":{"@id":"https:\/\/gastronomicament.cat\/es\/restaurant\/restaurant-aqua-by-richard-nussel#primaryimage"},"image":{"@id":"https:\/\/gastronomicament.cat\/es\/restaurant\/restaurant-aqua-by-richard-nussel#primaryimage"},"thumbnailUrl":"https:\/\/gastronomicament.cat\/wp-content\/uploads\/2012\/11\/Per-compartir-ho-tot-davant-la-mar.jpg","datePublished":"2012-11-08T00:05:55+00:00","dateModified":"2023-10-05T08:49:23+00:00","description":"Restaurant Aqua by Richard Nussel. Ciutat Jard\u00ed. Palma","breadcrumb":{"@id":"https:\/\/gastronomicament.cat\/es\/restaurant\/restaurant-aqua-by-richard-nussel#breadcrumb"},"inLanguage":"es","potentialAction":[{"@type":"ReadAction","target":["https:\/\/gastronomicament.cat\/es\/restaurant\/restaurant-aqua-by-richard-nussel"]}]},{"@type":"ImageObject","inLanguage":"es","@id":"https:\/\/gastronomicament.cat\/es\/restaurant\/restaurant-aqua-by-richard-nussel#primaryimage","url":"https:\/\/gastronomicament.cat\/wp-content\/uploads\/2012\/11\/Per-compartir-ho-tot-davant-la-mar.jpg","contentUrl":"https:\/\/gastronomicament.cat\/wp-content\/uploads\/2012\/11\/Per-compartir-ho-tot-davant-la-mar.jpg","width":940,"height":412},{"@type":"BreadcrumbList","@id":"https:\/\/gastronomicament.cat\/es\/restaurant\/restaurant-aqua-by-richard-nussel#breadcrumb","itemListElement":[{"@type":"ListItem","position":1,"name":"Restaurants","item":"https:\/\/gastronomicament.cat\/es\/restaurants"},{"@type":"ListItem","position":2,"name":"Restaurant Aqua by Richard Nussel [TANCAT]"}]},{"@type":"WebSite","@id":"https:\/\/gastronomicament.cat\/es\/#website","url":"https:\/\/gastronomicament.cat\/es\/","name":"Gastron\u00f2micament","description":"Portal de restaurants, receptes i actualitat gastron\u00f2mica","publisher":{"@id":"https:\/\/gastronomicament.cat\/es\/#organization"},"potentialAction":[{"@type":"SearchAction","target":{"@type":"EntryPoint","urlTemplate":"https:\/\/gastronomicament.cat\/es\/?s={search_term_string}"},"query-input":{"@type":"PropertyValueSpecification","valueRequired":true,"valueName":"search_term_string"}}],"inLanguage":"es"},{"@type":"Organization","@id":"https:\/\/gastronomicament.cat\/es\/#organization","name":"Gastron\u00f2micament","url":"https:\/\/gastronomicament.cat\/es\/","logo":{"@type":"ImageObject","inLanguage":"es","@id":"https:\/\/gastronomicament.cat\/es\/#\/schema\/logo\/image\/","url":"https:\/\/gastronomicament.cat\/wp-content\/uploads\/2016\/09\/header-logo.jpg","contentUrl":"https:\/\/gastronomicament.cat\/wp-content\/uploads\/2016\/09\/header-logo.jpg","width":277,"height":39,"caption":"Gastron\u00f2micament"},"image":{"@id":"https:\/\/gastronomicament.cat\/es\/#\/schema\/logo\/image\/"},"sameAs":["https:\/\/x.com\/gastronomicamen"]}]}},"_links":{"self":[{"href":"https:\/\/gastronomicament.cat\/es\/wp-json\/wp\/v2\/restaurant\/73552","targetHints":{"allow":["GET"]}}],"collection":[{"href":"https:\/\/gastronomicament.cat\/es\/wp-json\/wp\/v2\/restaurant"}],"about":[{"href":"https:\/\/gastronomicament.cat\/es\/wp-json\/wp\/v2\/types\/restaurant"}],"author":[{"embeddable":true,"href":"https:\/\/gastronomicament.cat\/es\/wp-json\/wp\/v2\/users\/1"}],"replies":[{"embeddable":true,"href":"https:\/\/gastronomicament.cat\/es\/wp-json\/wp\/v2\/comments?post=73552"}],"version-history":[{"count":0,"href":"https:\/\/gastronomicament.cat\/es\/wp-json\/wp\/v2\/restaurant\/73552\/revisions"}],"wp:featuredmedia":[{"embeddable":true,"href":"https:\/\/gastronomicament.cat\/es\/wp-json\/wp\/v2\/media\/36218"}],"wp:attachment":[{"href":"https:\/\/gastronomicament.cat\/es\/wp-json\/wp\/v2\/media?parent=73552"}],"wp:term":[{"taxonomy":"category","embeddable":true,"href":"https:\/\/gastronomicament.cat\/es\/wp-json\/wp\/v2\/categories?post=73552"},{"taxonomy":"destacatper","embeddable":true,"href":"https:\/\/gastronomicament.cat\/es\/wp-json\/wp\/v2\/destacatper?post=73552"},{"taxonomy":"especialitat","embeddable":true,"href":"https:\/\/gastronomicament.cat\/es\/wp-json\/wp\/v2\/especialitat?post=73552"},{"taxonomy":"localitat","embeddable":true,"href":"https:\/\/gastronomicament.cat\/es\/wp-json\/wp\/v2\/localitat?post=73552"},{"taxonomy":"author","embeddable":true,"href":"https:\/\/gastronomicament.cat\/es\/wp-json\/wp\/v2\/coauthors?post=73552"}],"curies":[{"name":"wp","href":"https:\/\/api.w.org\/{rel}","templated":true}]}}

<p style="text-align: center;"><strong>[TANCAT]</strong></p>
<p style="text-align: justify;">Al restaurant Aqua de Ciutat Jardí, hi podeu tastar sorprenents i atrevides creacions culinàries gràcies al talent del xef alemany Richard Nussel. Hi vàrem tenir el plaer de tastar plats com la sopa fresca de cogombre amb llamàntol, els molls amb rissotto negre de xampany amb fonoll i tomàtiga i les textures de colflori amb tallades de carn de vedella en salsa Madeira.</p>
<p style="text-align: justify;">Cal destacar l&#8217;excel·lent ubicació, a primera línia de la mar, i el bon servei que el caracteritza.</p>
<p><!--more--></p>

<p>[TANCAT] Al restaurant Aqua de Ciutat Jardí, hi podeu tastar sorprenents i atrevides creacions culinàries gràcies al talent del xef alemany Richard Nussel. Hi vàrem tenir el plaer de tastar plats com la sopa fresca de cogombre amb llamàntol, els molls amb rissotto negre de xampany amb fonoll i tomàtiga i les textures de colflori [&hellip;]</p>

Carrer Illa de Rodes, 24. Ciutat Jardí. Palma

<!-- This site is optimized with the Yoast SEO plugin v27.4 - https://yoast.com/product/yoast-seo-wordpress/ -->
<title>Restaurant Aqua by Richard Nussel. Ciutat Jardí. Palma</title>
<meta name="description" content="Restaurant Aqua by Richard Nussel. Ciutat Jardí. Palma" />
<meta name="robots" content="index, follow, max-snippet:-1, max-image-preview:large, max-video-preview:-1" />
<link rel="canonical" href="https://gastronomicament.cat/es/restaurant/restaurant-aqua-by-richard-nussel" />
<meta property="og:locale" content="es_ES" />
<meta property="og:type" content="article" />
<meta property="og:title" content="Restaurant Aqua by Richard Nussel. Ciutat Jardí. Palma" />
<meta property="og:description" content="Restaurant Aqua by Richard Nussel. Ciutat Jardí. Palma" />
<meta property="og:url" content="https://gastronomicament.cat/es/restaurant/restaurant-aqua-by-richard-nussel" />
<meta property="og:site_name" content="Gastronòmicament" />
<meta property="article:modified_time" content="2023-10-05T08:49:23+00:00" />
<meta property="og:image" content="https://gastronomicament.cat/wp-content/uploads/2012/11/Per-compartir-ho-tot-davant-la-mar.jpg" />
	<meta property="og:image:width" content="940" />
	<meta property="og:image:height" content="412" />
	<meta property="og:image:type" content="image/jpeg" />
<meta name="twitter:card" content="summary_large_image" />
<meta name="twitter:site" content="@gastronomicamen" />
<meta name="twitter:label1" content="Written by" />
	<meta name="twitter:data1" content="Redacció" />
<script type="application/ld+json" class="yoast-schema-graph">{"@context":"https:\/\/schema.org","@graph":[{"@type":"WebPage","@id":"https:\/\/gastronomicament.cat\/es\/restaurant\/restaurant-aqua-by-richard-nussel","url":"https:\/\/gastronomicament.cat\/es\/restaurant\/restaurant-aqua-by-richard-nussel","name":"Restaurant Aqua by Richard Nussel. Ciutat Jardí. Palma","isPartOf":{"@id":"https:\/\/gastronomicament.cat\/es\/#website"},"primaryImageOfPage":{"@id":"https:\/\/gastronomicament.cat\/es\/restaurant\/restaurant-aqua-by-richard-nussel#primaryimage"},"image":{"@id":"https:\/\/gastronomicament.cat\/es\/restaurant\/restaurant-aqua-by-richard-nussel#primaryimage"},"thumbnailUrl":"https:\/\/gastronomicament.cat\/wp-content\/uploads\/2012\/11\/Per-compartir-ho-tot-davant-la-mar.jpg","datePublished":"2012-11-08T00:05:55+00:00","dateModified":"2023-10-05T08:49:23+00:00","description":"Restaurant Aqua by Richard Nussel. Ciutat Jardí. Palma","breadcrumb":{"@id":"https:\/\/gastronomicament.cat\/es\/restaurant\/restaurant-aqua-by-richard-nussel#breadcrumb"},"inLanguage":"es","potentialAction":[{"@type":"ReadAction","target":["https:\/\/gastronomicament.cat\/es\/restaurant\/restaurant-aqua-by-richard-nussel"]}]},{"@type":"ImageObject","inLanguage":"es","@id":"https:\/\/gastronomicament.cat\/es\/restaurant\/restaurant-aqua-by-richard-nussel#primaryimage","url":"https:\/\/gastronomicament.cat\/wp-content\/uploads\/2012\/11\/Per-compartir-ho-tot-davant-la-mar.jpg","contentUrl":"https:\/\/gastronomicament.cat\/wp-content\/uploads\/2012\/11\/Per-compartir-ho-tot-davant-la-mar.jpg","width":940,"height":412},{"@type":"BreadcrumbList","@id":"https:\/\/gastronomicament.cat\/es\/restaurant\/restaurant-aqua-by-richard-nussel#breadcrumb","itemListElement":[{"@type":"ListItem","position":1,"name":"Restaurants","item":"https:\/\/gastronomicament.cat\/es\/restaurants"},{"@type":"ListItem","position":2,"name":"Restaurant Aqua by Richard Nussel [TANCAT]"}]},{"@type":"WebSite","@id":"https:\/\/gastronomicament.cat\/es\/#website","url":"https:\/\/gastronomicament.cat\/es\/","name":"Gastronòmicament","description":"Portal de restaurants, receptes i actualitat gastronòmica","publisher":{"@id":"https:\/\/gastronomicament.cat\/es\/#organization"},"potentialAction":[{"@type":"SearchAction","target":{"@type":"EntryPoint","urlTemplate":"https:\/\/gastronomicament.cat\/es\/?s={search_term_string}"},"query-input":{"@type":"PropertyValueSpecification","valueRequired":true,"valueName":"search_term_string"}}],"inLanguage":"es"},{"@type":"Organization","@id":"https:\/\/gastronomicament.cat\/es\/#organization","name":"Gastronòmicament","url":"https:\/\/gastronomicament.cat\/es\/","logo":{"@type":"ImageObject","inLanguage":"es","@id":"https:\/\/gastronomicament.cat\/es\/#\/schema\/logo\/image\/","url":"https:\/\/gastronomicament.cat\/wp-content\/uploads\/2016\/09\/header-logo.jpg","contentUrl":"https:\/\/gastronomicament.cat\/wp-content\/uploads\/2016\/09\/header-logo.jpg","width":277,"height":39,"caption":"Gastronòmicament"},"image":{"@id":"https:\/\/gastronomicament.cat\/es\/#\/schema\/logo\/image\/"},"sameAs":["https:\/\/x.com\/gastronomicamen"]}]}</script>
<!-- / Yoast SEO plugin. -->

Restaurant Aqua by Richard Nussel. Ciutat Jardí. Palma

Gastronòmicament

Redacció

Portal de restaurants, receptes i actualitat gastronòmica
